-- Table structure for table `query_participants`
--

CREATE TABLE `query_participants` (
  `query_id` bigint(20) NOT NULL,
  `user_id` bigint(20) NOT NULL
) ENGINE=MyISAM DEFAULT CHARSET=utf8 COLLATE=utf8_general_ci;

--
-- Dumping data for table `query_participants`
--

INSERT INTO `query_participants` (`query_id`, `user_id`) VALUES
(1, 1),
(11, 22),
(13, 24),
(15, 18),
(17, 37),
(18, 36),
(19, 6),
(20, 6),
(21, 6),
(21, 37),
(22, 6),
(23, 6),
(23, 18),
(39, 17),
(48, 50),
(49, 1),
(49, 50),
(50, 53),
(54, 55),
(55, 56),
(56, 57),
(57, 58),
(58, 59),
(59, 60),
(61, 56),
(62, 60),
(63, 61),
(67, 64),
(68, 9),
(68, 24),
(69, 9),
(69, 24),
(70, 70),
(71, 9),
(71, 24),
(72, 72),
(73, 73),
(74, 74),
(75, 75),
(77, 77),
(79, 61),
(79, 78),
(80, 57),
(80, 78),
(81, 59),
(81, 78),
(82, 58),
(82, 78),
(83, 61),
(83, 78),
(84, 59),
(84, 78),
(85, 58),
(85, 78),
(86, 61),
(86, 78),
(90, 81),
(91, 81),
(93, 84),
(94, 22),
(95, 22),
(97, 10),
(97, 90),
(98, 10),
(98, 25),
(100, 9),
(100, 24),
(101, 92),
(102, 9),
(102, 24),
(103, 1),
(103, 92),
(104, 11),
(105, 11),
(106, 11),
(107, 11),
(108, 11),
(109, 11),
(110, 11),
(111, 11),
(111, 59),
(111, 61),
(113, 11),
(113, 56),
(113, 57),
(114, 11),
(114, 56),
(114, 61),
(115, 11),
(116, 11),
(116, 56),
(117, 11),
(118, 11),
(118, 61),
(119, 11),
(119, 57),
(120, 11),
(120, 96),
(121, 11),
(121, 97),
(122, 11),
(123, 11),
(123, 61),
(124, 11),
(124, 61),
(125, 11),
(126, 78),
(126, 98),
(127, 79),
(128, 78),
(128, 96),
(129, 61),
(129, 100),
(130, 11),
(130, 96),
(131, 11),
(131, 61),
(132, 11),
(133, 11),
(133, 61),
(134, 37),
(137, 10),
(138, 11),
(138, 96),
(139, 1),
(139, 2),
(140, 1),
(140, 104),
(141, 109),
(142, 10),
(142, 112),
(143, 10),
(144, 10),
(146, 11),
(146, 57),
(147, 11),
(148, 11),
(148, 57),
(149, 11),
(151, 11),
(152, 11),
(152, 52),
(153, 11),
(153, 96),
(154, 100),
(155, 78),
(155, 98),
(156, 11),
(156, 98),
(157, 11),
(158, 11),
(158, 57),
(158, 75),
(158, 102),
(160, 11),
(160, 27),
(160, 60),
(161, 11),
(161, 58),
(162, 11),
(163, 11),
(163, 96),
(164, 11),
(164, 74),
(165, 11),
(165, 97),
(166, 11),
(166, 97),
(167, 11),
(168, 11),
(168, 97),
(169, 11),
(169, 98),
(170, 11),
(171, 11),
(172, 84),
(173, 84),
(177, 9),
(177, 24),
(178, 9),
(178, 24),
(179, 9),
(179, 24),
(184, 1),
(185, 93),
(186, 1),
(186, 3),
(188, 17),
(189, 1),
(189, 2),
(190, 64),
(193, 127),
(194, 128),
(195, 1),
(195, 2),
(197, 1),
(197, 6),
(198, 1),
(198, 2),
(199, 1),
(199, 2),
(200, 136),
(205, 93),
(206, 1),
(206, 131),
(208, 133),
(209, 140),
(210, 143),
(212, 144),
(215, 150),
(217, 154),
(220, 158),
(222, 10),
(222, 159),
(225, 153),
(226, 10),
(226, 22),
(227, 10),
(227, 22),
(228, 10),
(228, 22),
(229, 10),
(229, 116),
(230, 10),
(231, 10),
(231, 116),
(233, 10),
(233, 116),
(234, 22),
(236, 10),
(236, 22),
(237, 10),
(237, 116),
(238, 10),
(238, 116),
(239, 10),
(239, 153),
(240, 93),
(243, 10),
(243, 153),
(244, 10),
(244, 153),
(245, 10),
(245, 155),
(246, 10),
(246, 155),
(247, 10),
(247, 155),
(248, 10),
(248, 159),
(249, 10),
(249, 159),
(250, 10),
(250, 159),
(251, 10),
(251, 93),
(252, 10),
(252, 93),
(253, 10),
(253, 93),
(254, 10),
(254, 84),
(255, 10),
(255, 84),
(256, 10),
(256, 84),
(261, 10),
(261, 84),
(262, 10),
(262, 84),
(263, 10),
(263, 84),
(264, 10),
(264, 106),
(265, 10),
(265, 106),
(266, 10),
(266, 168),
(267, 10),
(267, 168),
(268, 10),
(268, 168),
(269, 10),
(269, 140),
(270, 10),
(270, 140),
(271, 10),
(271, 140),
(272, 1),
(272, 173),
(273, 125),
(274, 10),
(274, 175),
(275, 10),
(275, 175),
(276, 10),
(276, 175),
(277, 10),
(277, 177),
(278, 10),
(278, 177),
(279, 10),
(279, 177),
(280, 93),
(281, 143),
(282, 9),
(282, 24),
(283, 18),
(284, 186),
(285, 186),
(287, 116),
(288, 116),
(291, 202),
(295, 213),
(298, 93),
(299, 216),
(300, 217),
(301, 1),
(301, 2),
(303, 1),
(303, 6),
(304, 1),
(304, 2),
(306, 224),
(307, 53),
(308, 1),
(308, 6),
(309, 234),
(310, 235),
(311, 1),
(311, 3),
(312, 1),
(312, 3),
(313, 1),
(313, 3),
(314, 1),
(314, 6),
(315, 1),
(315, 2),
(316, 1),
(316, 3),
(320, 240),
(324, 241),
(325, 242),
(326, 93),
(327, 247),
(335, 10),
(336, 10),
(337, 1),
(337, 3),
(338, 10),
(338, 194),
(340, 10),
(340, 186),
(341, 253),
(342, 1),
(342, 2),
(343, 246),
(345, 50),
(346, 1),
(346, 6),
(351, 11),
(351, 27),
(352, 98),
(352, 228),
(353, 11),
(353, 98),
(354, 59),
(354, 228),
(355, 11),
(355, 59),
(356, 11),
(356, 59),
(356, 103),
(357, 97),
(357, 228),
(359, 93),
(361, 11),
(361, 93),
(362, 277),
(363, 1),
(363, 3),
(365, 18),
(373, 1),
(373, 3),
(379, 313),
(385, 326),
(387, 326),
(388, 209),
(394, 354),
(403, 1),
(403, 345),
(405, 1),
(405, 335),
(408, 1),
(408, 2),
(409, 1),
(409, 2),
(410, 11),
(410, 97),
(411, 11),
(412, 343),
(414, 303),
(420, 374),
(423, 6),
(430, 393),
(432, 6),
(432, 394),
(438, 399),
(439, 385),
(440, 1),
(440, 6),
(441, 1),
(441, 6),
(443, 1),
(443, 6),
(444, 1),
(444, 6),
(446, 1),
(446, 6),
(447, 1),
(447, 6),
(448, 1),
(448, 6),
(449, 1),
(449, 6),
(450, 1),
(450, 6),
(452, 1),
(452, 6),
(453, 422),
(454, 425),
(455, 1),
(455, 6),
(456, 1),
(456, 6),
(457, 125),
(458, 1),
(458, 6),
(460, 1),
(460, 6),
(461, 1),
(461, 420),
(462, 1),
(462, 6),
(463, 1),
(463, 6),
(464, 1),
(464, 6),
(465, 1),
(465, 6),
(466, 1),
(466, 6),
(467, 1),
(467, 6),
(468, 1),
(468, 6),
(469, 1),
(469, 6),
(472, 452),
(473, 453),
(474, 10),
(474, 113),
(475, 10),
(477, 10),
(477, 113),
(480, 10),
(481, 10),
(483, 10),
(484, 460),
(485, 466),
(486, 467),
(487, 10),
(487, 466),
(488, 10),
(488, 466),
(489, 10),
(489, 466),
(490, 10),
(490, 273),
(491, 10),
(491, 273),
(492, 10),
(492, 273),
(493, 10),
(493, 273),
(494, 10),
(494, 275),
(495, 10),
(495, 275),
(496, 10),
(496, 275),
(497, 10),
(497, 283),
(498, 10),
(498, 283),
(499, 10),
(499, 283),
(500, 10),
(500, 283),
(501, 10),
(501, 284),
(502, 10),
(502, 284),
(503, 10),
(503, 284),
(504, 10),
(504, 284),
(505, 10),
(505, 313),
(506, 10),
(506, 313),
(507, 10),
(507, 313),
(508, 10),
(508, 313),
(509, 10),
(509, 389),
(510, 10),
(510, 389),
(511, 10),
(511, 389),
(512, 10),
(512, 389),
(513, 10),
(513, 390),
(514, 10),
(514, 390),
(515, 10),
(515, 392),
(516, 10),
(516, 392),
(517, 10),
(517, 392),
(518, 10),
(518, 392),
(519, 10),
(519, 393),
(520, 10),
(520, 393),
(521, 10),
(521, 393),
(522, 10),
(522, 393),
(523, 10),
(523, 454),
(524, 10),
(524, 454),
(525, 10),
(525, 454),
(526, 10),
(526, 454),
(527, 10),
(527, 457),
(528, 10),
(528, 457),
(529, 10),
(529, 457),
(530, 10),
(530, 457),
(531, 93),
(533, 10),
(533, 470),
(534, 10),
(534, 470),
(535, 10),
(535, 470),
(536, 10),
(536, 470),
(537, 10),
(537, 471),
(538, 10),
(538, 471),
(539, 10),
(539, 471),
(540, 10),
(540, 471),
(541, 10),
(541, 472),
(542, 10),
(542, 472),
(543, 10),
(543, 472),
(544, 10),
(544, 472),
(545, 10),
(545, 473),
(546, 10),
(546, 473),
(547, 10),
(547, 473),
(548, 10),
(548, 473),
(549, 10),
(549, 474),
(550, 10),
(550, 474),
(551, 10),
(551, 474),
(552, 10),
(552, 474),
(553, 10),
(553, 475),
(554, 10),
(554, 475),
(555, 10),
(555, 475),
(556, 10),
(556, 475),
(557, 10),
(557, 93),
(558, 10),
(558, 93),
(559, 10),
(559, 93),
(560, 10),
(560, 93),
(561, 469),
(562, 143),
(563, 10),
(563, 143),
(564, 10),
(564, 143),
(565, 10),
(565, 143),
(566, 10),
(566, 143),
(567, 10),
(567, 483),
(568, 10),
(568, 483),
(569, 10),
(569, 483),
(570, 10),
(570, 483),
(571, 488),
(572, 492),
(573, 469),
(574, 495),
(575, 496),
(576, 499),
(577, 503),
(580, 507),
(581, 1),
(581, 6),
(582, 1),
(582, 6),
(583, 1),
(583, 6),
(584, 1),
(584, 6),
(585, 1),
(585, 6),
(586, 1),
(586, 6),
(587, 1),
(587, 6),
(588, 1),
(588, 6),
(589, 1),
(589, 6),
(590, 1),
(590, 6),
(591, 1),
(591, 6),
(593, 1),
(593, 6),
(594, 1),
(594, 6),
(595, 1),
(595, 6),
(596, 1),
(596, 6),
(597, 521),
(598, 11),
(598, 59),
(598, 246),
(599, 96),
(599, 228),
(600, 57),
(600, 228),
(601, 59),
(601, 228),
(602, 61),
(602, 228),
(603, 27),
(603, 96),
(604, 96),
(604, 335),
(605, 57),
(605, 79),
(606, 57),
(606, 372),
(607, 98),
(607, 125),
(608, 59),
(608, 103),
(609, 59),
(609, 463),
(610, 61),
(610, 102),
(611, 61),
(611, 465),
(612, 57),
(612, 228),
(613, 98),
(613, 228),
(614, 96),
(614, 228),
(615, 1),
(615, 6),
(616, 1),
(616, 6),
(617, 1),
(617, 6),
(617, 523),
(618, 1),
(618, 6),
(619, 1),
(619, 6),
(620, 1),
(620, 6),
(622, 1),
(622, 6),
(623, 1),
(623, 6),
(626, 1),
(626, 6),
(627, 6),
(627, 529),
(638, 11),
(638, 96),
(638, 335),
(643, 1),
(643, 6),
(644, 6),
(644, 523),
(646, 6),
(647, 6),
(648, 6),
(649, 6),
(650, 6),
(651, 6),
(654, 11),
(654, 57),
(654, 468),
(655, 6),
(656, 6),
(656, 527),
(657, 251),
(658, 387),
(659, 96),
(659, 335),
(660, 57),
(660, 372),
(661, 98),
(661, 125),
(662, 59),
(662, 463),
(663, 61),
(663, 465),
(664, 96),
(664, 467),
(665, 57),
(665, 468),
(666, 98),
(666, 500),
(667, 59),
(667, 228),
(668, 61),
(668, 228),
(674, 11),
(674, 57),
(674, 468),
(675, 61),
(675, 531),
(677, 11),
(677, 500),
(679, 11),
(679, 96),
(679, 335),
(688, 11),
(688, 96),
(688, 335),
(690, 536),
(692, 6),
(694, 538),
(698, 11),
(698, 98),
(698, 500),
(702, 11),
(703, 11),
(704, 11),
(705, 11),
(706, 11),
(706, 98),
(706, 500),
(707, 11),
(707, 468),
(708, 98),
(708, 228),
(708, 500),
(711, 6),
(712, 17),
(713, 531),
(715, 6),
(715, 495),
(716, 546),
(717, 96),
(717, 228),
(718, 11),
(719, 93),
(720, 1),
(720, 6),
(721, 548),
(722, 1),
(722, 6),
(725, 6),
(725, 482),
(726, 510),
(727, 1),
(727, 6),
(728, 1),
(728, 6),
(730, 6),
(730, 550),
(731, 9),
(731, 24),
(733, 1),
(733, 6),
(734, 1),
(734, 6),
(735, 6),
(735, 553),
(736, 6),
(736, 547),
(737, 557),
(740, 6),
(740, 553),
(743, 559),
(744, 1),
(744, 6),
(745, 1),
(745, 6),
(746, 1),
(746, 6),
(747, 1),
(747, 6),
(749, 1),
(749, 6),
(751, 1),
(751, 555),
(753, 378),
(754, 6),
(754, 559),
(755, 17),
(756, 6),
(756, 17),
(757, 1),
(757, 6),
(758, 1),
(758, 6),
(759, 1),
(759, 6),
(760, 1),
(760, 6),
(762, 314),
(764, 6),
(765, 6),
(765, 562),
(767, 26),
(768, 93),
(769, 6),
(771, 1),
(771, 6),
(772, 1),
(772, 6),
(773, 523),
(774, 554),
(775, 1),
(775, 6),
(780, 1),
(780, 6),
(781, 6),
(781, 577),
(783, 573),
(784, 579),
(786, 1),
(786, 6),
(788, 1),
(788, 6),
(789, 1),
(789, 6),
(791, 585),
(792, 1),
(792, 6),
(793, 1),
(793, 6),
(794, 1),
(794, 6),
(797, 6),
(797, 571),
(798, 202),
(799, 6),
(799, 17),
(808, 6),
(808, 93),
(812, 6),
(812, 527),
(814, 6),
(814, 571),
(818, 1),
(818, 6),
(819, 1),
(819, 6),
(824, 605),
(825, 6),
(825, 553),
(829, 610),
(830, 93),
(830, 610),
(831, 610),
(832, 610),
(837, 10),
(837, 587),
(838, 613),
(843, 620),
(844, 622),
(845, 485),
(846, 485),
(847, 1),
(847, 6),
(848, 628),
(849, 629),
(850, 1),
(850, 610),
(851, 631),
(852, 50),
(853, 636),
(854, 211),
(856, 1),
(856, 6),
(858, 533),
(858, 619),
(859, 533),
(859, 636),
(860, 533),
(860, 624),
(864, 6),
(864, 546),
(865, 6),
(865, 50),
(866, 636),
(868, 10),
(868, 316),
(869, 10),
(869, 316),
(870, 10),
(870, 316),
(871, 10),
(871, 316),
(872, 10),
(872, 362),
(873, 10),
(873, 362),
(874, 10),
(874, 362),
(875, 10),
(875, 362),
(876, 10),
(876, 395),
(877, 10),
(877, 395),
(878, 10),
(878, 395),
(879, 10),
(880, 10),
(880, 395),
(881, 10),
(881, 398),
(882, 10),
(882, 398),
(883, 10),
(883, 398),
(884, 10),
(884, 398),
(886, 645),
(891, 647),
(892, 10),
(892, 402),
(894, 10),
(894, 402),
(895, 10),
(895, 402),
(896, 10),
(896, 650),
(897, 10),
(897, 650),
(898, 10),
(898, 650),
(899, 10),
(899, 650),
(900, 10),
(900, 426),
(901, 10),
(901, 426),
(902, 10),
(902, 426),
(903, 10),
(903, 444),
(905, 10),
(905, 444),
(906, 10),
(906, 443),
(907, 10),
(907, 443),
(908, 10),
(908, 443),
(909, 10),
(910, 10),
(910, 446),
(911, 10),
(911, 446),
(912, 10),
(912, 446),
(913, 10),
(913, 446),
(914, 10),
(914, 431),
(915, 10),
(915, 431),
(916, 10),
(916, 431),
(917, 10),
(917, 449),
(918, 10),
(918, 449),
(919, 10),
(919, 449),
(920, 10),
(920, 447),
(921, 10),
(921, 447),
(922, 10),
(922, 447),
(924, 10),
(924, 452),
(925, 10),
(925, 452),
(926, 10),
(926, 452),
(927, 10),
(927, 538),
(928, 10),
(928, 538),
(929, 10),
(929, 538),
(930, 10),
(930, 543),
(931, 10),
(931, 543),
(932, 10),
(932, 543),
(933, 10),
(933, 539),
(934, 10),
(934, 539),
(935, 10),
(935, 539),
(936, 10),
(936, 651),
(937, 10),
(937, 651),
(938, 10),
(938, 651),
(939, 10),
(939, 621),
(940, 10),
(940, 621),
(941, 10),
(941, 621),
(944, 10),
(944, 652),
(945, 10),
(945, 652),
(946, 10),
(946, 652),
(947, 10),
(947, 645),
(948, 10),
(948, 645),
(949, 10),
(949, 645),
(950, 10),
(950, 502),
(951, 10),
(951, 502),
(952, 10),
(952, 587),
(953, 10),
(953, 587),
(954, 10),
(954, 587),
(956, 10),
(956, 653),
(957, 10),
(957, 653),
(958, 10),
(958, 653),
(959, 10),
(959, 622),
(960, 10),
(960, 622),
(961, 10),
(961, 622),
(962, 10),
(962, 637),
(963, 10),
(963, 637),
(964, 10),
(964, 637),
(965, 10),
(965, 654),
(966, 10),
(966, 654),
(967, 10),
(967, 654),
(969, 60),
(970, 10),
(971, 10),
(971, 385),
(973, 10),
(973, 385),
(974, 10),
(974, 385),
(976, 533),
(976, 655),
(977, 660),
(978, 660),
(979, 660),
(980, 660),
(981, 533),
(981, 655),
(984, 335),
(984, 533),
(988, 533),
(988, 663),
(990, 11),
(990, 52),
(992, 533),
(992, 664),
(993, 667),
(995, 113),
(997, 378),
(998, 671),
(999, 209),
(1000, 211),
(1002, 113),
(1002, 668),
(1004, 1),
(1004, 6),
(1005, 1),
(1005, 6),
(1006, 1),
(1006, 6),
(1007, 682),
(1008, 1),
(1008, 6),
(1009, 1),
(1009, 6),
(1012, 1),
(1012, 6),
(1013, 1),
(1013, 6),
(1017, 1),
(1017, 6),
(1018, 1),
(1018, 633),
(1019, 1),
(1019, 6),
(1020, 1),
(1020, 6),
(1022, 1),
(1022, 6),
(1023, 1),
(1023, 6),
(1023, 626),
(1025, 686),
(1028, 9),
(1028, 24),
(1029, 6),
(1029, 542),
(1030, 10),
(1030, 687),
(1031, 1),
(1031, 6),
(1032, 1),
(1032, 6),
(1033, 1),
(1033, 6),
(1034, 6),
(1034, 697),
(1035, 1),
(1035, 6),
(1039, 703),
(1040, 704),
(1041, 707),
(1042, 1),
(1042, 6),
(1043, 1),
(1043, 6),
(1044, 1),
(1044, 6),
(1045, 6),
(1045, 703),
(1046, 113),
(1046, 643),
(1048, 6),
(1048, 93),
(1049, 6),
(1049, 700),
(1050, 719),
(1051, 533),
(1051, 719),
(1053, 6),
(1053, 694),
(1054, 6),
(1054, 700),
(1055, 700),
(1055, 721),
(1056, 694),
(1057, 6),
(1057, 678),
(1058, 723),
(1059, 704),
(1062, 186),
(1065, 17),
(1067, 93),
(1067, 611),
(1068, 1),
(1068, 701),
(1069, 6),
(1069, 701),
(1070, 6),
(1070, 93),
(1071, 6),
(1071, 701),
(1072, 6),
(1073, 719),
(1074, 739),
(1077, 93),
(1077, 611),
(1079, 695),
(1080, 211),
(1080, 533),
(1081, 6),
(1081, 695),
(1082, 6),
(1083, 6),
(1084, 6),
(1084, 93),
(1086, 1),
(1086, 6),
(1087, 6),
(1088, 6),
(1089, 1),
(1089, 6),
(1090, 1),
(1090, 6),
(1090, 738),
(1091, 747),
(1092, 748),
(1093, 113),
(1093, 730),
(1094, 113),
(1094, 734),
(1095, 732),
(1097, 1),
(1097, 6),
(1098, 6),
(1098, 707),
(1100, 700),
(1100, 721),
(1101, 1),
(1101, 6),
(1103, 1),
(1103, 6),
(1104, 10),
(1104, 730),
(1105, 199),
(1106, 143),
(1107, 10),
(1107, 752),
(1110, 6),
(1110, 707),
(1112, 700),
(1112, 721),
(1113, 10),
(1113, 734),
(1114, 573),
(1116, 760),
(1117, 762),
(1118, 764),
(1119, 6),
(1120, 6),
(1120, 740),
(1121, 6),
(1122, 6),
(1123, 748),
(1124, 6),
(1125, 6),
(1126, 6),
(1127, 199),
(1128, 6),
(1128, 520),
(1129, 199),
(1130, 6),
(1131, 6),
(1132, 3),
(1132, 6),
(1137, 1),
(1137, 6),
(1138, 769),
(1139, 771),
(1140, 619),
(1141, 1),
(1141, 6),
(1144, 1),
(1144, 701),
(1146, 6),
(1147, 10),
(1147, 771),
(1148, 6),
(1149, 6),
(1150, 93),
(1151, 6),
(1151, 93),
(1153, 6),
(1153, 740),
(1154, 700),
(1155, 6),
(1155, 700),
(1156, 1),
(1156, 6),
(1158, 10),
(1158, 686),
(1159, 1),
(1159, 89),
(1160, 1),
(1160, 6),
(1161, 1),
(1161, 6),
(1162, 1),
(1162, 6),
(1163, 6),
(1163, 89),
(1165, 10),
(1165, 762),
(1166, 10),
(1166, 723),
(1168, 787),
(1169, 1),
(1169, 6),
(1170, 93),
(1171, 17),
(1172, 738),
(1173, 6),
(1173, 738),
(1174, 6),
(1174, 93),
(1175, 701),
(1176, 93),
(1177, 6),
(1177, 701),
(1178, 619),
(1179, 810),
(1180, 10),
(1180, 799),
(1185, 6),
(1185, 738),
(1186, 6),
(1186, 738),
(1188, 748),
(1192, 619),
(1195, 619),
(1197, 6),
(1198, 6),
(1199, 6),
(1200, 6),
(1201, 6),
(1202, 610),
(1202, 817),
(1204, 6),
(1204, 787),
(1205, 10),
(1205, 784),
(1210, 1),
(1210, 6),
(1211, 1),
(1211, 780),
(1212, 6),
(1213, 6),
(1215, 10),
(1215, 770),
(1217, 6),
(1218, 6),
(1220, 10),
(1220, 799),
(1221, 6),
(1221, 678),
(1222, 619),
(1223, 6),
(1224, 6),
(1225, 6),
(1225, 780),
(1226, 10),
(1226, 688),
(1226, 714),
(1227, 610),
(1227, 631),
(1228, 827),
(1229, 6),
(1229, 827),
(1230, 6),
(1235, 6),
(1236, 6),
(1237, 610),
(1237, 631),
(1238, 631),
(1239, 631),
(1240, 610),
(1240, 631),
(1241, 6),
(1242, 6),
(1243, 6),
(1243, 89),
(1245, 610),
(1245, 631),
(1246, 610),
(1246, 631),
(1247, 610),
(1247, 631),
(1248, 610),
(1248, 631),
(1249, 610),
(1249, 814),
(1250, 837),
(1251, 6),
(1252, 1),
(1252, 6),
(1253, 631),
(1254, 631),
(1255, 631),
(1256, 842),
(1257, 1),
(1257, 6),
(1258, 1),
(1259, 6),
(1259, 712),
(1263, 849),
(1264, 22),
(1265, 631),
(1266, 631),
(1267, 631),
(1268, 851),
(1269, 631),
(1272, 9),
(1273, 10),
(1273, 22),
(1274, 9),
(1275, 9),
(1276, 9),
(1277, 846),
(1278, 844),
(1279, 22),
(1280, 631),
(1281, 631),
(1282, 10),
(1282, 762),
(1283, 631),
(1283, 814),
(1284, 631),
(1285, 631),
(1286, 857),
(1287, 251),
(1288, 865),
(1290, 202),
(1291, 631),
(1292, 631),
(1293, 631);

-- --------------------------------------------------------

--
-- Table structure for table `queued_payments`
--

CREATE TABLE `queued_payments` (
  `queued_payment_id` bigint(20) NOT NULL,
  `date_created` datetime NOT NULL,
  `date_modified` datetime NOT NULL,
  `expiry_date` date DEFAULT NULL,
  `payment_data` text DEFAULT NULL
) ENGINE=MyISAM DEFAULT CHARSET=utf8 COLLATE=utf8_general_ci;

-- --------------------------------------------------------

--
-- Table structure for table `review_assignments`
--

CREATE TABLE `review_assignments` (
  `review_id` bigint(20) NOT NULL,
  `submission_id` bigint(20) NOT NULL,
  `reviewer_id` bigint(20) NOT NULL,
  `competing_interests` text DEFAULT NULL,
  `recommendation` tinyint(4) DEFAULT NULL,
  `date_assigned` datetime DEFAULT NULL,
  `date_notified` datetime DEFAULT NULL,
  `date_confirmed` datetime DEFAULT NULL,
  `date_completed` datetime DEFAULT NULL,
  `date_acknowledged` datetime DEFAULT NULL,
  `date_due` datetime DEFAULT NULL,
  `date_response_due` datetime DEFAULT NULL,
  `last_modified` datetime DEFAULT NULL,
  `reminder_was_automatic` tinyint(4) NOT NULL DEFAULT 0,
  `declined` tinyint(4) NOT NULL DEFAULT 0,
  `replaced` tinyint(4) NOT NULL DEFAULT 0,
  `reviewer_file_id` bigint(20) DEFAULT NULL,
  `date_rated` datetime DEFAULT NULL,
  `date_reminded` datetime DEFAULT NULL,
  `quality` tinyint(4) DEFAULT NULL,
  `review_round_id` bigint(20) DEFAULT NULL,
  `stage_id` tinyint(4) NOT NULL DEFAULT 1,
  `review_method` tinyint(4) NOT NULL DEFAULT 1,
  `round` tinyint(4) NOT NULL DEFAULT 1,
  `step` tinyint(4) NOT NULL DEFAULT 1,
  `review_form_id` bigint(20) DEFAULT NULL,
  `unconsidered` tinyint(4) DEFAULT NULL
) ENGINE=MyISAM DEFAULT CHARSET=utf8 COLLATE=utf8_general_ci;

--
-- Dumping data for table `review_assignments`
--

INSERT INTO `review_assignments` (`review_id`, `submission_id`, `reviewer_id`, `competing_interests`, `recommendation`, `date_assigned`, `date_notified`, `date_confirmed`, `date_completed`, `date_acknowledged`, `date_due`, `date_response_due`, `last_modified`, `reminder_was_automatic`, `declined`, `replaced`, `reviewer_file_id`, `date_rated`, `date_reminded`, `quality`, `review_round_id`, `stage_id`, `review_method`, `round`, `step`, `review_form_id`, `unconsidered`) VALUES
(1, 379, 18, NULL, NULL, '2020-09-29 16:35:33', '2020-09-29 16:35:33', NULL, NULL, NULL, '2020-10-27 00:00:00', '2020-10-20 00:00:00', '2020-09-29 16:35:33', 0, 0, 0, NULL, NULL, NULL, NULL, 1, 3, 2, 1, 1, NULL, 0),
(2, 497, 27, NULL, 2, '2021-01-20 15:14:23', '2021-01-20 15:14:23', '2021-02-02 07:42:17', '2021-02-02 07:52:32', '2021-02-24 12:22:23', '2021-02-17 00:00:00', '2021-02-10 00:00:00', '2021-02-24 12:22:23', 0, 0, 0, NULL, NULL, NULL, NULL, 7, 3, 2, 1, 4, NULL, 0),
(3, 496, 79, NULL, 2, '2021-01-20 15:31:29', '2021-01-20 15:31:29', '2021-02-02 07:59:02', '2021-02-02 08:00:45', '2021-02-24 12:26:22', '2021-01-22 00:00:00', '2021-02-10 00:00:00', '2021-02-24 12:26:22', 0, 0, 0, NULL, NULL, NULL, NULL, 8, 3, 2, 1, 4, NULL, 0),
(4, 498, 52, NULL, 2, '2021-01-20 15:38:15', '2021-01-20 15:38:15', '2021-02-02 08:01:51', '2021-02-02 08:03:20', '2021-02-24 12:29:22', '2021-01-23 00:00:00', '2021-02-10 00:00:00', '2021-02-24 12:29:22', 0, 0, 0, NULL, NULL, NULL, NULL, 9, 3, 2, 1, 4, NULL, 0),
(5, 494, 27, NULL, 2, '2021-01-20 21:44:32', '2021-01-20 21:44:32', '2021-02-03 07:07:50', '2021-02-03 07:13:22', '2021-02-25 23:33:54', '2021-01-25 00:00:00', '2021-02-10 00:00:00', '2021-02-25 23:33:54', 0, 0, 0, NULL, NULL, NULL, NULL, 10, 3, 2, 1, 4, NULL, 0),
(6, 493, 79, NULL, 2, '2021-01-20 21:59:16', '2021-01-20 21:59:16', '2021-02-03 07:15:41', '2021-02-03 07:17:08', '2021-02-25 23:36:45', '2021-01-25 00:00:00', '2021-02-10 00:00:00', '2021-02-25 23:36:45', 0, 0, 0, NULL, NULL, NULL, NULL, 11, 3, 2, 1, 4, NULL, 0),
(7, 492, 52, NULL, 2, '2021-01-20 22:04:16', '2021-01-20 22:04:16', '2021-02-03 07:18:13', '2021-02-03 07:19:33', '2021-02-25 23:37:51', '2021-01-25 00:00:00', '2021-02-10 00:00:00', '2021-02-25 23:37:51', 0, 0, 0, NULL, NULL, NULL, NULL, 12, 3, 2, 1, 4, NULL, 0),
(8, 491, 27, NULL, 2, '2021-01-20 22:08:46', '2021-01-20 22:08:46', '2021-02-03 07:21:08', '2021-02-03 07:22:56', '2021-02-25 23:39:46', '2021-01-25 00:00:00', '2021-02-10 00:00:00', '2021-02-25 23:39:46', 0, 0, 0, NULL, NULL, NULL, NULL, 13, 3, 2, 1, 4, NULL, 0),
(9, 490, 79, NULL, 2, '2021-01-20 22:10:54', '2021-01-20 22:10:54', '2021-02-03 07:23:58', '2021-02-03 07:25:22', '2021-02-25 23:43:34', '2021-01-26 00:00:00', '2021-02-10 00:00:00', '2021-02-25 23:43:34', 0, 0, 0, NULL, NULL, NULL, NULL, 14, 3, 2, 1, 4, NULL, 0),
(10, 507, 100, NULL, 2, '2021-03-16 15:45:26', '2021-03-16 15:45:26', '2021-03-17 23:39:07', '2021-03-17 23:43:54', '2021-03-18 06:54:58', '2021-04-13 00:00:00', '2021-04-06 00:00:00', '2021-03-18 06:54:58', 0, 0, 0, NULL, NULL, NULL, NULL, 16, 3, 2, 1, 4, NULL, 0),
(11, 505, 102, NULL, 2, '2021-03-17 11:19:53', '2021-03-17 11:19:53', '2021-04-26 15:40:54', '2021-04-26 15:42:32', '2021-04-28 04:08:32', '2021-04-14 00:00:00', '2021-04-07 00:00:00', '2021-04-28 04:08:32', 0, 0, 0, NULL, '2021-04-27 04:35:43', NULL, 5, 17, 3, 2, 1, 4, NULL, 0),
(12, 503, 103, NULL, 2, '2021-03-17 11:24:45', '2021-03-17 11:24:45', '2021-03-18 04:10:06', '2021-05-12 06:45:23', '2021-05-12 06:54:42', '2020-05-13 00:00:00', '2020-05-06 00:00:00', '2021-05-12 06:54:42', 0, 0, 0, NULL, NULL, NULL, NULL, 18, 3, 2, 1, 4, NULL, 0),
(13, 504, 52, NULL, 2, '2021-03-17 11:44:41', '2021-03-17 11:44:41', '2021-05-12 03:20:49', '2021-05-12 03:22:30', NULL, '2020-04-09 00:00:00', '2020-04-02 00:00:00', '2021-05-12 03:22:30', 0, 0, 0, NULL, NULL, NULL, NULL, 19, 3, 2, 1, 4, NULL, 0),
(14, 539, 103, NULL, 2, '2021-03-18 05:16:23', '2021-03-18 05:16:23', '2021-03-18 05:17:10', '2021-03-18 05:21:06', '2021-03-21 07:58:11', '2020-12-09 00:00:00', '2020-12-02 00:00:00', '2021-03-21 07:58:11', 0, 0, 0, NULL, NULL, NULL, NULL, 20, 3, 2, 1, 4, NULL, 0),
(15, 388, 100, NULL, 0, '2021-04-27 12:08:23', '2021-04-27 12:08:23', '2021-04-27 12:10:17', NULL, NULL, '2021-05-25 00:00:00', '2021-05-18 00:00:00', '2021-04-27 12:10:17', 0, 0, 0, NULL, NULL, NULL, NULL, 23, 3, 2, 1, 3, NULL, 0),
(18, 390, 79, NULL, 0, '2021-04-28 03:32:57', '2021-04-28 03:32:57', '2021-04-28 03:34:04', NULL, NULL, '2019-10-17 00:00:00', '2019-10-10 00:00:00', '2021-04-28 03:34:04', 0, 0, 0, NULL, NULL, NULL, NULL, 24, 3, 1, 1, 3, NULL, 0),
(20, 390, 27, NULL, NULL, '2021-04-28 03:36:18', '2021-04-28 03:36:18', '2021-04-28 03:37:47', '2021-04-28 03:37:47', '2021-04-28 03:39:33', '2019-10-17 00:00:00', '2019-10-10 00:00:00', '2021-04-28 03:39:33', 0, 0, 0, NULL, NULL, NULL, NULL, 24, 3, 1, 1, 1, NULL, 0),
(21, 502, 100, NULL, 2, '2021-05-12 15:49:41', '2021-05-12 15:49:41', '2021-05-15 10:22:26', '2021-05-15 10:23:30', '2021-05-17 04:12:36', '2020-07-23 00:00:00', '2020-07-16 00:00:00', '2021-05-17 04:12:36', 0, 0, 0, NULL, NULL, '2021-05-15 10:21:55', NULL, 25, 3, 2, 1, 4, NULL, 0),
(22, 649, 27, NULL, 2, '2022-01-24 23:43:01', '2022-01-24 23:43:02', '2022-01-24 23:44:28', '2022-01-24 23:46:33', NULL, '2021-05-19 00:00:00', '2021-05-03 00:00:00', '2022-01-24 23:46:33', 0, 0, 0, NULL, NULL, NULL, NULL, 37, 3, 1, 1, 4, 1, 0),
(23, 642, 52, NULL, 2, '2022-01-25 01:07:28', '2022-01-25 01:07:28', '2022-01-25 01:09:51', '2022-01-25 01:18:20', '2022-09-18 23:00:01', '2021-07-01 00:00:00', '2021-06-01 00:00:00', '2022-09-18 23:00:01', 0, 0, 0, NULL, '2022-09-08 10:07:30', NULL, 5, 52, 3, 1, 1, 4, 1, 0),
(24, 739, 103, NULL, 2, '2022-01-25 01:23:01', '2022-01-25 01:23:01', '2022-01-25 01:24:03', '2022-01-25 01:24:58', NULL, '2021-07-30 00:00:00', '2021-07-14 00:00:00', '2022-01-25 01:24:58', 0, 0, 0, NULL, NULL, NULL, NULL, 53, 3, 1, 1, 4, 1, 0),
(25, 723, 102, NULL, 2, '2022-01-25 01:32:38', '2022-01-25 01:32:39', '2022-01-25 01:33:41', '2022-01-25 01:34:43', '2022-03-28 12:31:56', '2021-07-30 00:00:00', '2021-07-22 00:00:00', '2022-03-28 12:31:56', 0, 0, 0, NULL, NULL, NULL, NULL, 54, 3, 1, 1, 4, 1, 0),
(26, 1010, 511, NULL, 2, '2022-08-30 08:08:07', '2022-08-30 08:08:07', '2022-08-31 13:44:56', '2022-09-01 17:16:06', '2022-09-15 08:25:06', '2022-09-30 00:00:00', '2022-09-12 00:00:00', '2022-09-15 08:25:06', 0, 0, 0, NULL, '2022-09-15 08:24:59', NULL, 4, 78, 3, 2, 1, 4, NULL, 0),
(27, 997, 516, NULL, 2, '2022-09-05 07:10:57', '2022-09-05 07:10:57', '2022-09-05 09:32:34', '2022-09-05 13:43:15', '2022-09-15 08:25:46', '2022-09-30 00:00:00', '2022-09-12 00:00:00', '2022-09-15 08:25:46', 0, 0, 0, NULL, '2022-09-15 08:25:41', NULL, 5, 79, 3, 2, 1, 4, NULL, 0),
(83, 1251, 714, NULL, 1, '2023-05-04 07:45:50', '2023-05-04 07:45:50', '2023-05-26 14:10:42', '2023-06-06 12:57:40', '2023-06-08 11:19:29', '2023-06-01 00:00:00', '2023-05-25 00:00:00', '2023-06-08 11:19:29', 0, 0, 0, NULL, '2023-06-08 11:19:23', '2023-06-05 06:11:01', 4, 169, 3, 1, 1, 4, NULL, 0),
(31, 851, 79, NULL, 2, '2022-09-06 05:23:13', '2022-09-06 05:23:13', '2022-09-08 09:59:49', '2022-09-08 10:01:59', '2022-09-18 22:59:26', '2021-09-20 00:00:00', '2021-09-05 00:00:00', '2022-09-18 22:59:26', 0, 0, 0, NULL, NULL, NULL, NULL, 82, 3, 1, 1, 4, 1, 0),
(30, 839, 27, NULL, 2, '2022-09-06 05:21:51', '2022-09-06 05:21:51', '2022-09-08 09:51:28', '2022-09-08 09:53:47', '2022-09-18 22:58:48', '2021-11-20 00:00:00', '2021-10-27 00:00:00', '2022-09-18 22:58:48', 0, 0, 0, NULL, '2022-09-08 09:55:41', NULL, 5, 81, 3, 1, 1, 4, 1, 0),
(32, 967, 103, NULL, 2, '2022-09-06 05:25:58', '2022-09-06 05:25:58', '2022-09-08 10:10:41', '2022-09-08 10:12:06', '2022-09-18 22:57:08', '2021-10-30 00:00:00', '2021-10-21 00:00:00', '2022-09-18 22:57:08', 0, 0, 0, NULL, NULL, NULL, NULL, 83, 3, 1, 1, 4, 1, 0),
(33, 970, 102, NULL, 2, '2022-09-06 05:27:56', '2022-09-06 05:27:56', '2022-09-08 10:14:16', '2022-09-08 10:15:27', '2022-09-18 23:00:43', '2022-12-05 00:00:00', '2021-11-25 00:00:00', '2022-09-18 23:00:43', 0, 0, 0, NULL, NULL, NULL, NULL, 84, 3, 1, 1, 4, 1, 0),
(34, 971, 27, NULL, 2, '2022-09-10 01:28:57', '2022-09-10 01:28:57', '2022-09-10 01:33:05', '2022-09-10 01:37:34', '2022-09-18 23:09:08', '2022-09-24 00:00:00', '2022-10-01 00:00:00', '2022-09-18 23:09:08', 0, 0, 0, NULL, NULL, NULL, NULL, 85, 3, 1, 1, 4, 1, 0),
(35, 973, 79, NULL, 2, '2022-09-10 01:30:57', '2022-09-10 01:30:57', '2022-09-10 01:38:23', '2022-09-10 01:40:00', '2022-09-18 23:11:24', '2022-09-24 00:00:00', '2022-10-01 00:00:00', '2022-09-18 23:11:24', 0, 0, 0, NULL, NULL, NULL, NULL, 86, 3, 1, 1, 4, 1, 0),
(36, 1001, 52, NULL, 2, '2022-09-10 01:32:28', '2022-09-10 01:32:28', '2022-09-10 01:40:40', '2022-09-10 01:42:52', '2022-09-24 22:50:02', '2022-09-24 00:00:00', '2022-10-01 00:00:00', '2022-09-24 22:50:02', 0, 0, 0, NULL, NULL, NULL, NULL, 87, 3, 1, 1, 4, 1, 0),
(37, 1028, 517, NULL, 2, '2022-09-13 03:49:16', '2022-09-13 03:49:17', '2022-09-13 05:11:26', '2022-09-14 05:31:39', NULL, '2022-10-31 00:00:00', '2022-09-18 00:00:00', '2022-09-14 05:31:39', 0, 0, 0, NULL, '2022-09-20 02:01:47', NULL, 4, 89, 3, 2, 1, 4, NULL, 0),
(82, 1266, 568, NULL, 2, '2023-05-03 07:51:44', '2023-05-03 07:51:45', '2023-05-03 07:52:30', '2023-05-03 08:12:13', NULL, '2023-05-31 00:00:00', '2023-05-24 00:00:00', '2023-05-03 08:12:13', 0, 0, 0, NULL, NULL, NULL, NULL, 175, 3, 1, 1, 4, NULL, 0),
(39, 1024, 518, NULL, 2, '2022-09-14 03:34:54', '2022-09-14 03:34:54', '2022-09-14 03:51:55', '2022-09-14 05:17:33', '2022-09-15 08:24:26', '2022-10-31 00:00:00', '2022-10-18 00:00:00', '2022-09-15 08:24:26', 0, 0, 0, NULL, '2022-09-15 08:24:12', NULL, 5, 90, 3, 2, 1, 4, NULL, 0),
(40, 1029, 530, NULL, 2, '2022-09-14 04:12:57', '2022-09-14 04:12:57', '2022-09-20 03:57:37', '2022-09-20 12:11:05', '2022-09-21 01:58:54', '2022-09-30 00:00:00', '2022-09-18 00:00:00', '2022-09-21 01:58:54', 0, 0, 0, NULL, '2022-09-21 01:57:51', '2022-09-20 01:12:03', 3, 91, 3, 2, 1, 4, NULL, 0),
(42, 992, 535, NULL, 1, '2022-09-15 05:47:10', '2022-09-15 05:47:10', '2022-10-04 18:26:05', '2022-10-04 19:44:59', NULL, '2022-09-30 00:00:00', '2022-09-21 00:00:00', '2022-10-04 19:44:59', 0, 0, 0, NULL, '2022-10-11 01:47:11', '2022-10-03 05:12:14', 2, 93, 3, 2, 1, 4, NULL, 0),
(43, 1027, 103, NULL, 2, '2022-09-19 00:41:51', '2022-09-19 00:41:51', '2022-09-19 00:43:44', '2022-09-24 22:39:08', '2022-09-24 22:42:21', '2022-10-03 00:00:00', '2022-10-10 00:00:00', '2022-09-24 22:42:21', 0, 0, 0, NULL, NULL, NULL, NULL, 94, 3, 1, 1, 4, 1, 0),
(44, 1032, 102, NULL, 2, '2022-09-19 00:43:15', '2022-09-19 00:43:15', '2022-09-19 00:44:10', '2022-09-24 22:40:51', '2022-09-24 22:43:02', '2022-10-03 00:00:00', '2022-10-10 00:00:00', '2022-09-24 22:43:02', 0, 0, 0, NULL, NULL, NULL, NULL, 95, 3, 1, 1, 4, 1, 0),
(45, 1048, 542, NULL, 2, '2022-10-06 02:26:02', '2022-10-06 02:26:02', '2022-10-06 12:01:49', '2022-10-27 08:15:49', '2022-11-03 12:32:00', '2022-10-27 00:00:00', '2022-10-13 00:00:00', '2022-11-03 12:32:00', 0, 0, 0, NULL, '2022-11-03 12:31:53', '2022-10-27 03:51:49', 5, 97, 3, 2, 1, 4, NULL, 0),
(46, 1053, 547, NULL, 2, '2022-10-10 06:58:11', '2022-10-10 06:58:11', '2022-10-10 09:59:18', '2022-10-11 06:39:38', NULL, '2022-10-24 00:00:00', '2022-10-17 00:00:00', '2022-10-11 06:39:38', 0, 0, 0, NULL, '2022-10-31 04:37:01', NULL, 5, 98, 3, 2, 1, 4, NULL, 0),
(47, 1043, 81, NULL, 2, '2022-10-10 08:30:41', '2022-10-10 08:30:41', '2022-10-18 22:42:52', '2022-10-18 22:43:35', NULL, '2022-10-24 00:00:00', '2022-10-17 00:00:00', '2022-10-18 22:43:35', 0, 0, 0, NULL, NULL, NULL, NULL, 99, 3, 2, 1, 4, NULL, 0),
(48, 1059, 552, NULL, 2, '2022-10-19 04:03:55', '2022-10-19 04:03:55', '2022-10-19 08:34:37', '2022-10-25 00:45:44', '2022-10-27 07:59:35', '2022-10-31 00:00:00', '2022-10-26 00:00:00', '2022-10-27 07:59:35', 0, 0, 0, NULL, '2022-10-27 07:59:23', NULL, 5, 100, 3, 2, 1, 4, NULL, 0),
(49, 1070, 568, NULL, 1, '2022-10-24 05:06:08', '2022-10-24 05:06:09', '2022-11-03 09:23:07', '2022-11-03 09:23:16', NULL, '2022-11-21 00:00:00', '2022-11-14 00:00:00', '2022-11-03 09:23:16', 0, 0, 0, NULL, NULL, NULL, NULL, 101, 3, 2, 1, 4, NULL, 0),
(50, 1069, 569, NULL, 1, '2022-10-25 01:51:29', '2022-10-25 01:51:29', '2022-11-03 09:23:48', '2022-11-03 09:23:58', '2022-11-03 09:28:14', '2022-11-22 00:00:00', '2022-11-15 00:00:00', '2022-11-03 09:28:14', 0, 0, 0, NULL, '2022-11-03 09:24:42', NULL, 3, 103, 3, 2, 1, 4, NULL, 0),
(51, 1062, 566, NULL, 2, '2022-10-25 01:56:10', '2022-10-25 01:56:10', '2022-11-03 06:49:16', '2022-11-03 08:45:14', '2022-11-03 09:58:16', '2022-11-10 00:00:00', '2022-11-06 00:00:00', '2022-11-03 09:58:16', 0, 0, 0, NULL, '2022-11-03 09:58:10', '2022-11-03 06:25:11', 4, 102, 3, 2, 1, 4, NULL, 0),
(52, 1054, 565, NULL, 2, '2022-10-25 02:10:06', '2022-10-25 02:10:06', '2022-10-27 08:51:50', '2022-10-29 00:48:16', '2022-11-03 12:28:22', '2022-11-08 00:00:00', '2022-11-01 00:00:00', '2022-11-03 12:28:22', 0, 0, 0, NULL, '2022-11-03 12:28:15', NULL, 5, 104, 3, 2, 1, 4, NULL, 0),
(53, 1061, 564, NULL, 2, '2022-10-25 02:43:39', '2022-10-25 02:43:39', '2022-11-01 02:16:50', '2022-11-01 02:21:29', NULL, '2022-11-08 00:00:00', '2022-11-01 00:00:00', '2022-11-01 02:21:29', 0, 0, 0, NULL, '2022-11-03 06:09:42', NULL, 4, 106, 3, 2, 1, 4, NULL, 0),
(54, 1074, 567, NULL, 1, '2022-10-27 09:00:57', '2022-10-27 09:00:57', '2022-10-27 09:41:49', '2022-10-27 09:49:34', '2022-11-03 09:45:35', '2022-11-10 00:00:00', '2022-11-03 00:00:00', '2022-11-03 09:45:35', 0, 0, 0, NULL, '2022-11-03 09:45:28', NULL, 5, 107, 3, 2, 1, 4, NULL, 0),
(55, 1071, 568, NULL, 1, '2022-10-27 09:13:58', '2022-10-27 09:13:58', '2022-11-03 09:22:01', '2022-11-03 09:22:45', '2022-11-16 07:43:31', '2022-11-24 00:00:00', '2022-11-17 00:00:00', '2022-11-16 07:43:31', 0, 0, 0, NULL, '2022-11-16 07:43:21', NULL, 4, 108, 3, 2, 1, 4, NULL, 0),
(56, 1082, 563, NULL, 1, '2022-10-31 05:01:29', '2022-10-31 05:01:29', '2022-10-31 06:28:53', '2022-11-11 07:10:39', '2022-11-16 07:13:08', '2022-11-14 00:00:00', '2022-11-05 00:00:00', '2022-11-16 07:13:08', 0, 0, 0, NULL, '2022-11-16 07:12:59', NULL, 5, 109, 3, 2, 1, 4, NULL, 0),
(57, 1080, 589, NULL, 2, '2022-11-03 11:55:55', '2022-11-03 11:55:55', '2022-11-04 02:04:17', '2022-11-14 07:42:53', NULL, '2022-11-17 00:00:00', '2022-11-10 00:00:00', '2022-11-14 07:42:53', 0, 0, 0, NULL, '2022-11-16 07:08:13', NULL, 4, 110, 3, 2, 1, 4, NULL, 0),
(69, 1171, 52, NULL, 1, '2023-01-13 07:02:56', '2023-01-13 07:02:56', '2023-01-16 01:59:39', '2023-01-16 02:00:12', NULL, '2023-01-27 00:00:00', '2023-02-03 00:00:00', '2023-01-16 02:00:12', 0, 0, 0, NULL, NULL, NULL, NULL, 127, 3, 1, 1, 4, 1, 0),
(61, 1172, 79, NULL, NULL, '2023-01-03 04:39:46', '2023-01-03 04:39:46', NULL, NULL, NULL, '2023-01-07 00:00:00', '2023-01-03 00:00:00', '2023-01-03 04:39:46', 0, 0, 0, NULL, NULL, NULL, NULL, 128, 3, 2, 1, 1, 1, 0),
(62, 1172, 79, NULL, 1, '2023-01-03 04:41:45', '2023-01-03 04:41:45', '2023-01-03 04:43:29', '2023-01-03 04:44:10', NULL, '2023-01-07 00:00:00', '2023-01-03 00:00:00', '2023-01-03 04:44:10', 0, 0, 0, NULL, '2023-01-06 09:19:57', NULL, 5, 129, 3, 1, 2, 4, 1, 0),
(63, 1156, 568, NULL, 2, '2023-01-04 00:43:27', '2023-01-04 00:43:27', '2023-01-04 02:20:44', '2023-01-04 02:35:51', NULL, '2023-02-01 00:00:00', '2023-01-25 00:00:00', '2023-01-04 02:35:51', 0, 0, 0, NULL, NULL, NULL, NULL, 130, 3, 1, 1, 4, NULL, 0),
(64, 1077, 27, NULL, NULL, '2023-01-04 02:33:22', '2023-01-04 02:33:22', NULL, NULL, NULL, '2023-01-07 00:00:00', '2023-01-04 00:00:00', '2023-01-04 02:33:22', 0, 0, 0, NULL, NULL, NULL, NULL, 131, 3, 1, 1, 1, 1, 0),
(65, 1038, 79, NULL, NULL, '2023-01-04 06:51:07', '2023-01-04 06:51:07', NULL, NULL, NULL, '2023-01-18 00:00:00', '2023-01-25 00:00:00', '2023-01-04 06:51:07', 0, 0, 0, NULL, NULL, NULL, NULL, 132, 3, 1, 1, 1, 1, 0),
(68, 1137, 52, NULL, 1, '2023-01-11 07:59:31', '2023-01-11 07:59:31', '2023-01-11 08:18:28', '2023-01-11 08:21:45', NULL, '2023-01-25 00:00:00', '2023-02-01 00:00:00', '2023-01-11 08:21:45', 0, 0, 0, NULL, '2023-01-12 05:48:50', NULL, 5, 137, 3, 1, 1, 4, 1, 0),
(70, 1197, 52, NULL, 1, '2023-01-13 15:34:28', '2023-01-13 15:34:28', '2023-01-16 02:00:20', '2023-01-16 02:00:41', NULL, '2023-01-27 00:00:00', '2023-02-03 00:00:00', '2023-01-16 02:00:41', 0, 0, 0, NULL, NULL, NULL, NULL, 154, 3, 1, 1, 4, 1, 0),
(71, 1204, 79, NULL, 1, '2023-01-18 09:03:11', '2023-01-18 09:03:11', '2023-01-19 02:36:55', '2023-01-20 08:20:11', NULL, '2023-02-01 00:00:00', '2023-02-08 00:00:00', '2023-01-20 08:20:11', 0, 0, 0, NULL, NULL, NULL, NULL, 162, 3, 1, 1, 4, 1, 0),
(73, 1214, 79, NULL, 2, '2023-02-13 07:32:59', '2023-02-13 07:32:59', '2023-02-15 23:38:01', '2023-02-15 23:55:33', NULL, '2023-02-14 00:00:00', '2023-02-15 00:00:00', '2023-02-15 23:55:33', 0, 0, 0, NULL, '2023-02-16 00:40:04', NULL, 5, 164, 3, 1, 1, 4, 1, 0),
(74, 1214, 52, NULL, 0, '2023-02-16 00:40:24', '2023-02-16 00:40:24', '2023-02-16 00:40:46', NULL, NULL, '2023-03-02 00:00:00', '2023-03-09 00:00:00', '2023-02-16 00:40:46', 0, 0, 0, NULL, NULL, NULL, NULL, 164, 3, 1, 1, 3, 1, 0),
(75, 1225, 52, NULL, 1, '2023-02-20 01:51:15', '2023-02-20 01:51:15', '2023-02-20 07:18:16', '2023-02-20 07:19:23', NULL, '2023-02-21 00:00:00', '2023-02-20 00:00:00', '2023-02-20 07:19:23', 0, 0, 0, NULL, '2023-02-20 07:21:34', NULL, 5, 165, 3, 1, 1, 4, 1, 0),
(76, 1233, 52, NULL, 1, '2023-03-01 04:42:24', '2023-03-01 04:42:24', '2023-03-01 04:42:38', '2023-03-01 04:42:56', NULL, '2023-03-01 00:00:00', '2023-02-27 00:00:00', '2023-03-01 04:42:56', 0, 0, 0, NULL, NULL, NULL, NULL, 166, 3, 1, 1, 4, 1, 0),
(77, 1235, 542, NULL, 2, '2023-03-24 07:25:36', '2023-03-24 07:25:36', '2023-04-02 16:23:07', '2023-04-13 06:40:28', NULL, '2023-04-21 00:00:00', '2023-04-14 00:00:00', '2023-04-13 06:40:28', 0, 0, 0, NULL, '2023-04-28 03:07:53', NULL, 5, 167, 3, 1, 1, 4, NULL, 0),
(78, 1239, 79, NULL, 1, '2023-04-07 03:36:31', '2023-04-07 03:36:32', '2023-05-05 06:07:03', '2023-05-05 06:07:21', NULL, '2023-04-22 00:00:00', '2023-04-30 00:00:00', '2023-05-05 06:07:21', 0, 0, 0, NULL, NULL, NULL, NULL, 168, 3, 1, 1, 4, 1, 0),
(79, 1261, 518, NULL, 2, '2023-04-28 05:52:25', '2023-04-28 05:52:25', '2023-05-10 03:23:17', '2023-05-10 04:06:31', '2023-05-10 04:16:11', '2023-05-12 00:00:00', '2023-05-02 00:00:00', '2023-05-10 04:16:11', 0, 0, 0, NULL, '2023-05-10 04:15:57', '2023-05-03 07:24:37', 4, 172, 3, 1, 1, 4, NULL, 0),
(80, 1263, 563, NULL, 2, '2023-04-28 07:22:44', '2023-04-28 07:22:44', '2023-04-28 07:25:16', '2023-05-15 03:42:11', '2023-05-15 08:27:54', '2023-05-12 00:00:00', '2023-05-02 00:00:00', '2023-05-15 08:27:54', 0, 0, 0, NULL, '2023-05-15 08:27:48', '2023-05-15 03:21:45', 4, 173, 3, 1, 1, 4, NULL, 0),
(81, 1264, 567, NULL, 1, '2023-04-28 08:09:09', '2023-04-28 08:09:09', '2023-05-03 01:27:54', '2023-05-03 01:34:44', NULL, '2023-05-12 00:00:00', '2023-05-02 00:00:00', '2023-05-03 01:34:44', 0, 0, 0, NULL, '2023-05-03 09:08:56', NULL, 5, 174, 3, 1, 1, 4, NULL, 0),
(84, 1227, 716, NULL, 2, '2023-05-04 07:46:31', '2023-05-04 07:46:31', '2023-05-23 09:06:30', '2023-05-23 09:14:36', '2023-05-26 04:39:42', '2023-06-01 00:00:00', '2023-05-25 00:00:00', '2023-05-26 04:39:42', 0, 0, 0, NULL, '2023-05-26 04:39:35', NULL, 4, 170, 3, 1, 1, 4, NULL, 0),
(85, 1270, 715, NULL, 1, '2023-05-04 08:20:17', '2023-05-04 08:20:17', '2023-05-04 23:50:06', '2023-05-04 23:54:39', NULL, '2023-06-01 00:00:00', '2023-05-25 00:00:00', '2023-05-04 23:54:39', 0, 0, 0, NULL, '2023-05-16 02:17:27', NULL, 4, 176, 3, 1, 1, 4, NULL, 0),
(86, 1278, 713, NULL, 2, '2023-05-08 02:31:53', '2023-05-08 02:31:53', '2023-05-10 10:31:04', '2023-05-10 10:46:13', '2023-05-16 02:12:41', '2023-06-05 00:00:00', '2023-05-29 00:00:00', '2023-05-16 02:12:41', 0, 0, 0, NULL, '2023-05-16 02:12:29', NULL, 5, 177, 3, 1, 1, 4, NULL, 0),
(87, 1276, 589, NULL, 2, '2023-05-09 03:55:54', '2023-05-09 03:55:54', '2023-05-12 05:53:08', '2023-05-12 05:54:04', '2023-05-16 07:06:21', '2023-05-20 00:00:00', '2023-05-13 00:00:00', '2023-05-16 07:06:21', 0, 0, 0, NULL, '2023-05-16 07:06:15', NULL, 4, 179, 3, 1, 1, 4, NULL, 0),
(88, 1274, 709, NULL, 2, '2023-05-10 03:48:57', '2023-05-10 03:48:57', '2023-05-10 04:32:36', '2023-05-15 03:24:02', '2023-05-16 06:18:46', '2023-05-20 00:00:00', '2023-05-13 00:00:00', '2023-05-16 06:18:46', 0, 0, 0, NULL, '2023-05-16 06:18:40', NULL, 5, 180, 3, 1, 1, 4, NULL, 0),
(89, 1271, 565, NULL, 2, '2023-05-10 08:20:42', '2023-05-10 08:20:42', '2023-05-10 09:18:08', '2023-05-10 09:31:12', '2023-05-11 02:48:29', '2023-05-20 00:00:00', '2023-05-13 00:00:00', '2023-05-11 02:48:29', 0, 0, 0, NULL, '2023-05-11 02:48:22', NULL, 4, 181, 3, 1, 1, 4, NULL, 0),
(90, 1272, 569, NULL, 1, '2023-05-11 02:51:23', '2023-05-11 02:51:23', '2023-05-11 02:52:56', '2023-05-11 06:58:05', NULL, '2023-06-08 00:00:00', '2023-06-01 00:00:00', '2023-05-11 06:58:05', 0, 0, 0, NULL, '2023-05-11 07:56:54', NULL, 4, 182, 3, 1, 1, 4, NULL, 0),
(91, 1288, 566, NULL, 1, '2023-05-11 08:56:28', '2023-05-11 08:56:28', '2023-05-12 00:17:41', '2023-05-12 01:27:06', NULL, '2023-05-20 00:00:00', '2023-05-13 00:00:00', '2023-05-12 01:27:06', 0, 0, 0, NULL, '2023-05-15 07:01:53', NULL, 4, 183, 3, 1, 1, 4, NULL, 0),
(92, 1289, 534, NULL, 2, '2023-05-12 07:37:25', '2023-05-12 07:37:25', '2023-05-14 00:07:47', '2023-05-14 00:43:04', NULL, '2023-05-22 00:00:00', '2023-05-15 00:00:00', '2023-05-14 00:43:04', 0, 0, 0, NULL, '2023-05-25 05:57:21', NULL, 5, 185, 3, 1, 1, 4, NULL, 0),
(93, 1291, 569, NULL, 1, '2023-05-15 02:24:07', '2023-05-15 02:24:07', '2023-05-22 05:59:46', '2023-05-22 06:00:17', '2023-05-22 06:20:53', '2023-06-12 00:00:00', '2023-06-05 00:00:00', '2023-05-22 06:20:53', 0, 0, 0, NULL, '2023-05-22 06:01:00', NULL, 3, 186, 3, 1, 1, 4, NULL, 0),
(94, 1299, 52, NULL, 1, '2023-05-15 06:36:40', '2023-05-15 06:36:40', '2023-05-23 02:41:08', '2023-05-23 02:41:33', NULL, '2023-05-19 00:00:00', '2023-05-17 00:00:00', '2023-05-23 02:41:33', 0, 0, 0, NULL, NULL, NULL, NULL, 188, 3, 2, 1, 4, 1, 0),
(95, 1293, 581, NULL, 2, '2023-05-15 06:42:43', '2023-05-15 06:42:43', '2023-05-23 00:34:42', '2023-05-23 01:30:25', '2023-05-23 05:14:21', '2023-05-28 00:00:00', '2023-05-25 00:00:00', '2023-05-23 05:14:21', 0, 0, 0, NULL, '2023-05-23 05:14:17', NULL, 5, 189, 3, 1, 1, 4, NULL, 0),
(96, 1281, 749, NULL, 2, '2023-05-15 12:00:09', '2023-05-15 12:00:09', '2023-05-15 12:47:46', '2023-05-15 14:07:17', '2023-05-26 10:34:37', '2023-06-12 00:00:00', '2023-06-05 00:00:00', '2023-05-26 10:34:37', 0, 0, 0, NULL, '2023-05-26 10:33:38', NULL, 5, 190, 3, 1, 1, 4, NULL, 0),
(97, 1298, 564, NULL, 2, '2023-05-16 07:32:59', '2023-05-16 07:32:59', '2023-05-16 08:41:27', '2023-05-16 09:09:26', '2023-05-22 07:39:36', '2023-05-24 00:00:00', '2023-05-20 00:00:00', '2023-05-22 07:39:36', 0, 0, 0, NULL, '2023-05-22 07:39:28', NULL, 5, 196, 3, 1, 1, 4, NULL, 0),
(98, 1249, 143, NULL, 2, '2023-05-16 07:41:20', '2023-05-16 07:41:20', '2023-05-17 01:57:11', '2023-05-17 01:58:35', '2023-05-17 02:00:23', '2023-06-13 00:00:00', '2023-06-06 00:00:00', '2023-05-17 02:00:23', 0, 0, 0, NULL, '2023-05-17 02:00:17', NULL, 5, 191, 3, 1, 1, 4, NULL, 0),
(99, 1300, 530, NULL, 2, '2023-05-16 08:56:13', '2023-05-16 08:56:13', '2023-06-12 23:26:27', '2023-06-13 00:29:55', '2023-06-13 01:21:44', '2023-05-24 00:00:00', '2023-05-20 00:00:00', '2023-06-13 01:21:44', 0, 0, 0, NULL, '2023-06-13 01:21:38', '2023-06-05 01:51:28', 2, 197, 3, 1, 1, 4, NULL, 0),
(100, 1312, 143, NULL, 2, '2023-05-17 02:08:12', '2023-05-17 02:08:12', '2023-05-18 04:01:46', '2023-05-18 04:04:13', '2023-05-20 12:29:34', '2023-06-14 00:00:00', '2023-06-07 00:00:00', '2023-05-20 12:29:34', 0, 0, 0, NULL, '2023-05-20 12:29:28', NULL, 5, 198, 3, 1, 1, 4, NULL, 0),
(101, 1319, 749, NULL, 2, '2023-05-22 02:39:21', '2023-05-22 02:39:21', '2023-05-23 17:00:50', '2023-05-23 17:15:31', '2023-05-26 10:24:45', '2023-06-19 00:00:00', '2023-06-12 00:00:00', '2023-05-26 10:24:45', 0, 0, 0, NULL, '2023-05-26 10:31:39', NULL, 5, 201, 3, 1, 1, 4, NULL, 0),
(102, 1238, 535, NULL, 2, '2023-05-22 05:47:09', '2023-05-22 05:47:09', '2023-06-07 01:56:06', '2023-06-07 02:00:22', '2023-06-07 02:04:44', '2023-05-28 00:00:00', '2023-05-25 00:00:00', '2023-06-07 02:04:44', 0, 0, 0, NULL, '2023-06-07 02:04:38', '2023-06-05 01:51:47', 3, 202, 3, 1, 1, 4, NULL, 0),
(103, 1297, 520, NULL, 2, '2023-05-22 07:14:45', '2023-05-22 07:14:45', '2023-05-22 08:06:03', '2023-05-22 09:07:29', '2023-05-23 05:16:43', '2023-06-19 00:00:00', '2023-06-12 00:00:00', '2023-05-23 05:16:43', 0, 0, 0, NULL, '2023-05-25 07:07:43', NULL, 5, 206, 3, 1, 1, 4, NULL, 0),
(104, 1303, 519, NULL, 3, '2023-05-22 08:23:20', '2023-05-22 08:23:20', '2023-05-25 01:48:29', '2023-05-29 02:02:19', '2023-05-29 02:16:44', '2023-05-28 00:00:00', '2023-05-25 00:00:00', '2023-05-29 02:16:44', 0, 0, 0, NULL, '2023-05-29 02:16:37', '2023-05-29 01:39:55', 4, 207, 3, 1, 1, 4, NULL, 0),
(105, 1317, 547, NULL, 2, '2023-05-23 02:24:17', '2023-05-23 02:24:17', '2023-05-29 01:49:57', '2023-05-29 04:11:08', NULL, '2023-05-29 00:00:00', '2023-05-26 00:00:00', '2023-05-29 04:11:08', 0, 0, 0, NULL, '2023-05-29 05:35:00', '2023-05-29 01:35:50', 5, 208, 3, 1, 1, 4, NULL, 0),
(106, 1314, 568, NULL, 1, '2023-05-24 06:51:46', '2023-05-24 06:51:46', '2023-05-29 02:34:51', '2023-05-29 02:35:14', NULL, '2023-06-21 00:00:00', '2023-06-14 00:00:00', '2023-05-29 02:35:14', 0, 0, 0, NULL, '2023-05-29 02:36:24', NULL, 3, 209, 3, 1, 1, 4, NULL, 0),
(107, 1328, 517, NULL, 2, '2023-05-24 07:18:28', '2023-05-24 07:18:28', '2023-05-26 22:48:52', '2023-05-26 23:59:01', '2023-05-29 02:18:17', '2023-05-30 00:00:00', '2023-05-27 00:00:00', '2023-05-29 02:18:17', 0, 0, 0, NULL, '2023-05-29 02:24:31', NULL, 4, 210, 3, 1, 1, 4, NULL, 0),
(108, 1335, 511, NULL, 3, '2023-05-25 08:34:08', '2023-05-25 08:34:08', '2023-05-25 08:38:03', '2023-05-25 10:12:45', NULL, '2023-05-30 00:00:00', '2023-05-28 00:00:00', '2023-05-25 10:12:45', 0, 0, 0, NULL, '2023-05-26 06:53:25', NULL, 5, 211, 3, 1, 1, 4, NULL, 0),
(109, 1305, 783, NULL, NULL, '2023-05-26 04:35:52', '2023-05-26 04:35:52', NULL, NULL, NULL, '2023-06-23 00:00:00', '2023-06-16 00:00:00', '2023-06-30 04:38:42', 0, 0, 0, NULL, NULL, '2023-06-30 04:38:42', NULL, 193, 3, 1, 1, 1, NULL, 0),
(110, 1248, 716, NULL, 2, '2023-05-26 04:43:43', '2023-05-26 04:43:43', '2023-05-26 04:50:17', '2023-05-26 04:50:55', '2023-05-26 04:51:38', '2023-06-23 00:00:00', '2023-06-16 00:00:00', '2023-05-26 04:51:38', 0, 0, 0, NULL, '2023-05-26 04:51:32', NULL, 4, 192, 3, 1, 1, 4, NULL, 0),
(111, 1152, 806, NULL, 5, '2023-05-30 03:54:36', '2023-05-30 03:54:36', '2023-05-30 04:04:53', '2023-05-30 05:12:05', '2023-05-31 02:17:58', '2023-06-05 00:00:00', '2023-06-02 00:00:00', '2023-05-31 02:17:58', 0, 0, 0, NULL, '2023-05-31 02:17:46', NULL, 3, 214, 3, 2, 1, 4, NULL, 0),
(112, 1279, 715, NULL, 1, '2023-05-30 04:20:12', '2023-05-30 04:20:12', '2023-05-31 00:27:17', '2023-05-31 00:29:43', '2023-05-31 02:40:43', '2023-06-27 00:00:00', '2023-06-20 00:00:00', '2023-05-31 02:40:43', 0, 0, 0, NULL, '2023-05-31 02:40:37', NULL, 5, 178, 3, 1, 1, 4, NULL, 0),
(113, 1338, 811, NULL, 2, '2023-05-30 06:09:17', '2023-05-30 06:09:17', '2023-05-30 06:20:49', '2023-05-31 04:41:14', '2023-05-31 07:03:41', '2023-06-05 00:00:00', '2023-06-02 00:00:00', '2023-05-31 07:03:41', 0, 0, 0, NULL, '2023-05-31 07:03:31', NULL, 5, 215, 3, 2, 1, 4, NULL, 0),
(114, 1351, 713, NULL, 2, '2023-05-30 06:21:05', '2023-05-30 06:21:05', '2023-05-31 11:26:22', '2023-05-31 11:34:14', '2023-06-01 04:27:08', '2023-06-27 00:00:00', '2023-06-20 00:00:00', '2023-06-01 04:27:08', 0, 0, 0, NULL, '2023-06-01 04:27:01', NULL, 5, 216, 3, 1, 1, 4, NULL, 0),
(115, 1336, 812, NULL, 2, '2023-05-30 07:49:52', '2023-05-30 07:49:52', '2023-05-30 13:21:40', '2023-06-08 07:35:48', '2023-06-09 04:04:18', '2023-06-05 00:00:00', '2023-06-02 00:00:00', '2023-06-09 04:04:18', 0, 0, 0, NULL, '2023-06-09 04:04:12', '2023-06-05 01:50:36', 4, 218, 3, 2, 1, 4, NULL, 0),
(116, 1344, 804, NULL, 2, '2023-05-30 08:30:31', '2023-05-30 08:30:31', '2023-05-31 15:12:45', '2023-05-31 15:13:37', '2023-06-01 00:11:28', '2023-06-05 00:00:00', '2023-06-02 00:00:00', '2023-06-01 00:11:28', 0, 0, 0, NULL, '2023-06-01 00:11:17', NULL, 5, 219, 3, 2, 1, 4, NULL, 0),
(117, 1280, 795, NULL, 2, '2023-06-01 04:05:04', '2023-06-01 04:05:04', '2023-06-03 18:18:34', '2023-06-03 19:51:58', '2023-06-05 06:09:11', '2023-06-29 00:00:00', '2023-06-22 00:00:00', '2023-06-05 06:09:11', 0, 0, 0, NULL, '2023-06-05 06:09:06', NULL, 5, 195, 3, 1, 1, 4, NULL, 0),
(118, 1286, 790, NULL, 2, '2023-06-01 04:10:30', '2023-06-01 04:10:30', '2023-06-02 17:53:05', '2023-06-02 18:52:52', '2023-06-05 02:02:54', '2023-06-29 00:00:00', '2023-06-22 00:00:00', '2023-06-05 02:02:54', 0, 0, 0, NULL, '2023-06-05 02:02:48', NULL, 5, 199, 3, 1, 1, 4, NULL, 0),
(119, 1287, 803, NULL, 2, '2023-06-01 04:12:25', '2023-06-01 04:12:25', '2023-06-25 13:23:05', '2023-06-29 15:32:42', NULL, '2023-06-29 00:00:00', '2023-06-22 00:00:00', '2023-06-29 15:32:42', 0, 0, 0, NULL, NULL, '2023-06-23 04:19:30', NULL, 205, 3, 1, 1, 4, NULL, 0),
(120, 1306, 789, NULL, 2, '2023-06-01 04:13:36', '2023-06-01 04:13:36', '2023-06-26 02:51:29', '2023-06-26 03:04:52', '2023-06-27 04:20:09', '2023-06-29 00:00:00', '2023-06-22 00:00:00', '2023-06-27 04:20:09', 0, 0, 0, NULL, '2023-06-27 04:20:03', '2023-06-23 04:27:14', 5, 194, 3, 1, 1, 4, NULL, 0),
(134, 1315, 808, NULL, NULL, '2023-06-27 05:01:05', '2023-06-27 05:01:05', NULL, NULL, NULL, '2023-07-25 00:00:00', '2023-07-18 00:00:00', '2023-06-27 05:01:05', 0, 0, 0, NULL, NULL, NULL, NULL, 200, 3, 1, 1, 1, NULL, 0),
(133, 1343, 789, NULL, 2, '2023-06-27 04:34:19', '2023-06-27 04:34:19', '2023-06-28 07:41:35', '2023-06-28 08:14:14', NULL, '2023-07-25 00:00:00', '2023-07-18 00:00:00', '2023-06-28 08:14:14', 0, 0, 0, NULL, NULL, NULL, NULL, 212, 3, 1, 1, 4, NULL, 0),
(123, 1323, 808, NULL, 3, '2023-06-01 04:20:26', '2023-06-01 04:20:26', '2023-06-24 09:43:12', '2023-06-24 09:46:19', '2023-06-27 04:16:45', '2023-06-29 00:00:00', '2023-06-22 00:00:00', '2023-06-27 04:16:45', 0, 0, 0, NULL, '2023-06-27 04:16:39', '2023-06-23 04:38:41', 5, 204, 3, 1, 1, 4, NULL, 0),
(132, 1395, 714, NULL, NULL, '2023-06-23 04:45:12', '2023-06-23 04:45:12', NULL, NULL, NULL, '2023-07-21 00:00:00', '2023-07-14 00:00:00', '2023-06-23 04:45:12', 0, 0, 0, NULL, NULL, NULL, NULL, 227, 3, 1, 1, 1, NULL, 0),
(136, 1342, 803, NULL, NULL, '2023-06-30 04:43:40', '2023-06-30 04:43:40', NULL, NULL, NULL, '2023-07-28 00:00:00', '2023-07-21 00:00:00', '2023-06-30 04:43:40', 0, 0, 0, NULL, NULL, NULL, NULL, 213, 3, 1, 1, 1, NULL, 0),
(127, 1355, 797, NULL, 2, '2023-06-01 04:28:49', '2023-06-01 04:28:49', '2023-06-01 10:19:28', '2023-06-04 17:27:19', '2023-06-05 01:54:43', '2023-06-29 00:00:00', '2023-06-22 00:00:00', '2023-06-05 01:54:43', 0, 0, 0, NULL, '2023-06-05 01:54:36', NULL, 5, 220, 3, 1, 1, 4, NULL, 0),
(128, 1360, 807, NULL, 5, '2023-06-01 04:29:47', '2023-06-01 04:29:47', '2023-06-05 21:26:16', '2023-06-05 21:42:08', '2023-06-06 04:09:07', '2023-06-29 00:00:00', '2023-06-22 00:00:00', '2023-06-06 04:09:07', 0, 0, 0, NULL, '2023-06-06 04:09:00', NULL, 5, 221, 3, 1, 1, 4, NULL, 0),
(129, 1311, 791, NULL, NULL, '2023-06-01 04:49:55', '2023-06-01 04:49:56', NULL, NULL, NULL, '2023-06-29 00:00:00', '2023-06-22 00:00:00', '2023-06-23 04:34:34', 0, 0, 0, NULL, NULL, '2023-06-23 04:34:34', NULL, 222, 3, 1, 1, 1, NULL, 0),
(130, 1092, 826, NULL, NULL, '2023-06-09 04:19:07', '2023-06-09 04:19:07', NULL, NULL, NULL, '2023-07-07 00:00:00', '2023-06-30 00:00:00', '2023-06-09 04:19:07', 0, 0, 0, NULL, NULL, NULL, NULL, 112, 3, 2, 1, 1, NULL, 0),
(131, 1130, 81, NULL, NULL, '2023-06-09 07:19:36', '2023-06-09 07:19:36', NULL, NULL, NULL, '2023-07-07 00:00:00', '2023-06-30 00:00:00', '2023-06-09 07:19:36', 0, 0, 0, NULL, NULL, NULL, NULL, 223, 3, 2, 1, 1, NULL, 0);

-- --------------------------------------------------------

--
-- Table structure for table `review_files`
--

CREATE TABLE `review_files` (
  `review_id` bigint(20) NOT NULL,
  `file_id` bigint(20) NOT NULL
) ENGINE=MyISAM DEFAULT CHARSET=utf8 COLLATE=utf8_general_ci;

--
-- Dumping data for table `review_files`
--

INSERT INTO `review_files` (`review_id`, `file_id`) VALUES
(1, 471),
(2, 692),
(3, 693),
(4, 694),
(5, 695),
(6, 698),
(7, 700),
(8, 702),
(9, 704),
(10, 789),
(11, 790),
(12, 791),
(13, 792),
(14, 796),
(15, 844),
(18, 847),
(20, 847),
(21, 884),
(22, 1224),
(23, 1416),
(24, 1418),
(25, 1421),
(26, 2024),
(27, 2027),
(30, 2036),
(30, 2037),
(31, 2039),
(32, 2041),
(33, 2043),
(34, 2050),
(34, 2051),
(35, 2053),
(36, 2055),
(37, 2064),
(39, 2068),
(40, 2070),
(42, 2087),
(43, 2103),
(44, 2106),
(45, 2170),
(46, 2184),
(47, 2189),
(48, 2216),
(49, 2229),
(50, 2236),
(50, 2237),
(50, 2238),
(51, 2231),
(52, 2242),
(53, 2245),
(54, 2261),
(54, 2262),
(55, 2263),
(56, 2274),
(56, 2275),
(57, 2312),
(61, 2523),
(62, 2524),
(63, 2527),
(64, 2529),
(65, 2530),
(68, 2634),
(69, 2521),
(70, 2792),
(71, 2881),
(71, 2882),
(73, 2921),
(74, 2921),
(75, 2937),
(76, 2958),
(77, 2974),
(78, 2991),
(79, 3017),
(80, 3023),
(81, 3026),
(82, 3034),
(82, 3035),
(83, 2995),
(84, 2996),
(85, 3051),
(86, 3076),
(87, 3087),
(88, 3091),
(89, 3097),
(90, 3104),
(91, 3114),
(92, 3120),
(93, 3139),
(94, 3169),
(95, 3170),
(96, 3176),
(97, 3198),
(98, 3177),
(99, 3205),
(100, 3209),
(101, 3245),
(102, 3254),
(103, 3261),
(104, 3264),
(105, 3277),
(106, 3301),
(106, 3302),
(107, 3307),
(108, 3332),
(109, 3179),
(110, 3178),
(110, 3293),
(111, 3373),
(112, 3077),
(113, 3381),
(114, 3382),
(115, 3387),
(116, 3389),
(117, 3181),
(118, 3211),
(119, 3257),
(120, 3180),
(123, 3256),
(127, 3397),
(128, 3412),
(129, 3420),
(130, 2420),
(131, 3491),
(132, 3631),
(133, 3344),
(134, 3230),
(136, 3345);

-- --------------------------------------------------------

--
-- Table structure for table `review_forms`
--

CREATE TABLE `review_forms` (
  `review_form_id` bigint(20) NOT NULL,
  `assoc_type` bigint(20) DEFAULT NULL,
  `assoc_id` bigint(20) DEFAULT NULL,
  `seq` double DEFAULT NULL,
  `is_active` tinyint(4) DEFAULT NULL
) ENGINE=MyISAM DEFAULT CHARSET=utf8 COLLATE=utf8_general_ci;

--
-- Dumping data for table `review_forms`
--

INSERT INTO `review_forms` (`review_form_id`, `assoc_type`, `assoc_id`, `seq`, `is_active`) VALUES
(1, 256, 1, 1, 1);

-- --------------------------------------------------------

--
-- Table structure for table `review_form_elements`
--

CREATE TABLE `review_form_elements` (
  `review_form_element_id` bigint(20) NOT NULL,
  `review_form_id` bigint(20) NOT NULL,
  `seq` double DEFAULT NULL,
  `element_type` bigint(20) DEFAULT NULL,
  `required` tinyint(4) DEFAULT NULL,
  `included` tinyint(4) DEFAULT NULL
) ENGINE=MyISAM DEFAULT CHARSET=utf8 COLLATE=utf8_general_ci;

--
-- Dumping data for table `review_form_elements`
--

INSERT INTO `review_form_elements` (`review_form_element_id`, `review_form_id`, `seq`, `element_type`, `required`, `included`) VALUES
(1, 1, 1, 5, 1, 1),
(2, 1, 2, 5, 1, 1),
(3, 1, 3, 5, 1, 1),
(4, 1, 4, 5, 1, 1),
(5, 1, 5, 5, 1, 1),
(6, 1, 6, 5, 1, 1);

-- --------------------------------------------------------

--
-- Table structure for table `review_form_element_settings`
--

CREATE TABLE `review_form_element_settings` (
  `review_form_element_id` bigint(20) NOT NULL,
  `locale` varchar(14) NOT NULL DEFAULT '',
  `setting_name` varchar(255) NOT NULL,
  `setting_value` text DEFAULT NULL,
  `setting_type` varchar(6) NOT NULL
) ENGINE=MyISAM DEFAULT CHARSET=utf8 COLLATE=utf8_general_ci;

--
-- Dumping data for table `review_form_element_settings`
--

INSERT INTO `review_form_element_settings` (`review_form_element_id`, `locale`, `setting_name`, `setting_value`, `setting_type`) VALUES
(1, 'en_US', 'question', '<p>Apakah manuskrip ini kontribusi asli?</p>', 'string'),
(1, 'en_US', 'description', '', 'string'),
(1, 'en_US', 'possibleResponses', 'a:2:{i:0;s:2:\"Ya\";i:1;s:5:\"Tidak\";}', 'object'),
(2, 'en_US', 'question', '<p>Apakah judul manuskrip sudah sesuai dengan jurnal ini?</p>', 'string'),
(2, 'en_US', 'description', '', 'string'),
(2, 'en_US', 'possibleResponses', 'a:2:{i:0;s:2:\"Ya\";i:1;s:5:\"Tidak\";}', 'object'),
(3, 'en_US', 'question', '<p>Apakah abstrak sudah cukup informatif terutama bila dibaca secara terpisah, memberikan gambaran ringkas dari penelitian?</p>', 'string'),
(3, 'en_US', 'description', '', 'string'),
(3, 'en_US', 'possibleResponses', 'a:2:{i:0;s:2:\"Ya\";i:1;s:5:\"Tidak\";}', 'object'),
(4, 'en_US', 'question', '<p>Apakah uraian dari manuskrip disajikan dengan jelas dan mudah dipahami?</p>', 'string'),
(4, 'en_US', 'description', '', 'string'),
(4, 'en_US', 'possibleResponses', 'a:2:{i:0;s:2:\"Ya\";i:1;s:5:\"Tidak\";}', 'object'),
(5, 'en_US', 'question', '<p>Apakah analisis penulis cukup mendalam, terutama dalam sub bab pembahasan dan hasil?</p>', 'string'),
(5, 'en_US', 'description', '', 'string'),
(5, 'en_US', 'possibleResponses', 'a:2:{i:0;s:2:\"Ya\";i:1;s:5:\"Tidak\";}', 'object'),
(6, 'en_US', 'question', '<p>Apakah penggunaan angka dan tabel cukup berkualitas dan jelas terbaca?</p>', 'string'),
(6, 'en_US', 'description', '', 'string'),
(6, 'en_US', 'possibleResponses', 'a:2:{i:0;s:2:\"Ya\";i:1;s:5:\"Tidak\";}', 'object');

-- --------------------------------------------------------

--
-- Table structure for table `review_form_responses`
--

CREATE TABLE `review_form_responses` (
  `review_form_element_id` bigint(20) NOT NULL,
  `review_id` bigint(20) NOT NULL,
  `response_type` varchar(6) DEFAULT NULL,
  `response_value` text DEFAULT NULL
) ENGINE=MyISAM DEFAULT CHARSET=utf8 COLLATE=utf8_general_ci;

--
-- Dumping data for table `review_form_responses`
--

INSERT INTO `review_form_responses` (`review_form_element_id`, `review_id`, `response_type`, `response_value`) VALUES
(1, 22, 'int', '0'),
(2, 22, 'int', '0'),
(3, 22, 'int', '0'),
(4, 22, 'int', '0'),
(5, 22, 'int', '0'),
(6, 22, 'int', '0'),
(1, 23, 'int', '0'),
(2, 23, 'int', '0'),
(3, 23, 'int', '0'),
(4, 23, 'int', '0'),
(5, 23, 'int', '0'),
(6, 23, 'int', '0'),
(1, 24, 'int', '0'),
(2, 24, 'int', '0'),
(3, 24, 'int', '0'),
(4, 24, 'int', '0'),
(5, 24, 'int', '0'),
(6, 24, 'int', '0'),
(1, 25, 'int', '0'),
(2, 25, 'int', '0'),
(3, 25, 'int', '0'),
(4, 25, 'int', '0'),
(5, 25, 'int', '0'),
(6, 25, 'int', '0'),
(1, 30, 'int', '0'),
(2, 30, 'int', '0'),
(3, 30, 'int', '1'),
(4, 30, 'int', '0'),
(5, 30, 'int', '1'),
(6, 30, 'int', '1'),
(1, 31, 'int', '0'),
(2, 31, 'int', '0'),
(3, 31, 'int', '1'),
(4, 31, 'int', '0'),
(5, 31, 'int', '1'),
(6, 31, 'int', '0'),
(1, 32, 'int', '0'),
(2, 32, 'int', '0'),
(3, 32, 'int', '1'),
(4, 32, 'int', '0'),
(5, 32, 'int', '1'),
(6, 32, 'int', '1'),
(1, 33, 'int', '0'),
(2, 33, 'int', '0'),
(3, 33, 'int', '1'),
(4, 33, 'int', '0'),
(5, 33, 'int', '1'),
(6, 33, 'int', '0'),
(1, 34, 'int', '0'),
(2, 34, 'int', '1'),
(3, 34, 'int', '1'),
(4, 34, 'int', '0'),
(5, 34, 'int', '1'),
(6, 34, 'int', '0'),
(1, 35, 'int', '0'),
(2, 35, 'int', '0'),
(3, 35, 'int', '0'),
(4, 35, 'int', '0'),
(5, 35, 'int', '1'),
(6, 35, 'int', '0'),
(1, 36, 'int', '0'),
(2, 36, 'int', '1'),
(3, 36, 'int', '0'),
(4, 36, 'int', '0'),
(5, 36, 'int', '1'),
(6, 36, 'int', '0'),
(1, 43, 'int', '0'),
(2, 43, 'int', '1'),
(3, 43, 'int', '0'),
(4, 43, 'int', '1'),
(5, 43, 'int', '1'),
(6, 43, 'int', '0'),
(1, 44, 'int', '0'),
(2, 44, 'int', '0'),
(3, 44, 'int', '0'),
(4, 44, 'int', '0'),
(5, 44, 'int', '1'),
(6, 44, 'int', '1'),
(1, 62, 'int', '0'),
(2, 62, 'int', '0'),
(3, 62, 'int', '0'),
(4, 62, 'int', '0'),
(5, 62, 'int', '0'),
(6, 62, 'int', '0'),
(1, 68, 'int', '0'),
(2, 68, 'int', '0'),
(3, 68, 'int', '0'),
(4, 68, 'int', '0'),
(5, 68, 'int', '0'),
(6, 68, 'int', '0'),
(1, 69, 'int', '0'),
(2, 69, 'int', '0'),
(3, 69, 'int', '0'),
(4, 69, 'int', '0'),
(5, 69, 'int', '0'),
(6, 69, 'int', '1'),
(1, 70, 'int', '0'),
(2, 70, 'int', '0'),
(3, 70, 'int', '0'),
(4, 70, 'int', '0'),
(5, 70, 'int', '0'),
(6, 70, 'int', '1'),
(1, 71, 'int', '0'),
(2, 71, 'int', '0'),
(3, 71, 'int', '0'),
(4, 71, 'int', '0'),
(5, 71, 'int', '0'),
(6, 71, 'int', '0'),
(1, 73, 'int', '0'),
(2, 73, 'int', '0'),
(3, 73, 'int', '0'),
(4, 73, 'int', '0'),
(5, 73, 'int', '0'),
(6, 73, 'int', '0'),
(1, 75, 'int', '0'),
(2, 75, 'int', '0'),
(3, 75, 'int', '0'),
(4, 75, 'int', '0'),
(5, 75, 'int', '0'),
(6, 75, 'int', '0'),
(1, 76, 'int', '0'),
(2, 76, 'int', '0'),
(3, 76, 'int', '0'),
(4, 76, 'int', '0'),
(5, 76, 'int', '0'),
(6, 76, 'int', '0'),
(1, 78, 'int', '0'),
(2, 78, 'int', '0'),
(3, 78, 'int', '0'),
(4, 78, 'int', '0'),
(5, 78, 'int', '0'),
(6, 78, 'int', '0'),
(1, 94, 'int', '0'),
(2, 94, 'int', '0'),
(3, 94, 'int', '0'),
(4, 94, 'int', '0'),
(5, 94, 'int', '0'),
(6, 94, 'int', '0');

-- --------------------------------------------------------

--
-- Table structure for table `review_form_settings`
--

CREATE TABLE `review_form_settings` (
  `review_form_id` bigint(20) NOT NULL,
  `locale` varchar(14) NOT NULL DEFAULT '',
  `setting_name` varchar(255) NOT NULL,
  `setting_value` text DEFAULT NULL,
  `setting_type` varchar(6) NOT NULL
) ENGINE=MyISAM DEFAULT CHARSET=utf8 COLLATE=utf8_general_ci;

--
-- Dumping data for table `review_form_settings`
--

INSERT INTO `review_form_settings` (`review_form_id`, `locale`, `setting_name`, `setting_value`, `setting_type`) VALUES
(1, 'en_US', 'title', 'Form Review', 'string'),
(1, 'en_US', 'description', '<p>Berikut ini adalah foem evaluasi reviewer atas manuskrip yang ditinjau. Hasil ini akan menentukan dalam memberikan keputusan terhadap sebuah manuskrip untuk dapat dipublikasikan di jurnal ini.</p>', 'string');

-- --------------------------------------------------------

--
-- Table structure for table `review_rounds`
--

CREATE TABLE `review_rounds` (
  `review_round_id` bigint(20) NOT NULL,
  `submission_id` bigint(20) NOT NULL,
  `stage_id` bigint(20) DEFAULT NULL,
  `round` tinyint(4) NOT NULL,
  `review_revision` bigint(20) DEFAULT NULL,
  `status` bigint(20) DEFAULT NULL
) ENGINE=MyISAM DEFAULT CHARSET=utf8 COLLATE=utf8_general_ci;

--
-- Dumping data for table `review_rounds`
--

INSERT INTO `review_rounds` (`review_round_id`, `submission_id`, `stage_id`, `round`, `review_revision`, `status`) VALUES
(1, 379, 3, 1, NULL, 7),
(2, 458, 3, 1, NULL, 4),
(3, 479, 3, 1, NULL, 4),
(4, 484, 3, 1, NULL, 5),
(5, 501, 3, 1, NULL, 4),
(6, 499, 3, 1, NULL, 4),
(7, 497, 3, 1, NULL, 4),
(8, 496, 3, 1, NULL, 4),
(9, 498, 3, 1, NULL, 14),
(10, 494, 3, 1, NULL, 4),
(11, 493, 3, 1, NULL, 14),
(12, 492, 3, 1, NULL, 14),
(13, 491, 3, 1, NULL, 4),
(14, 490, 3, 1, NULL, 14),
(15, 529, 3, 1, NULL, 4),
(16, 507, 3, 1, NULL, 12),
(17, 505, 3, 1, NULL, 1),
(18, 503, 3, 1, NULL, 11),
(19, 504, 3, 1, NULL, 4),
(20, 539, 3, 1, NULL, 4),
(21, 542, 3, 1, NULL, 4),
(22, 548, 3, 1, NULL, 4),
(23, 388, 3, 1, NULL, 4),
(24, 390, 3, 1, NULL, 4),
(25, 502, 3, 1, NULL, 4),
(26, 566, 3, 1, NULL, 4),
(27, 569, 3, 1, NULL, 4),
(28, 588, 3, 1, NULL, 4),
(29, 582, 3, 1, NULL, 4),
(30, 546, 3, 1, NULL, 4),
(31, 565, 3, 1, NULL, 4),
(32, 549, 3, 1, NULL, 4),
(33, 540, 3, 1, NULL, 4),
(34, 594, 3, 1, NULL, 4),
(35, 651, 3, 1, NULL, 4),
(36, 654, 3, 1, NULL, 4),
(37, 649, 3, 1, NULL, 4),
(38, 700, 3, 1, NULL, 4),
(39, 665, 3, 1, NULL, 4),
(40, 668, 3, 1, NULL, 4),
(41, 717, 3, 1, NULL, 4),
(42, 718, 3, 1, NULL, 4),
(43, 662, 3, 1, NULL, 4),
(44, 663, 3, 1, NULL, 4),
(45, 693, 3, 1, NULL, 4),
(46, 692, 3, 1, NULL, 4),
(47, 664, 3, 1, NULL, 5),
(48, 655, 3, 1, NULL, 4),
(49, 678, 3, 1, NULL, 4),
(50, 726, 3, 1, NULL, 4),
(51, 737, 3, 1, NULL, 4),
(52, 642, 3, 1, NULL, 12),
(53, 739, 3, 1, NULL, 4),
(54, 723, 3, 1, NULL, 4),
(178, 1279, 3, 1, NULL, 11),
(56, 552, 3, 1, NULL, 6),
(57, 969, 3, 1, NULL, 6),
(58, 758, 3, 1, NULL, 6),
(59, 755, 3, 1, NULL, 1),
(60, 766, 3, 1, NULL, 6),
(61, 769, 3, 1, NULL, 6),
(62, 799, 3, 1, NULL, 6),
(63, 871, 3, 1, NULL, 1),
(64, 870, 3, 1, NULL, 1),
(65, 873, 3, 1, NULL, 1),
(66, 874, 3, 1, NULL, 4),
(67, 958, 3, 1, NULL, 4),
(68, 959, 3, 1, NULL, 4),
(69, 977, 3, 1, NULL, 4),
(70, 978, 3, 1, NULL, 4),
(71, 979, 3, 1, NULL, 4),
(72, 980, 3, 1, NULL, 4),
(73, 981, 3, 1, NULL, 4),
(74, 982, 3, 1, NULL, 4),
(75, 975, 3, 1, NULL, 4),
(76, 985, 3, 1, NULL, 4),
(77, 989, 3, 1, NULL, 4),
(78, 1010, 3, 1, NULL, 4),
(79, 997, 3, 1, NULL, 11),
(176, 1270, 3, 1, NULL, 1),
(81, 839, 3, 1, NULL, 12),
(82, 851, 3, 1, NULL, 12),
(83, 967, 3, 1, NULL, 12),
(84, 970, 3, 1, NULL, 12),
(85, 971, 3, 1, NULL, 1),
(86, 973, 3, 1, NULL, 4),
(87, 1001, 3, 1, NULL, 4),
(175, 1266, 3, 1, NULL, 4),
(89, 1028, 3, 1, NULL, 11),
(90, 1024, 3, 1, NULL, 5),
(91, 1029, 3, 1, NULL, 11),
(93, 992, 3, 1, NULL, 5),
(94, 1027, 3, 1, NULL, 4),
(95, 1032, 3, 1, NULL, 4),
(177, 1278, 3, 1, NULL, 11),
(97, 1048, 3, 1, NULL, 11),
(98, 1053, 3, 1, NULL, 11),
(99, 1043, 3, 1, NULL, 8),
(100, 1059, 3, 1, NULL, 11),
(101, 1070, 3, 1, NULL, 4),
(102, 1062, 3, 1, NULL, 11),
(103, 1069, 3, 1, NULL, 4),
(104, 1054, 3, 1, NULL, 9),
(105, 1054, 3, 2, NULL, 11),
(106, 1061, 3, 1, NULL, 11),
(107, 1074, 3, 1, NULL, 4),
(108, 1071, 3, 1, NULL, 9),
(109, 1082, 3, 1, NULL, 11),
(110, 1080, 3, 1, NULL, 11),
(111, 670, 3, 1, NULL, 4),
(112, 1092, 3, 1, NULL, 4),
(113, 1129, 3, 1, NULL, 4),
(114, 1072, 3, 1, NULL, 6),
(115, 1072, 3, 2, NULL, 4),
(116, 1096, 3, 1, NULL, 4),
(117, 1036, 3, 1, NULL, 4),
(118, 1078, 3, 1, NULL, 4),
(119, 1094, 3, 1, NULL, 4),
(120, 1031, 3, 1, NULL, 4),
(121, 1101, 3, 1, NULL, 4),
(122, 1051, 3, 1, NULL, 4),
(123, 1155, 3, 1, NULL, 4),
(124, 1125, 3, 1, NULL, 4),
(125, 1093, 3, 1, NULL, 4),
(126, 801, 3, 1, NULL, 4),
(127, 1171, 3, 1, NULL, 4),
(128, 1172, 3, 1, NULL, 7),
(129, 1172, 3, 2, NULL, 4),
(130, 1156, 3, 1, NULL, 8),
(131, 1077, 3, 1, NULL, 7),
(132, 1038, 3, 1, NULL, 7),
(133, 813, 3, 1, NULL, 4),
(134, 842, 3, 1, NULL, 4),
(135, 877, 3, 1, NULL, 4),
(136, 881, 3, 1, NULL, 4),
(137, 1137, 3, 1, NULL, 4),
(138, 886, 3, 1, NULL, 4),
(139, 1198, 3, 1, NULL, 4),
(140, 929, 3, 1, NULL, 4),
(141, 950, 3, 1, NULL, 4),
(142, 949, 3, 1, NULL, 4),
(143, 951, 3, 1, NULL, 4),
(144, 991, 3, 1, NULL, 4),
(145, 953, 3, 1, NULL, 4),
(146, 952, 3, 1, NULL, 4),
(147, 956, 3, 1, NULL, 4),
(148, 1039, 3, 1, NULL, 4),
(149, 1044, 3, 1, NULL, 4),
(150, 1040, 3, 1, NULL, 4),
(151, 1199, 3, 1, NULL, 4),
(152, 1139, 3, 1, NULL, 4),
(153, 1200, 3, 1, NULL, 4),
(154, 1197, 3, 1, NULL, 4),
(155, 1196, 3, 1, NULL, 4),
(156, 1166, 3, 1, NULL, 4),
(157, 1090, 3, 1, NULL, 4),
(158, 1201, 3, 1, NULL, 4),
(159, 1141, 3, 1, NULL, 4),
(160, 1173, 3, 1, NULL, 4),
(161, 1202, 3, 1, NULL, 4),
(162, 1204, 3, 1, NULL, 4),
(163, 1210, 3, 1, NULL, 4),
(164, 1214, 3, 1, NULL, 4),
(165, 1225, 3, 1, NULL, 4),
(166, 1233, 3, 1, NULL, 8),
(167, 1235, 3, 1, NULL, 11),
(168, 1239, 3, 1, NULL, 4),
(169, 1251, 3, 1, NULL, 11),
(170, 1227, 3, 1, NULL, 11),
(171, 1142, 3, 1, NULL, 4),
(172, 1261, 3, 1, NULL, 4),
(173, 1263, 3, 1, NULL, 11),
(174, 1264, 3, 1, NULL, 11),
(179, 1276, 3, 1, NULL, 4),
(180, 1274, 3, 1, NULL, 4),
(181, 1271, 3, 1, NULL, 11),
(182, 1272, 3, 1, NULL, 4),
(183, 1288, 3, 1, NULL, 8),
(184, 1288, 3, 2, NULL, 4),
(185, 1289, 3, 1, NULL, 4),
(186, 1291, 3, 1, NULL, 9),
(187, 1291, 3, 2, NULL, 4),
(188, 1299, 3, 1, NULL, 4),
(189, 1293, 3, 1, NULL, 4),
(190, 1281, 3, 1, NULL, 11),
(191, 1249, 3, 1, NULL, 1),
(192, 1248, 3, 1, NULL, 1),
(193, 1305, 3, 1, NULL, 10),
(194, 1306, 3, 1, NULL, 1),
(195, 1280, 3, 1, NULL, 1),
(196, 1298, 3, 1, NULL, 4),
(197, 1300, 3, 1, NULL, 4),
(198, 1312, 3, 1, NULL, 1),
(199, 1286, 3, 1, NULL, 11),
(200, 1315, 3, 1, NULL, 7),
(201, 1319, 3, 1, NULL, 1),
(202, 1238, 3, 1, NULL, 4),
(203, 1322, 3, 1, NULL, 6),
(204, 1323, 3, 1, NULL, 1),
(205, 1287, 3, 1, NULL, 8),
(206, 1297, 3, 1, NULL, 4),
(207, 1303, 3, 1, NULL, 4),
(208, 1317, 3, 1, NULL, 4),
(209, 1314, 3, 1, NULL, 4),
(210, 1328, 3, 1, NULL, 11),
(211, 1335, 3, 1, NULL, 11),
(212, 1343, 3, 1, NULL, 8),
(213, 1342, 3, 1, NULL, 7),
(214, 1152, 3, 1, NULL, 5),
(215, 1338, 3, 1, NULL, 4),
(216, 1351, 3, 1, NULL, 11),
(217, 1324, 3, 1, NULL, 6),
(218, 1336, 3, 1, NULL, 4),
(219, 1344, 3, 1, NULL, 4),
(220, 1355, 3, 1, NULL, 11),
(221, 1360, 3, 1, NULL, 5),
(222, 1311, 3, 1, NULL, 10),
(223, 1130, 3, 1, NULL, 7),
(224, 1260, 3, 1, NULL, 4),
(227, 1395, 3, 1, NULL, 7);

-- --------------------------------------------------------

--
-- Table structure for table `review_round_files`
--

CREATE TABLE `review_round_files` (
  `submission_id` bigint(20) NOT NULL,
  `review_round_id` bigint(20) NOT NULL,
  `stage_id` tinyint(4) NOT NULL,
  `file_id` bigint(20) NOT NULL,
  `revision` bigint(20) NOT NULL DEFAULT 1
) ENGINE=MyISAM DEFAULT CHARSET=utf8 COLLATE=utf8_general_ci;

--
-- Dumping data for table `review_round_files`
--

INSERT INTO `review_round_files` (`submission_id`, `review_round_id`, `stage_id`, `file_id`, `revision`) VALUES
(379, 1, 3, 471, 1),
(458, 2, 3, 591, 1),
(479, 3, 3, 624, 1),
(479, 3, 3, 625, 1),
(484, 4, 3, 633, 1),
(501, 5, 3, 673, 1),
(499, 6, 3, 683, 1),
(497, 7, 3, 692, 1),
(496, 8, 3, 693, 1),
(498, 9, 3, 694, 1),
(494, 10, 3, 695, 1),
(494, 10, 3, 696, 1),
(493, 11, 3, 698, 1),
(492, 12, 3, 700, 1),
(491, 13, 3, 702, 1),
(490, 14, 3, 704, 1),
(497, 7, 3, 716, 1),
(496, 8, 3, 717, 1),
(498, 9, 3, 718, 1),
(494, 10, 3, 719, 1),
(493, 11, 3, 720, 1),
(492, 12, 3, 721, 1),
(491, 13, 3, 722, 1),
(490, 14, 3, 723, 1),
(529, 15, 3, 740, 1),
(496, 8, 3, 765, 1),
(498, 9, 3, 772, 1),
(490, 14, 3, 777, 1),
(507, 16, 3, 789, 1),
(505, 17, 3, 790, 1),
(503, 18, 3, 791, 1),
(504, 19, 3, 792, 1),
(507, 16, 3, 794, 1),
(539, 20, 3, 796, 1),
(539, 20, 3, 813, 1),
(539, 20, 3, 798, 1),
(542, 21, 3, 815, 1),
(548, 22, 3, 828, 1),
(548, 22, 3, 830, 1),
(492, 12, 3, 835, 1),
(505, 17, 3, 836, 1),
(497, 7, 3, 838, 1),
(505, 17, 3, 841, 1),
(388, 23, 3, 844, 1),
(390, 24, 3, 847, 1),
(390, 24, 3, 848, 1),
(494, 10, 3, 860, 1),
(504, 19, 3, 874, 1),
(503, 18, 3, 883, 1),
(502, 25, 3, 884, 1),
(502, 25, 3, 885, 1),
(503, 18, 3, 886, 1),
(502, 25, 3, 888, 1),
(502, 25, 3, 893, 1),
(566, 26, 3, 927, 1),
(566, 26, 3, 928, 1),
(569, 27, 3, 978, 1),
(588, 28, 3, 979, 1),
(582, 29, 3, 980, 1),
(546, 30, 3, 981, 1),
(565, 31, 3, 982, 1),
(549, 32, 3, 983, 1),
(540, 33, 3, 984, 1),
(540, 33, 3, 985, 1),
(540, 33, 3, 986, 1),
(654, 36, 3, 1217, 1),
(649, 37, 3, 1224, 1),
(700, 38, 3, 1259, 1),
(665, 39, 3, 1260, 1),
(668, 40, 3, 1268, 1),
(717, 41, 3, 1289, 1),
(718, 42, 3, 1290, 1),
(662, 43, 3, 1320, 1),
(662, 43, 3, 1321, 1),
(663, 44, 3, 1329, 1),
(663, 44, 3, 1330, 1),
(693, 45, 3, 1333, 1),
(693, 45, 3, 1334, 1),
(692, 46, 3, 1339, 1),
(692, 46, 3, 1340, 1),
(664, 47, 3, 1345, 1),
(655, 48, 3, 1346, 1),
(678, 49, 3, 1352, 1),
(678, 49, 3, 1353, 1),
(726, 50, 3, 1358, 1),
(726, 50, 3, 1359, 1),
(737, 51, 3, 1384, 1),
(737, 51, 3, 1385, 1),
(649, 37, 3, 1415, 1),
(642, 52, 3, 1416, 1),
(642, 52, 3, 1417, 1),
(739, 53, 3, 1418, 1),
(739, 53, 3, 1419, 1),
(723, 54, 3, 1421, 1),
(723, 54, 3, 1422, 1),
(861, 55, 3, 1592, 1),
(552, 56, 3, 1710, 1),
(552, 56, 3, 1711, 1),
(969, 57, 3, 1745, 1),
(969, 57, 3, 1746, 1),
(758, 58, 3, 1754, 1),
(758, 58, 3, 1755, 1),
(755, 59, 3, 1765, 1),
(755, 59, 3, 1766, 1),
(766, 60, 3, 1775, 1),
(766, 60, 3, 1776, 1),
(769, 61, 3, 1785, 1),
(769, 61, 3, 1786, 1),
(799, 62, 3, 1795, 1),
(799, 62, 3, 1796, 1),
(871, 63, 3, 1805, 1),
(871, 63, 3, 1806, 1),
(870, 64, 3, 1814, 1),
(870, 64, 3, 1815, 1),
(873, 65, 3, 1823, 1),
(873, 65, 3, 1824, 1),
(874, 66, 3, 1834, 1),
(874, 66, 3, 1835, 1),
(958, 67, 3, 1844, 1),
(958, 67, 3, 1845, 1),
(959, 68, 3, 1854, 1),
(959, 68, 3, 1855, 1),
(977, 69, 3, 1876, 1),
(977, 69, 3, 1877, 1),
(978, 70, 3, 1889, 1),
(978, 70, 3, 1890, 1),
(979, 71, 3, 1901, 1),
(979, 71, 3, 1902, 1),
(980, 72, 3, 1911, 1),
(980, 72, 3, 1912, 1),
(981, 73, 3, 1921, 1),
(981, 73, 3, 1922, 1),
(982, 74, 3, 1931, 1),
(982, 74, 3, 1932, 1),
(975, 75, 3, 1941, 1),
(975, 75, 3, 1942, 1),
(985, 76, 3, 1958, 1),
(985, 76, 3, 1959, 1),
(989, 77, 3, 1969, 1),
(989, 77, 3, 1970, 1),
(1010, 78, 3, 2024, 1),
(1010, 78, 3, 2026, 1),
(997, 79, 3, 2027, 1),
(960, 80, 3, 2028, 1),
(997, 79, 3, 2029, 1),
(839, 81, 3, 2036, 1),
(839, 81, 3, 2037, 1),
(851, 82, 3, 2039, 1),
(967, 83, 3, 2041, 1),
(970, 84, 3, 2043, 1),
(839, 81, 3, 2044, 1),
(851, 82, 3, 2045, 1),
(967, 83, 3, 2046, 1),
(970, 84, 3, 2047, 1),
(971, 85, 3, 2050, 1),
(971, 85, 3, 2051, 1),
(973, 86, 3, 2053, 1),
(1001, 87, 3, 2055, 1),
(971, 85, 3, 2056, 1),
(973, 86, 3, 2057, 1),
(1001, 87, 3, 2058, 1),
(974, 88, 3, 2061, 1),
(1028, 89, 3, 2064, 1),
(1024, 90, 3, 2068, 1),
(1029, 91, 3, 2070, 1),
(1028, 89, 3, 2073, 1),
(1024, 90, 3, 2074, 1),
(1024, 90, 3, 2081, 1),
(1010, 78, 3, 2083, 1),
(947, 92, 3, 2084, 1),
(992, 93, 3, 2087, 1),
(947, 92, 3, 2089, 1),
(839, 81, 3, 2094, 1),
(851, 82, 3, 2095, 1),
(642, 52, 3, 2096, 1),
(967, 83, 3, 2097, 1),
(970, 84, 3, 2098, 1),
(971, 85, 3, 2099, 1),
(973, 86, 3, 2100, 1),
(1001, 87, 3, 2101, 1),
(1028, 89, 3, 2102, 1),
(1027, 94, 3, 2103, 1),
(1027, 94, 3, 2104, 1),
(1032, 95, 3, 2106, 1),
(974, 88, 3, 2122, 1),
(1027, 94, 3, 2126, 1),
(1032, 95, 3, 2127, 1),
(1032, 95, 3, 2128, 1),
(926, 96, 3, 2147, 1),
(1027, 94, 3, 2104, 2),
(1027, 94, 3, 2104, 3),
(997, 79, 3, 2154, 1),
(997, 79, 3, 2155, 1),
(997, 79, 3, 2156, 1),
(1048, 97, 3, 2170, 1),
(997, 79, 3, 2176, 1),
(1053, 98, 3, 2184, 1),
(1043, 99, 3, 2189, 1),
(1053, 98, 3, 2195, 1),
(1053, 98, 3, 2208, 1),
(1028, 89, 3, 2102, 2),
(1043, 99, 3, 2210, 1),
(1059, 100, 3, 2213, 1),
(1059, 100, 3, 2214, 1),
(1059, 100, 3, 2216, 1),
(1070, 101, 3, 2229, 1),
(1062, 102, 3, 2231, 1),
(1059, 100, 3, 2232, 1),
(1069, 103, 3, 2236, 1),
(1069, 103, 3, 2237, 1),
(1069, 103, 3, 2238, 1),
(1054, 104, 3, 2242, 1),
(1061, 106, 3, 2245, 1),
(1074, 107, 3, 2261, 1),
(1048, 97, 3, 2259, 1),
(1048, 97, 3, 2258, 1),
(1074, 107, 3, 2262, 1),
(1071, 108, 3, 2263, 1),
(1082, 109, 3, 2274, 1),
(1082, 109, 3, 2275, 1),
(1061, 106, 3, 2281, 1),
(1059, 100, 3, 2291, 1),
(1062, 102, 3, 2296, 1),
(1080, 110, 3, 2312, 1),
(1062, 102, 3, 2317, 1),
(1061, 106, 3, 2332, 1),
(1082, 109, 3, 2334, 1),
(1080, 110, 3, 2344, 1),
(1082, 109, 3, 2349, 1),
(1054, 105, 3, 2355, 1),
(670, 111, 3, 2418, 1),
(1092, 112, 3, 2420, 1),
(1129, 113, 3, 2431, 1),
(1072, 115, 3, 2465, 1),
(1096, 116, 3, 2466, 1),
(1036, 117, 3, 2469, 1),
(1078, 118, 3, 2471, 1),
(1094, 119, 3, 2474, 1),
(1031, 120, 3, 2476, 1),
(1101, 121, 3, 2478, 1),
(1051, 122, 3, 2484, 1),
(1155, 123, 3, 2486, 1),
(1125, 124, 3, 2488, 1),
(1093, 125, 3, 2497, 1),
(801, 126, 3, 2499, 1),
(1171, 127, 3, 2521, 1),
(1172, 128, 3, 2523, 1),
(813, 133, 3, 2585, 1),
(1156, 130, 3, 2527, 1),
(1077, 131, 3, 2529, 1),
(1038, 132, 3, 2530, 1),
(1029, 91, 3, 2541, 1),
(1048, 97, 3, 2542, 1),
(1048, 97, 3, 2542, 2),
(1172, 129, 3, 2580, 1),
(813, 133, 3, 2586, 1),
(842, 134, 3, 2595, 1),
(842, 134, 3, 2596, 1),
(877, 135, 3, 2605, 1),
(877, 135, 3, 2607, 1),
(881, 136, 3, 2615, 1),
(881, 136, 3, 2616, 1),
(1137, 137, 3, 2634, 1),
(886, 138, 3, 2642, 1),
(886, 138, 3, 2643, 1),
(1198, 139, 3, 2651, 1),
(1198, 139, 3, 2652, 1),
(929, 140, 3, 2661, 1),
(929, 140, 3, 2662, 1),
(950, 141, 3, 2670, 1),
(950, 141, 3, 2671, 1),
(949, 142, 3, 2678, 1),
(949, 142, 3, 2679, 1),
(951, 143, 3, 2688, 1),
(951, 143, 3, 2689, 1),
(991, 144, 3, 2698, 1),
(991, 144, 3, 2699, 1),
(953, 145, 3, 2707, 1),
(953, 145, 3, 2708, 1),
(952, 146, 3, 2716, 1),
(952, 146, 3, 2717, 1),
(956, 147, 3, 2727, 1),
(956, 147, 3, 2728, 1),
(1039, 148, 3, 2736, 1),
(1039, 148, 3, 2737, 1),
(1044, 149, 3, 2745, 1),
(1044, 149, 3, 2746, 1),
(1040, 150, 3, 2755, 1),
(1040, 150, 3, 2756, 1),
(1199, 151, 3, 2765, 1),
(1199, 151, 3, 2766, 1),
(1139, 152, 3, 2774, 1),
(1139, 152, 3, 2775, 1),
(1200, 153, 3, 2785, 1),
(1200, 153, 3, 2786, 1),
(1197, 154, 3, 2792, 1),
(1196, 155, 3, 2794, 1),
(1196, 155, 3, 2795, 1),
(1166, 156, 3, 2803, 1),
(1090, 157, 3, 2809, 1),
(1090, 157, 3, 2810, 1),
(1201, 158, 3, 2819, 1),
(1201, 158, 3, 2820, 1),
(1141, 159, 3, 2828, 1),
(1141, 159, 3, 2829, 1),
(1173, 160, 3, 2837, 1),
(1173, 160, 3, 2838, 1),
(1202, 161, 3, 2847, 1),
(1202, 161, 3, 2848, 1),
(1197, 154, 3, 2855, 1),
(1197, 154, 3, 2856, 1),
(1197, 154, 3, 2855, 2),
(1204, 162, 3, 2881, 1),
(1204, 162, 3, 2882, 1),
(1204, 162, 3, 2883, 1),
(1210, 163, 3, 2897, 1),
(1210, 163, 3, 2898, 1),
(1214, 164, 3, 2921, 1),
(1225, 165, 3, 2937, 1),
(1214, 164, 3, 2938, 1),
(1214, 164, 3, 2939, 1),
(1214, 164, 3, 2938, 2),
(1233, 166, 3, 2958, 1),
(1235, 167, 3, 2974, 1),
(1239, 168, 3, 2991, 1),
(1251, 169, 3, 2995, 1),
(1227, 170, 3, 2996, 1),
(1142, 171, 3, 2998, 1),
(1142, 171, 3, 2999, 1),
(1235, 167, 3, 3000, 1),
(1235, 167, 3, 3007, 1),
(1261, 172, 3, 3017, 1),
(1263, 173, 3, 3023, 1),
(1264, 174, 3, 3025, 1),
(1264, 174, 3, 3026, 1),
(1266, 175, 3, 3034, 1),
(1266, 175, 3, 3035, 1),
(1266, 175, 3, 3036, 1),
(1266, 175, 3, 3039, 1),
(1270, 176, 3, 3051, 1),
(1270, 176, 3, 3052, 1),
(1264, 174, 3, 3053, 1),
(1278, 177, 3, 3076, 1),
(1279, 178, 3, 3077, 1),
(1264, 174, 3, 3053, 2),
(1276, 179, 3, 3086, 1),
(1276, 179, 3, 3087, 1),
(1274, 180, 3, 3091, 1),
(1261, 172, 3, 3092, 1),
(1271, 181, 3, 3097, 1),
(1278, 177, 3, 3102, 1),
(1272, 182, 3, 3104, 1),
(1288, 183, 3, 3116, 1),
(1288, 183, 3, 3114, 1),
(1289, 185, 3, 3120, 1),
(1289, 185, 3, 3130, 1),
(1261, 172, 3, 3136, 1),
(1291, 186, 3, 3139, 1),
(1274, 180, 3, 3165, 1),
(1312, 198, 3, 3209, 1),
(1261, 172, 3, 3145, 1),
(1263, 173, 3, 3167, 1),
(1299, 188, 3, 3169, 1),
(1293, 189, 3, 3170, 1),
(1274, 180, 3, 3173, 1),
(1281, 190, 3, 3176, 1),
(1249, 191, 3, 3177, 1),
(1248, 192, 3, 3178, 1),
(1305, 193, 3, 3179, 1),
(1306, 194, 3, 3180, 1),
(1280, 195, 3, 3181, 1),
(1271, 181, 3, 3186, 1),
(1298, 196, 3, 3198, 1),
(1300, 197, 3, 3205, 1),
(1298, 196, 3, 3207, 1),
(1286, 199, 3, 3210, 1),
(1286, 199, 3, 3211, 1),
(1249, 191, 3, 3212, 1),
(1276, 179, 3, 3216, 1),
(1298, 196, 3, 3226, 1),
(1312, 198, 3, 3227, 1),
(1315, 200, 3, 3230, 1),
(1319, 201, 3, 3245, 1),
(1238, 202, 3, 3254, 1),
(1322, 203, 3, 3255, 1),
(1323, 204, 3, 3256, 1),
(1287, 205, 3, 3257, 1),
(1297, 206, 3, 3261, 1),
(1303, 207, 3, 3264, 1),
(1297, 206, 3, 3267, 1),
(1298, 196, 3, 3226, 2),
(1293, 189, 3, 3273, 1),
(1317, 208, 3, 3277, 1),
(1289, 185, 3, 3292, 1),
(1248, 192, 3, 3293, 1),
(1227, 170, 3, 3295, 1),
(1293, 189, 3, 3296, 1),
(1314, 209, 3, 3301, 1),
(1314, 209, 3, 3302, 1),
(1263, 173, 3, 3303, 1),
(1328, 210, 3, 3307, 1),
(1298, 196, 3, 3313, 1),
(1276, 179, 3, 3323, 1),
(1335, 211, 3, 3332, 1),
(1335, 211, 3, 3333, 1),
(1248, 192, 3, 3336, 1),
(1251, 169, 3, 3338, 1),
(1343, 212, 3, 3344, 1),
(1342, 213, 3, 3345, 1),
(1303, 207, 3, 3346, 1),
(1317, 208, 3, 3349, 1),
(1293, 189, 3, 3356, 1),
(1152, 214, 3, 3373, 1),
(1328, 210, 3, 3375, 1),
(1328, 210, 3, 3377, 1),
(1317, 208, 3, 3409, 1),
(1338, 215, 3, 3381, 1),
(1351, 216, 3, 3382, 1),
(1324, 217, 3, 3384, 1),
(1336, 218, 3, 3387, 1),
(1344, 219, 3, 3389, 1),
(1279, 178, 3, 3396, 1),
(1355, 220, 3, 3397, 1),
(1338, 215, 3, 3398, 1),
(1338, 215, 3, 3399, 1),
(1351, 216, 3, 3407, 1),
(1344, 219, 3, 3408, 1),
(1360, 221, 3, 3412, 1),
(1297, 206, 3, 3413, 1),
(1328, 210, 3, 3417, 1),
(1311, 222, 3, 3420, 1),
(1317, 208, 3, 3421, 1),
(1351, 216, 3, 3429, 1),
(1344, 219, 3, 3430, 1),
(1278, 177, 3, 3432, 1),
(1286, 199, 3, 3435, 1),
(1280, 195, 3, 3436, 1),
(1338, 215, 3, 3437, 1),
(1279, 178, 3, 3438, 1),
(1355, 220, 3, 3440, 1),
(1227, 170, 3, 3446, 1),
(1227, 170, 3, 3446, 2),
(1344, 219, 3, 3447, 1),
(1344, 219, 3, 3448, 1),
(1303, 207, 3, 3455, 1),
(1360, 221, 3, 3456, 1),
(1303, 207, 3, 3468, 1),
(1338, 215, 3, 3477, 1),
(1336, 218, 3, 3485, 1),
(1355, 220, 3, 3487, 1),
(1335, 211, 3, 3489, 1),
(1130, 223, 3, 3491, 1),
(1260, 224, 3, 3492, 1),
(1260, 224, 3, 3493, 1),
(1251, 169, 3, 3496, 1),
(1281, 190, 3, 3503, 1),
(1300, 197, 3, 3513, 1),
(1238, 202, 3, 3514, 1),
(1336, 218, 3, 3537, 1),
(1300, 197, 3, 3538, 1),
(1300, 197, 3, 3538, 2),
(1286, 199, 3, 3549, 1),
(1387, 225, 3, 3609, 1),
(1395, 227, 3, 3631, 1),
(1323, 204, 3, 3691, 1),
(1306, 194, 3, 3694, 1),
(1306, 194, 3, 3705, 1),
(1343, 212, 3, 3709, 1),
(1343, 212, 3, 3710, 1),
(1287, 205, 3, 3717, 1),
(1343, 212, 3, 3718, 1);

-- --------------------------------------------------------

--
-- Table structure for table `rt_contexts`
--

CREATE TABLE `rt_contexts` (
  `context_id` bigint(20) NOT NULL,
  `version_id` bigint(20) NOT NULL,
  `title` varchar(120) NOT NULL,
  `abbrev` varchar(32) NOT NULL,
  `description` text DEFAULT NULL,
  `cited_by` tinyint(4) NOT NULL DEFAULT 0,
  `author_terms` tinyint(4) NOT NULL DEFAULT 0,
  `define_terms` tinyint(4) NOT NULL DEFAULT 0,
  `geo_terms` tinyint(4) NOT NULL DEFAULT 0,
  `seq` double NOT NULL DEFAULT 0
) ENGINE=MyISAM DEFAULT CHARSET=utf8 COLLATE=utf8_general_ci;

-- --------------------------------------------------------

--
-- Table structure for table `rt_searches`
--

CREATE TABLE `rt_searches` (
  `search_id` bigint(20) NOT NULL,
  `context_id` bigint(20) NOT NULL,
  `title` varchar(120) NOT NULL,
  `description` text DEFAULT NULL,
  `url` text DEFAULT NULL,
  `search_url` text DEFAULT NULL,
  `search_post` text DEFAULT NULL,
  `seq` double NOT NULL DEFAULT 0
) ENGINE=MyISAM DEFAULT CHARSET=utf8 COLLATE=utf8_general_ci;

-- --------------------------------------------------------

--
-- Table structure for table `rt_versions`
--

CREATE TABLE `rt_versions` (
  `version_id` bigint(20) NOT NULL,
  `journal_id` bigint(20) NOT NULL,
  `version_key` varchar(40) NOT NULL,
  `locale` varchar(14) DEFAULT 'en_US',
  `title` varchar(120) NOT NULL,
  `description` text DEFAULT NULL
) ENGINE=MyISAM DEFAULT CHARSET=utf8 COLLATE=utf8_general_ci;

-- --------------------------------------------------------

--
-- Table structure for table `scheduled_tasks`
--

CREATE TABLE `scheduled_tasks` (
  `class_name` varchar(255) NOT NULL,
  `last_run` datetime DEFAULT NULL
) ENGINE=MyISAM DEFAULT CHARSET=utf8 COLLATE=utf8_general_ci;

--
-- Dumping data for table `scheduled_tasks`
--

INSERT INTO `scheduled_tasks` (`class_name`, `last_run`) VALUES
('plugins.generic.usageStats.UsageStatsLoader', '2023-06-29 22:10:20'),
('plugins.importexport.crossref.CrossrefInfoSender', '2023-06-29 22:10:29'),
('plugins.importexport.datacite.DataciteInfoSender', '2023-06-29 22:35:33'),
('plugins.importexport.doaj.DOAJInfoSender', '2023-06-29 22:44:47'),
('plugins.importexport.medra.MedraInfoSender', '2023-06-29 22:44:47'),
('lib.pkp.classes.task.ReviewReminder', '2023-06-29 22:44:47');

-- --------------------------------------------------------

--
-- Table structure for table `sections`
--

CREATE TABLE `sections` (
  `section_id` bigint(20) NOT NULL,
  `journal_id` bigint(20) NOT NULL,
  `review_form_id` bigint(20) DEFAULT NULL,
  `seq` double NOT NULL DEFAULT 0,
  `editor_restricted` tinyint(4) NOT NULL DEFAULT 0,
  `meta_indexed` tinyint(4) NOT NULL DEFAULT 0,
  `meta_reviewed` tinyint(4) NOT NULL DEFAULT 1,
  `abstracts_not_required` tinyint(4) NOT NULL DEFAULT 0,
  `hide_title` tinyint(4) NOT NULL DEFAULT 0,
  `hide_author` tinyint(4) NOT NULL DEFAULT 0,
  `abstract_word_count` bigint(20) DEFAULT NULL
) ENGINE=MyISAM DEFAULT CHARSET=utf8 COLLATE=utf8_general_ci;

--
-- Dumping data for table `sections`
--

INSERT INTO `sections` (`section_id`, `journal_id`, `review_form_id`, `seq`, `editor_restricted`, `meta_indexed`, `meta_reviewed`, `abstracts_not_required`, `hide_title`, `hide_author`, `abstract_word_count`) VALUES
(1, 1, 1, 0, 0, 1, 1, 0, 0, 0, NULL),
(2, 2, 0, 0, 0, 1, 1, 0, 0, 0, NULL),
(3, 3, 0, 0, 0, 1, 1, 0, 0, 0, 0),
(4, 4, 0, 0, 0, 1, 1, 0, 0, 0, NULL),
(5, 5, 0, 0, 0, 1, 1, 0, 0, 0, 0),
(6, 6, 0, 0, 0, 1, 1, 0, 0, 0, 0),
(7, 7, 0, 0, 0, 1, 1, 0, 0, 0, 0);

-- --------------------------------------------------------

--
-- Table structure for table `section_editors`
--

CREATE TABLE `section_editors` (
  `context_id` bigint(20) NOT NULL,
  `section_id` bigint(20) NOT NULL,
  `user_id` bigint(20) NOT NULL
) ENGINE=MyISAM DEFAULT CHARSET=utf8 COLLATE=utf8_general_ci;

--
-- Dumping data for table `section_editors`
--

INSERT INTO `section_editors` (`context_id`, `section_id`, `user_id`) VALUES
(1, 1, 11),
(1, 1, 58),
(4, 4, 10);

-- --------------------------------------------------------

--
-- Table structure for table `section_settings`
--

CREATE TABLE `section_settings` (
  `section_id` bigint(20) NOT NULL,
  `locale` varchar(14) NOT NULL DEFAULT '',
  `setting_name` varchar(255) NOT NULL,
  `setting_value` text DEFAULT NULL,
  `setting_type` varchar(6) NOT NULL
) ENGINE=MyISAM DEFAULT CHARSET=utf8 COLLATE=utf8_general_ci;

--
-- Dumping data for table `section_settings`
--

INSERT INTO `section_settings` (`section_id`, `locale`, `setting_name`, `setting_value`, `setting_type`) VALUES
(1, 'en_US', 'title', 'Articles', 'string'),
(1, 'en_US', 'policy', '', 'string'),
(1, 'en_US', 'abbrev', 'ART', 'string'),
(2, 'en_US', 'title', 'Articles', 'string'),
(2, 'en_US', 'policy', '', 'string'),
(2, 'en_US', 'abbrev', 'ART', 'string'),
(3, 'en_US', 'title', 'Articles', 'string'),
(3, 'en_US', 'policy', '', 'string'),
(3, 'en_US', 'abbrev', 'ART', 'string'),
(4, 'en_US', 'title', 'Articles', 'string'),
(4, 'en_US', 'policy', '', 'string'),
(4, 'en_US', 'abbrev', 'ART', 'string'),
(2, 'en_US', 'identifyType', '', 'string'),
(1, 'en_US', 'identifyType', '', 'string'),
(4, 'en_US', 'identifyType', '', 'string'),
(5, 'en_US', 'title', 'Articles', 'string'),
(5, 'en_US', 'policy', '', 'string'),
(5, 'en_US', 'abbrev', 'ART', 'string'),
(6, 'en_US', 'title', 'Articles', 'string'),
(6, 'en_US', 'policy', '', 'string'),
(6, 'en_US', 'abbrev', 'ART', 'string'),
(7, 'en_US', 'title', 'Articles', 'string'),
(7, 'en_US', 'policy', '', 'string'),
(7, 'en_US', 'abbrev', 'ART', 'string');

-- --------------------------------------------------------

--
-- Table structure for table `sessions`
--

CREATE TABLE `sessions` (
  `session_id` varchar(128) NOT NULL,
  `user_id` bigint(20) DEFAULT NULL,
  `ip_address` varchar(39) NOT NULL,
  `user_agent` varchar(255) DEFAULT NULL,
  `created` bigint(20) NOT NULL DEFAULT 0,
  `last_used` bigint(20) NOT NULL DEFAULT 0,
  `remember` tinyint(4) NOT NULL DEFAULT 0,
  `data` text DEFAULT NULL,
  `domain` varchar(255) DEFAULT NULL
) ENGINE=MyISAM DEFAULT CHARSET=utf8 COLLATE=utf8_general_ci;

--
-- Dumping data for table `sessions`
--

INSERT INTO `sessions` (`session_id`, `user_id`, `ip_address`, `user_agent`, `created`, `last_used`, `remember`, `data`, `domain`) VALUES
('1b831390ca7b31c3992e783f17cdbcf7', NULL, '114.125.92.105', 'Mozilla/5.0 (Linux; Android 11; CPH1933) AppleWebKit/537.36 (KHTML, like Gecko) Chrome/107.0.0.0 Mobile Safari/537.36', 1688138467, 1688138467, 0, '', 'jurnal.plb.ac.id'),
('22768298a6cd13e115292984448c2fc2', NULL, '114.125.92.105', 'Mozilla/5.0 (Linux; Android 11; CPH1933) AppleWebKit/537.36 (KHTML, like Gecko) Chrome/107.0.0.0 Mobile Safari/537.36', 1688138467, 1688138467, 0, 'csrf|a:2:{s:9:\"timestamp\";i:1688138467;s:5:\"token\";s:32:\"1df4541e9fee58a813da3a7edcff5eb7\";}', 'jurnal.plb.ac.id'),
('bd7c62a32625cf2b181d4f70ab59894b', NULL, '51.222.253.7', 'Mozilla/5.0 (compatible; AhrefsBot/7.0; +http://ahrefs.com/robot/)', 1688138468, 1688138468, 0, '', 'www.jurnal.plb.ac.id'),
('ce1a11bd79ded4271cb8ebcb787f1df5', NULL, '51.222.253.1', 'Mozilla/5.0 (compatible; AhrefsBot/7.0; +http://ahrefs.com/robot/)', 1688139353, 1688139353, 0, '', 'www.jurnal.plb.ac.id'),
('928f940f6a484d58f81f1f5646feb36e', NULL, '51.222.253.13', 'Mozilla/5.0 (compatible; AhrefsBot/7.0; +http://ahrefs.com/robot/)', 1688138473, 1688138473, 0, '', 'www.jurnal.plb.ac.id'),
('39dd77257a52d9412216dfbf6a38fd65', NULL, '51.222.253.5', 'Mozilla/5.0 (compatible; AhrefsBot/7.0; +http://ahrefs.com/robot/)', 1688138477, 1688138477, 0, '', 'www.jurnal.plb.ac.id'),
('916026a7bf385e352b77528052fb8496', NULL, '51.222.253.19', 'Mozilla/5.0 (compatible; AhrefsBot/7.0; +http://ahrefs.com/robot/)', 1688138482, 1688138482, 0, '', 'www.jurnal.plb.ac.id'),
('d5ed091002a5d5a617e92fce066875fc', NULL, '51.222.253.19', 'Mozilla/5.0 (compatible; AhrefsBot/7.0; +http://ahrefs.com/robot/)', 1688138488, 1688138488, 0, '', 'www.jurnal.plb.ac.id'),
('654a4ee54c15b0619c1305b6818efbde', NULL, '51.222.253.14', 'Mozilla/5.0 (compatible; AhrefsBot/7.0; +http://ahrefs.com/robot/)', 1688138496, 1688138496, 0, '', 'www.jurnal.plb.ac.id'),
('a95137c552db01d07ccda3c13afc4b10', NULL, '40.77.167.248', 'Mozilla/5.0 AppleWebKit/537.36 (KHTML, like Gecko; compatible; bingbot/2.0; +http://www.bing.com/bingbot.htm) Chrome/103.0.5060.134 Safari/537.36', 1688138497, 1688138497, 0, 'csrf|a:2:{s:9:\"timestamp\";i:1688138497;s:5:\"token\";s:32:\"2617c6f19a1f0ef509d3201a773355ca\";}', 'jurnal.plb.ac.id'),
('35b26b0ebb94193b1548f8fd6d9d3e89', NULL, '180.251.127.9', 'Mozilla/5.0 (Windows NT 10.0; Win64; x64) AppleWebKit/537.36 (KHTML, like Gecko) Chrome/114.0.0.0 Safari/537.36', 1688138500, 1688138500, 0, '', 'www.jurnal.plb.ac.id'),
('n7atp89p228strst684i9aclq1', NULL, '180.251.127.9', 'Mozilla/5.0 (Windows NT 10.0; Win64; x64) AppleWebKit/537.36 (KHTML, like Gecko) Chrome/114.0.0.0 Safari/537.36', 1688138504, 1688138544, 0, 'csrf|a:2:{s:9:\"timestamp\";i:1688138544;s:5:\"token\";s:32:\"5fe4d484e9a7a71398e53590427b5734\";}', 'www.jurnal.plb.ac.id'),
('6u606h5mp2igt3puhm1pdh4cu3', NULL, '51.222.253.8', 'Mozilla/5.0 (compatible; AhrefsBot/7.0; +http://ahrefs.com/robot/)', 1688138504, 1688138504, 0, '', 'www.jurnal.plb.ac.id'),
('2cob1bsng8nj4fob77qdfj29t0', NULL, '51.222.253.13', 'Mozilla/5.0 (compatible; AhrefsBot/7.0; +http://ahrefs.com/robot/)', 1688138522, 1688138522, 0, '', 'www.jurnal.plb.ac.id'),
('q47vndkns45tplr37br92m18e3', NULL, '51.222.253.6', 'Mozilla/5.0 (compatible; AhrefsBot/7.0; +http://ahrefs.com/robot/)', 1688138510, 1688138510, 0, '', 'www.jurnal.plb.ac.id'),
('memv1h7hturh7sonoia5frspl4', NULL, '51.222.253.10', 'Mozilla/5.0 (compatible; AhrefsBot/7.0; +http://ahrefs.com/robot/)', 1688138540, 1688138540, 0, '', 'www.jurnal.plb.ac.id'),
('8482a9pqp6hhfr1rtb1qdheln0', NULL, '51.222.253.15', 'Mozilla/5.0 (compatible; AhrefsBot/7.0; +http://ahrefs.com/robot/)', 1688138518, 1688138518, 0, '', 'www.jurnal.plb.ac.id'),
('h6ip9vhefg6ingn18kd2l256b2', NULL, '51.222.253.12', 'Mozilla/5.0 (compatible; AhrefsBot/7.0; +http://ahrefs.com/robot/)', 1688138527, 1688138527, 0, '', 'www.jurnal.plb.ac.id'),
('d3nd083r4k3826l1u121lgun14', NULL, '51.222.253.11', 'Mozilla/5.0 (compatible; AhrefsBot/7.0; +http://ahrefs.com/robot/)', 1688138533, 1688138533, 0, '', 'www.jurnal.plb.ac.id'),
('ciff7nh9vlntitbhng5fiqgbu1', NULL, '51.222.253.16', 'Mozilla/5.0 (compatible; AhrefsBot/7.0; +http://ahrefs.com/robot/)', 1688138544, 1688138544, 0, '', 'www.jurnal.plb.ac.id'),
('vhs1nnskb6s7b621ht7ncr2l56', NULL, '51.222.253.17', 'Mozilla/5.0 (compatible; AhrefsBot/7.0; +http://ahrefs.com/robot/)', 1688138548, 1688138548, 0, '', 'www.jurnal.plb.ac.id'),
('sr33r6j7dpjm6mbsj97dcgj7v7', NULL, '51.222.253.11', 'Mozilla/5.0 (compatible; AhrefsBot/7.0; +http://ahrefs.com/robot/)', 1688138556, 1688138556, 0, '', 'www.jurnal.plb.ac.id'),
('3tufff9mf66g915df6f2jl8nm4', NULL, '51.222.253.2', 'Mozilla/5.0 (compatible; AhrefsBot/7.0; +http://ahrefs.com/robot/)', 1688138560, 1688138560, 0, '', 'www.jurnal.plb.ac.id'),
('00bac92f8ca95c1711202339755677b1', NULL, '51.222.253.19', 'Mozilla/5.0 (compatible; AhrefsBot/7.0; +http://ahrefs.com/robot/)', 1688138566, 1688138566, 0, '', 'www.jurnal.plb.ac.id'),
('33fbd6a07b34f8d6ff398b8ca1eb6e14', NULL, '52.167.144.146', 'Mozilla/5.0 AppleWebKit/537.36 (KHTML, like Gecko; compatible; bingbot/2.0; +http://www.bing.com/bingbot.htm) Chrome/103.0.5060.134 Safari/537.36', 1688138571, 1688138571, 0, 'csrf|a:2:{s:9:\"timestamp\";i:1688138571;s:5:\"token\";s:32:\"f8e6c3b9e128b42cc78300009bb63f0b\";}', 'jurnal.plb.ac.id'),
('3c6945920178a7e7188404b0b31d43a4', NULL, '51.222.253.9', 'Mozilla/5.0 (compatible; AhrefsBot/7.0; +http://ahrefs.com/robot/)', 1688138573, 1688138573, 0, '', 'www.jurnal.plb.ac.id'),
('5d313b7c0b591c6db314c582194b2c18', NULL, '51.222.253.19', 'Mozilla/5.0 (compatible; AhrefsBot/7.0; +http://ahrefs.com/robot/)', 1688138580, 1688138580, 0, '', 'www.jurnal.plb.ac.id'),
('11d4aa59ac5d855575d973108ad62a16', NULL, '51.222.253.6', 'Mozilla/5.0 (compatible; AhrefsBot/7.0; +http://ahrefs.com/robot/)', 1688138584, 1688138584, 0, '', 'www.jurnal.plb.ac.id'),
('45a2c7707c1a86b1ec15b8c8dfbd0531', NULL, '51.222.253.17', 'Mozilla/5.0 (compatible; AhrefsBot/7.0; +http://ahrefs.com/robot/)', 1688138592, 1688138592, 0, '', 'www.jurnal.plb.ac.id'),
('9873049b2bea72b94b1fcef2875a2d53', NULL, '51.222.253.7', 'Mozilla/5.0 (compatible; AhrefsBot/7.0; +http://ahrefs.com/robot/)', 1688138599, 1688138599, 0, '', 'www.jurnal.plb.ac.id'),
('ed6a5dd2f7cfaa768ce8b43ae316b5f2', NULL, '51.222.253.8', 'Mozilla/5.0 (compatible; AhrefsBot/7.0; +http://ahrefs.com/robot/)', 1688138603, 1688138603, 0, '', 'www.jurnal.plb.ac.id'),
('16c079a6581ba1dc422eb2f0afa35ea4', NULL, '51.222.253.12', 'Mozilla/5.0 (compatible; AhrefsBot/7.0; +http://ahrefs.com/robot/)', 1688138609, 1688138609, 0, '', 'www.jurnal.plb.ac.id'),
('b9d563410d888ac13da7b2b9916c6858', NULL, '51.222.253.16', 'Mozilla/5.0 (compatible; AhrefsBot/7.0; +http://ahrefs.com/robot/)', 1688138613, 1688138613, 0, '', 'www.jurnal.plb.ac.id'),
('d80b50f6e3baa969093cd9429c54198a', NULL, '52.167.144.146', 'Mozilla/5.0 AppleWebKit/537.36 (KHTML, like Gecko; compatible; bingbot/2.0; +http://www.bing.com/bingbot.htm) Chrome/103.0.5060.134 Safari/537.36', 1688138619, 1688138619, 0, '', 'jurnal.plb.ac.id'),
('607a84c360ccb0633fb398ddc7066bd7', NULL, '51.222.253.11', 'Mozilla/5.0 (compatible; AhrefsBot/7.0; +http://ahrefs.com/robot/)', 1688138620, 1688138620, 0, '', 'www.jurnal.plb.ac.id'),
('194b96d995c0f6167aced9edb1a057b9', NULL, '51.222.253.7', 'Mozilla/5.0 (compatible; AhrefsBot/7.0; +http://ahrefs.com/robot/)', 1688138626, 1688138626, 0, '', 'www.jurnal.plb.ac.id'),
('3e83ffc920e9e76561e1b9d1366059ed', NULL, '182.2.42.36', 'Mozilla/5.0 (Windows NT 10.0; Win64; x64) AppleWebKit/537.36 (KHTML, like Gecko) Chrome/114.0.0.0 Safari/537.36', 1688138627, 1688138652, 0, '', 'jurnal.plb.ac.id'),
('fa9dea911d4858993fb2fd407c3a1cd4', NULL, '51.222.253.17', 'Mozilla/5.0 (compatible; AhrefsBot/7.0; +http://ahrefs.com/robot/)', 1688138632, 1688138632, 0, '', 'www.jurnal.plb.ac.id'),
('76576e1a3a82d9c557deef52360ab4e1', NULL, '51.222.253.17', 'Mozilla/5.0 (compatible; AhrefsBot/7.0; +http://ahrefs.com/robot/)', 1688138637, 1688138637, 0, '', 'www.jurnal.plb.ac.id'),
('43c9485d4705f413c35ce9c9ef6bf92e', NULL, '51.222.253.3', 'Mozilla/5.0 (compatible; AhrefsBot/7.0; +http://ahrefs.com/robot/)', 1688138641, 1688138641, 0, '', 'www.jurnal.plb.ac.id'),
('710c3d8fa59a8f2953f1ec32e391d4d3', NULL, '40.77.167.248', 'Mozilla/5.0 AppleWebKit/537.36 (KHTML, like Gecko; compatible; bingbot/2.0; +http://www.bing.com/bingbot.htm) Chrome/103.0.5060.134 Safari/537.36', 1688138645, 1688138645, 0, '', 'jurnal.plb.ac.id'),
('29afa71358c8bf00113230e3ddf0c562', NULL, '40.77.167.248', 'Mozilla/5.0 AppleWebKit/537.36 (KHTML, like Gecko; compatible; bingbot/2.0; +http://www.bing.com/bingbot.htm) Chrome/103.0.5060.134 Safari/537.36', 1688138645, 1688138645, 0, '', 'jurnal.plb.ac.id'),
('32880401f1d51aa26db58bd45542723a', NULL, '51.222.253.2', 'Mozilla/5.0 (compatible; AhrefsBot/7.0; +http://ahrefs.com/robot/)', 1688138648, 1688138648, 0, '', 'www.jurnal.plb.ac.id'),
('2a9df6b40714afdfc956d2eca926d080', NULL, '52.167.144.146', 'Mozilla/5.0 AppleWebKit/537.36 (KHTML, like Gecko; compatible; bingbot/2.0; +http://www.bing.com/bingbot.htm) Chrome/103.0.5060.134 Safari/537.36', 1688138649, 1688138649, 0, '', 'jurnal.plb.ac.id'),
('0f39a1578f84fe09fd6f9ca79adb05d9', NULL, '52.167.144.146', 'Mozilla/5.0 AppleWebKit/537.36 (KHTML, like Gecko; compatible; bingbot/2.0; +http://www.bing.com/bingbot.htm) Chrome/103.0.5060.134 Safari/537.36', 1688138649, 1688138649, 0, '', 'jurnal.plb.ac.id'),
('f8de526199971aba1c1ac3e4b6ee1956', NULL, '40.77.167.195', 'Mozilla/5.0 AppleWebKit/537.36 (KHTML, like Gecko; compatible; bingbot/2.0; +http://www.bing.com/bingbot.htm) Chrome/103.0.5060.134 Safari/537.36', 1688138649, 1688138649, 0, '', 'jurnal.plb.ac.id'),
('d4fd3561f055d6b2970d00872f7c4c7c', NULL, '52.167.144.146', 'Mozilla/5.0 AppleWebKit/537.36 (KHTML, like Gecko; compatible; bingbot/2.0; +http://www.bing.com/bingbot.htm) Chrome/103.0.5060.134 Safari/537.36', 1688138649, 1688138649, 0, '', 'jurnal.plb.ac.id'),
('5ff557621644e982f2e32a4f7381d898', NULL, '52.167.144.146', 'Mozilla/5.0 AppleWebKit/537.36 (KHTML, like Gecko; compatible; bingbot/2.0; +http://www.bing.com/bingbot.htm) Chrome/103.0.5060.134 Safari/537.36', 1688138650, 1688138650, 0, '', 'jurnal.plb.ac.id'),
('57cd071c81d1f450dd5305c52e2ce745', NULL, '51.222.253.4', 'Mozilla/5.0 (compatible; AhrefsBot/7.0; +http://ahrefs.com/robot/)', 1688138653, 1688138653, 0, '', 'www.jurnal.plb.ac.id'),
('6bc9d040856b8c9175eebf0c807b3047', NULL, '51.222.253.12', 'Mozilla/5.0 (compatible; AhrefsBot/7.0; +http://ahrefs.com/robot/)', 1688138658, 1688138658, 0, '', 'www.jurnal.plb.ac.id'),
('75425ef6fe0da3439328583a87506412', NULL, '40.77.167.195', 'Mozilla/5.0 AppleWebKit/537.36 (KHTML, like Gecko; compatible; bingbot/2.0; +http://www.bing.com/bingbot.htm) Chrome/103.0.5060.134 Safari/537.36', 1688138659, 1688138659, 0, '', 'jurnal.plb.ac.id'),
('4b9f7c02068bd12c9b59fa9271b6068e', NULL, '40.77.167.195', 'Mozilla/5.0 AppleWebKit/537.36 (KHTML, like Gecko; compatible; bingbot/2.0; +http://www.bing.com/bingbot.htm) Chrome/103.0.5060.134 Safari/537.36', 1688138660, 1688138660, 0, '', 'jurnal.plb.ac.id'),
('ab867aa46a98d63b764156ee857aaf0e', NULL, '51.222.253.17', 'Mozilla/5.0 (compatible; AhrefsBot/7.0; +http://ahrefs.com/robot/)', 1688138664, 1688138664, 0, '', 'www.jurnal.plb.ac.id'),
('c49018f1b2c4bd21e6957bb8c1978e7d', NULL, '125.166.3.122', 'Mozilla/5.0 (Windows NT 10.0; Win64; x64) AppleWebKit/537.36 (KHTML, like Gecko) Chrome/114.0.0.0 Safari/537.36', 1688138666, 1688139606, 0, 'csrf|a:2:{s:9:\"timestamp\";i:1688138761;s:5:\"token\";s:32:\"a7e8f4d902131c173a46808f77638150\";}', 'www.jurnal.plb.ac.id'),
('6df48bf8f15573cc89a5c9dae8fadb14', NULL, '51.222.253.18', 'Mozilla/5.0 (compatible; AhrefsBot/7.0; +http://ahrefs.com/robot/)', 1688138668, 1688138668, 0, '', 'www.jurnal.plb.ac.id'),
('944c95591a4f4df831a2a563ae669c31', NULL, '51.222.253.18', 'Mozilla/5.0 (compatible; AhrefsBot/7.0; +http://ahrefs.com/robot/)', 1688138673, 1688138673, 0, '', 'www.jurnal.plb.ac.id'),
('b1fd4a0b8c3c6b738ed0802787a2733a', NULL, '51.222.253.9', 'Mozilla/5.0 (compatible; AhrefsBot/7.0; +http://ahrefs.com/robot/)', 1688138679, 1688138679, 0, '', 'www.jurnal.plb.ac.id'),
('6727210ead001a7628d01b2ad8c9ddf5', NULL, '51.222.253.2', 'Mozilla/5.0 (compatible; AhrefsBot/7.0; +http://ahrefs.com/robot/)', 1688138684, 1688138684, 0, '', 'www.jurnal.plb.ac.id'),
('d67ee8447e9d4fd3f5e17cae29eb1b9e', NULL, '51.222.253.1', 'Mozilla/5.0 (compatible; AhrefsBot/7.0; +http://ahrefs.com/robot/)', 1688138690, 1688138690, 0, '', 'www.jurnal.plb.ac.id'),
('c49006c82a5893d604f557f0f1380f3d', NULL, '51.222.253.4', 'Mozilla/5.0 (compatible; AhrefsBot/7.0; +http://ahrefs.com/robot/)', 1688138697, 1688138697, 0, '', 'www.jurnal.plb.ac.id'),
('7b3fb9ab6d96d035a09df9d7c26b3893', NULL, '51.222.253.12', 'Mozilla/5.0 (compatible; AhrefsBot/7.0; +http://ahrefs.com/robot/)', 1688138702, 1688138702, 0, '', 'www.jurnal.plb.ac.id'),
('1948a19296fec187945fe59d89029c48', NULL, '51.222.253.9', 'Mozilla/5.0 (compatible; AhrefsBot/7.0; +http://ahrefs.com/robot/)', 1688138711, 1688138711, 0, '', 'www.jurnal.plb.ac.id'),
('10b658bbbea35260647bbc4691c17852', NULL, '51.222.253.15', 'Mozilla/5.0 (compatible; AhrefsBot/7.0; +http://ahrefs.com/robot/)', 1688138716, 1688138716, 0, '', 'www.jurnal.plb.ac.id'),
('d05ef62ea8cce16f1c549063d4072d86', NULL, '51.222.253.9', 'Mozilla/5.0 (compatible; AhrefsBot/7.0; +http://ahrefs.com/robot/)', 1688138722, 1688138722, 0, '', 'www.jurnal.plb.ac.id'),
('bdfa735aa1ee1d7ce25f0ffa98353cdc', NULL, '51.222.253.14', 'Mozilla/5.0 (compatible; AhrefsBot/7.0; +http://ahrefs.com/robot/)', 1688138727, 1688138727, 0, '', 'www.jurnal.plb.ac.id'),
('057ada4918885cbc92b3487f22bd6204', NULL, '52.167.144.146', 'Mozilla/5.0 AppleWebKit/537.36 (KHTML, like Gecko; compatible; bingbot/2.0; +http://www.bing.com/bingbot.htm) Chrome/103.0.5060.134 Safari/537.36', 1688138728, 1688138728, 0, 'csrf|a:2:{s:9:\"timestamp\";i:1688138728;s:5:\"token\";s:32:\"d034871253650f06bd07351a1eaa75b3\";}', 'jurnal.plb.ac.id'),
('59b3d7c705d89d916a8682c9afb746e8', NULL, '125.166.3.122', 'Mozilla/5.0 (Windows NT 10.0; Win64; x64) AppleWebKit/537.36 (KHTML, like Gecko) Chrome/114.0.0.0 Safari/537.36', 1688138731, 1688138731, 0, 'csrf|a:2:{s:9:\"timestamp\";i:1688138731;s:5:\"token\";s:32:\"41755ca8bc27f4c279f20e5ee7a06b0f\";}', 'jurnal.plb.ac.id'),
('57dd0f010798f8e4ffbfa79893583be5', NULL, '51.222.253.20', 'Mozilla/5.0 (compatible; AhrefsBot/7.0; +http://ahrefs.com/robot/)', 1688138732, 1688138732, 0, '', 'www.jurnal.plb.ac.id'),
('6c3c695dffb577146d0e819ad1066251', NULL, '51.222.253.13', 'Mozilla/5.0 (compatible; AhrefsBot/7.0; +http://ahrefs.com/robot/)', 1688138739, 1688138739, 0, '', 'www.jurnal.plb.ac.id'),
('6af064401c397ca1200cbb8b8107c04a', NULL, '118.99.91.6', 'Mozilla/5.0 (Windows NT 10.0; Win64; x64) AppleWebKit/537.36 (KHTML, like Gecko) Chrome/114.0.0.0 Safari/537.36', 1688138741, 1688138741, 0, '', 'jurnal.plb.ac.id'),
('c508c6f9ed461903c0abcce2b93926e4', NULL, '51.222.253.4', 'Mozilla/5.0 (compatible; AhrefsBot/7.0; +http://ahrefs.com/robot/)', 1688138745, 1688138745, 0, '', 'www.jurnal.plb.ac.id'),
('99ca2db06a75db15a00ed3bf0350cf64', NULL, '51.222.253.20', 'Mozilla/5.0 (compatible; AhrefsBot/7.0; +http://ahrefs.com/robot/)', 1688138751, 1688138751, 0, '', 'www.jurnal.plb.ac.id'),
('60dbb097d93e20563a2d46a154da69d2', NULL, '51.222.253.11', 'Mozilla/5.0 (compatible; AhrefsBot/7.0; +http://ahrefs.com/robot/)', 1688138755, 1688138755, 0, '', 'www.jurnal.plb.ac.id'),
('8cab7a8f175ccb2d02f068260b92f3f1', NULL, '51.222.253.2', 'Mozilla/5.0 (compatible; AhrefsBot/7.0; +http://ahrefs.com/robot/)', 1688138761, 1688138761, 0, '', 'www.jurnal.plb.ac.id'),
('b4135041100a6740ab07545524009508', NULL, '51.222.253.14', 'Mozilla/5.0 (compatible; AhrefsBot/7.0; +http://ahrefs.com/robot/)', 1688138767, 1688138767, 0, '', 'www.jurnal.plb.ac.id'),
('863224ebf7ad67be09d0ef84ca2141ff', NULL, '110.137.195.18', 'Mozilla/5.0 (Windows NT 10.0; Win64; x64) AppleWebKit/537.36 (KHTML, like Gecko) Chrome/114.0.0.0 Safari/537.36', 1688138773, 1688138799, 0, 'csrf|a:2:{s:9:\"timestamp\";i:1688138774;s:5:\"token\";s:32:\"66c2e89801e65e5707516716514dcf21\";}', 'jurnal.plb.ac.id'),
('8d3204598102800f9925f72d1ec6f11d', NULL, '51.222.253.16', 'Mozilla/5.0 (compatible; AhrefsBot/7.0; +http://ahrefs.com/robot/)', 1688138773, 1688138773, 0, '', 'www.jurnal.plb.ac.id'),
('8141d241835d8b63db6341c6c0d0ab59', NULL, '51.222.253.18', 'Mozilla/5.0 (compatible; AhrefsBot/7.0; +http://ahrefs.com/robot/)', 1688138779, 1688138779, 0, '', 'www.jurnal.plb.ac.id'),
('156e6aed477c55fb394722126b0ed901', NULL, '51.222.253.13', 'Mozilla/5.0 (compatible; AhrefsBot/7.0; +http://ahrefs.com/robot/)', 1688138786, 1688138786, 0, '', 'www.jurnal.plb.ac.id'),
('cf00bc0025a61e533dc7ba6a61a2f9ab', NULL, '51.222.253.5', 'Mozilla/5.0 (compatible; AhrefsBot/7.0; +http://ahrefs.com/robot/)', 1688138791, 1688138791, 0, '', 'www.jurnal.plb.ac.id'),
('acdb37071388ab3d180d35d7cc227a93', NULL, '51.222.253.16', 'Mozilla/5.0 (compatible; AhrefsBot/7.0; +http://ahrefs.com/robot/)', 1688138797, 1688138797, 0, '', 'www.jurnal.plb.ac.id'),
('d9cb2ba5e72868778b6ee7bf149afdc0', NULL, '52.167.144.146', 'Mozilla/5.0 AppleWebKit/537.36 (KHTML, like Gecko; compatible; bingbot/2.0; +http://www.bing.com/bingbot.htm) Chrome/103.0.5060.134 Safari/537.36', 1688138800, 1688138800, 0, 'csrf|a:2:{s:9:\"timestamp\";i:1688138800;s:5:\"token\";s:32:\"6ac87c9cd7967a643eed8b380d216667\";}', 'jurnal.plb.ac.id'),
('3a553e8cfb63c583ca0b5eb924593dfb', NULL, '51.222.253.3', 'Mozilla/5.0 (compatible; AhrefsBot/7.0; +http://ahrefs.com/robot/)', 1688138805, 1688138805, 0, '', 'www.jurnal.plb.ac.id'),
('14d73ec9dd73a1fe341e4f1413d0f2a3', NULL, '51.222.253.2', 'Mozilla/5.0 (compatible; AhrefsBot/7.0; +http://ahrefs.com/robot/)', 1688138812, 1688138812, 0, '', 'www.jurnal.plb.ac.id'),
('b32073b791f4f2218d04b4cb2574c867', NULL, '51.222.253.9', 'Mozilla/5.0 (compatible; AhrefsBot/7.0; +http://ahrefs.com/robot/)', 1688138817, 1688138817, 0, '', 'www.jurnal.plb.ac.id'),
('a4a5958aaecfb254ffbb09703884d134', NULL, '51.222.253.5', 'Mozilla/5.0 (compatible; AhrefsBot/7.0; +http://ahrefs.com/robot/)', 1688138825, 1688138825, 0, '', 'www.jurnal.plb.ac.id'),
('43d72f7d75bf3a96f6eb2b000c2c188c', NULL, '51.222.253.19', 'Mozilla/5.0 (compatible; AhrefsBot/7.0; +http://ahrefs.com/robot/)', 1688138829, 1688138829, 0, '', 'www.jurnal.plb.ac.id'),
('9dd83206023736cdf67847ca41184c68', NULL, '51.222.253.3', 'Mozilla/5.0 (compatible; AhrefsBot/7.0; +http://ahrefs.com/robot/)', 1688138835, 1688138835, 0, '', 'www.jurnal.plb.ac.id'),
('d62d0949c4315f81814f89396e5abd92', NULL, '66.249.79.35', 'Googlebot/2.1 (+http://www.google.com/bot.html)', 1688138841, 1688138841, 0, '', 'jurnal.plb.ac.id'),
('5e3906d1c5672990c5f38949699d22b4', NULL, '51.222.253.13', 'Mozilla/5.0 (compatible; AhrefsBot/7.0; +http://ahrefs.com/robot/)', 1688138842, 1688138842, 0, '', 'www.jurnal.plb.ac.id'),
('88f559c06779da1d25df123f710f5bb6', NULL, '51.222.253.7', 'Mozilla/5.0 (compatible; AhrefsBot/7.0; +http://ahrefs.com/robot/)', 1688138848, 1688138848, 0, '', 'www.jurnal.plb.ac.id'),
('7c3f59c091ecc3b6c5db413823b90c7f', NULL, '64.145.93.28', '', 1688138850, 1688138850, 0, '', 'jurnal.plb.ac.id'),
('664f0651adc51d417e70ab2199db228b', NULL, '51.222.253.18', 'Mozilla/5.0 (compatible; AhrefsBot/7.0; +http://ahrefs.com/robot/)', 1688138854, 1688138854, 0, '', 'www.jurnal.plb.ac.id'),
('2c6933a0241d7125d0a2b3eaad0b3290', NULL, '66.249.71.40', 'Googlebot/2.1 (+http://www.google.com/bot.html)', 1688138857, 1688138857, 0, 'csrf|a:2:{s:9:\"timestamp\";i:1688138857;s:5:\"token\";s:32:\"5f1b8b9e02a00d4526586a7589779716\";}', 'jurnal.plb.ac.id'),
('4d178c5fcba4dd97c6b29fdccdd3796b', NULL, '51.222.253.19', 'Mozilla/5.0 (compatible; AhrefsBot/7.0; +http://ahrefs.com/robot/)', 1688138860, 1688138860, 0, '', 'www.jurnal.plb.ac.id'),
('e4e2867e058055304fc7f9b70eefbeb6', NULL, '51.222.253.14', 'Mozilla/5.0 (compatible; AhrefsBot/7.0; +http://ahrefs.com/robot/)', 1688138869, 1688138869, 0, '', 'www.jurnal.plb.ac.id'),
('b976c0ead7fe5783ff3305b10c4d42d6', NULL, '52.167.144.146', 'Mozilla/5.0 AppleWebKit/537.36 (KHTML, like Gecko; compatible; bingbot/2.0; +http://www.bing.com/bingbot.htm) Chrome/103.0.5060.134 Safari/537.36', 1688138871, 1688138871, 0, 'csrf|a:2:{s:9:\"timestamp\";i:1688138871;s:5:\"token\";s:32:\"17eda48f62522ca10fac373df2b8fba9\";}', 'jurnal.plb.ac.id'),
('05e52c260a82239fa08ccf0f3883933d', NULL, '51.222.253.12', 'Mozilla/5.0 (compatible; AhrefsBot/7.0; +http://ahrefs.com/robot/)', 1688138876, 1688138876, 0, '', 'www.jurnal.plb.ac.id'),
('9ac751cebf2f3c69a0dd9a1c0beaf588', NULL, '51.222.253.2', 'Mozilla/5.0 (compatible; AhrefsBot/7.0; +http://ahrefs.com/robot/)', 1688138884, 1688138884, 0, '', 'www.jurnal.plb.ac.id'),
('90a2fd1ab0c4b9d3f57fcfd1ef25ba13', NULL, '51.222.253.18', 'Mozilla/5.0 (compatible; AhrefsBot/7.0; +http://ahrefs.com/robot/)', 1688138891, 1688138891, 0, '', 'www.jurnal.plb.ac.id'),
('972a35e5fc0067a2f1d36f47ab126f28', NULL, '51.222.253.19', 'Mozilla/5.0 (compatible; AhrefsBot/7.0; +http://ahrefs.com/robot/)', 1688138900, 1688138900, 0, '', 'www.jurnal.plb.ac.id'),
('d0907b277dad0015d7c84202c04cff54', NULL, '51.222.253.13', 'Mozilla/5.0 (compatible; AhrefsBot/7.0; +http://ahrefs.com/robot/)', 1688138905, 1688138905, 0, '', 'www.jurnal.plb.ac.id'),
('199ebddca37275b0ede3e7cd3d2ef9b2', 820, '182.1.65.249', 'Mozilla/5.0 (Windows NT 10.0; Win64; x64) AppleWebKit/537.36 (KHTML, like Gecko) Chrome/114.0.0.0 Safari/537.36', 1688138906, 1688138936, 1, 'csrf|a:2:{s:9:\"timestamp\";i:1688138924;s:5:\"token\";s:32:\"951ae225568b2813fbe1a476060229e8\";}userId|s:3:\"820\";username|s:11:\"nillarachma\";', 'jurnal.plb.ac.id'),
('62b91c7a39e76f642a049872bd4cfd2c', NULL, '51.222.253.20', 'Mozilla/5.0 (compatible; AhrefsBot/7.0; +http://ahrefs.com/robot/)', 1688138912, 1688138912, 0, '', 'www.jurnal.plb.ac.id'),
('f004d40c7661f868212304ff831b227b', NULL, '51.222.253.15', 'Mozilla/5.0 (compatible; AhrefsBot/7.0; +http://ahrefs.com/robot/)', 1688138921, 1688138921, 0, '', 'www.jurnal.plb.ac.id'),
('7fe39131b9233fed1a6c7ac9a8698202', NULL, '51.222.253.11', 'Mozilla/5.0 (compatible; AhrefsBot/7.0; +http://ahrefs.com/robot/)', 1688138927, 1688138927, 0, '', 'www.jurnal.plb.ac.id'),
('9cef868cdbf5d4a467e9b39aa20e7df7', NULL, '51.222.253.11', 'Mozilla/5.0 (compatible; AhrefsBot/7.0; +http://ahrefs.com/robot/)', 1688138930, 1688138930, 0, '', 'www.jurnal.plb.ac.id'),
('2ae278d45f0a233d2dc86293e9a45703', NULL, '52.167.144.146', 'Mozilla/5.0 AppleWebKit/537.36 (KHTML, like Gecko; compatible; bingbot/2.0; +http://www.bing.com/bingbot.htm) Chrome/103.0.5060.134 Safari/537.36', 1688138931, 1688138931, 0, 'csrf|a:2:{s:9:\"timestamp\";i:1688138931;s:5:\"token\";s:32:\"4c8d5a73ee8d53d8e35eef6b5bd632dd\";}', 'jurnal.plb.ac.id'),
('7d933961839eb52bf2a1f67e5ad6f47e', NULL, '51.222.253.12', 'Mozilla/5.0 (compatible; AhrefsBot/7.0; +http://ahrefs.com/robot/)', 1688138938, 1688138938, 0, '', 'www.jurnal.plb.ac.id'),
('074002102e4cafe246c467b10f56bf2a', NULL, '51.222.253.6', 'Mozilla/5.0 (compatible; AhrefsBot/7.0; +http://ahrefs.com/robot/)', 1688138943, 1688138943, 0, '', 'www.jurnal.plb.ac.id'),
('0304efa9e6e3d54afd00b5bdcb7db937', NULL, '51.222.253.18', 'Mozilla/5.0 (compatible; AhrefsBot/7.0; +http://ahrefs.com/robot/)', 1688138948, 1688138948, 0, '', 'www.jurnal.plb.ac.id'),
('065edddd11cae2f6f65f8f2940b5ebd4', NULL, '52.167.144.146', 'Mozilla/5.0 AppleWebKit/537.36 (KHTML, like Gecko; compatible; bingbot/2.0; +http://www.bing.com/bingbot.htm) Chrome/103.0.5060.134 Safari/537.36', 1688138949, 1688138949, 0, 'csrf|a:2:{s:9:\"timestamp\";i:1688138949;s:5:\"token\";s:32:\"a13066832106d46627d6b4267988da54\";}', 'jurnal.plb.ac.id'),
('f1dfe20086b99dc2e03929ffb6439318', NULL, '51.222.253.8', 'Mozilla/5.0 (compatible; AhrefsBot/7.0; +http://ahrefs.com/robot/)', 1688138953, 1688138953, 0, '', 'www.jurnal.plb.ac.id'),
('1e5be07130b9730d6fad799f35e8e23d', NULL, '51.222.253.16', 'Mozilla/5.0 (compatible; AhrefsBot/7.0; +http://ahrefs.com/robot/)', 1688138958, 1688138958, 0, '', 'www.jurnal.plb.ac.id'),
('82ca1fb61729e2c7fd1485642f3a9d35', NULL, '51.222.253.6', 'Mozilla/5.0 (compatible; AhrefsBot/7.0; +http://ahrefs.com/robot/)', 1688138965, 1688138965, 0, '', 'www.jurnal.plb.ac.id'),
('ee4e3982019682e7d16f4e88b5bdf6e8', NULL, '51.222.253.4', 'Mozilla/5.0 (compatible; AhrefsBot/7.0; +http://ahrefs.com/robot/)', 1688138971, 1688138971, 0, '', 'www.jurnal.plb.ac.id'),
('9e404a7d1a900fde9481acba33aaa949', NULL, '51.222.253.8', 'Mozilla/5.0 (compatible; AhrefsBot/7.0; +http://ahrefs.com/robot/)', 1688138977, 1688138977, 0, '', 'www.jurnal.plb.ac.id'),
('109b862d079e6530e038daba816e7710', NULL, '51.222.253.16', 'Mozilla/5.0 (compatible; AhrefsBot/7.0; +http://ahrefs.com/robot/)', 1688138982, 1688138982, 0, '', 'www.jurnal.plb.ac.id'),
('d3ad122a39598fc0c13ff01ef9586a40', NULL, '51.222.253.13', 'Mozilla/5.0 (compatible; AhrefsBot/7.0; +http://ahrefs.com/robot/)', 1688138988, 1688138988, 0, '', 'www.jurnal.plb.ac.id'),
('b1f9e4948ac9da082f62171cdd239881', NULL, '40.77.167.195', 'Mozilla/5.0 AppleWebKit/537.36 (KHTML, like Gecko; compatible; bingbot/2.0; +http://www.bing.com/bingbot.htm) Chrome/103.0.5060.134 Safari/537.36', 1688138999, 1688139001, 0, 'csrf|a:2:{s:9:\"timestamp\";i:1688139001;s:5:\"token\";s:32:\"da3b778acd7b1212526400e654122484\";}', 'jurnal.plb.ac.id'),
('5b9b9c89a6e76dcfba7a9929e6d5c82b', NULL, '51.222.253.18', 'Mozilla/5.0 (compatible; AhrefsBot/7.0; +http://ahrefs.com/robot/)', 1688139004, 1688139004, 0, '', 'www.jurnal.plb.ac.id'),
('900b0a1ea2cefa7a6598aa7bdde07c41', NULL, '51.222.253.19', 'Mozilla/5.0 (compatible; AhrefsBot/7.0; +http://ahrefs.com/robot/)', 1688139015, 1688139015, 0, '', 'www.jurnal.plb.ac.id'),
('007d74c68276a12d32c078102c63e3eb', NULL, '51.222.253.5', 'Mozilla/5.0 (compatible; AhrefsBot/7.0; +http://ahrefs.com/robot/)', 1688139028, 1688139028, 0, '', 'www.jurnal.plb.ac.id'),
('0ba8eac83d842094a6c8e3c8a48d506e', NULL, '66.249.71.171', 'Googlebot/2.1 (+http://www.google.com/bot.html)', 1688139029, 1688139029, 0, '', 'www.jurnal.plb.ac.id'),
('dc16b619aee15ba463917adb8f47ed65', NULL, '51.222.253.6', 'Mozilla/5.0 (compatible; AhrefsBot/7.0; +http://ahrefs.com/robot/)', 1688139040, 1688139040, 0, '', 'www.jurnal.plb.ac.id'),
('a1cb79b577ded946abb36fe83500fb0e', NULL, '66.249.79.11', 'Googlebot/2.1 (+http://www.google.com/bot.html)', 1688139042, 1688139042, 0, 'csrf|a:2:{s:9:\"timestamp\";i:1688139042;s:5:\"token\";s:32:\"def04574d9c4a74546f958be6fa873b0\";}', 'www.jurnal.plb.ac.id'),
('ead1c07cc48b1dbbe4e0daff9bc160e7', NULL, '51.222.253.12', 'Mozilla/5.0 (compatible; AhrefsBot/7.0; +http://ahrefs.com/robot/)', 1688139052, 1688139052, 0, '', 'www.jurnal.plb.ac.id'),
('c28547a34dc4cc34b499223f4fef3426', NULL, '125.162.211.228', 'Mozilla/5.0 (Windows NT 10.0; Win64; x64) AppleWebKit/537.36 (KHTML, like Gecko) Chrome/114.0.0.0 Safari/537.36', 1688139056, 1688139188, 0, 'csrf|a:2:{s:9:\"timestamp\";i:1688139190;s:5:\"token\";s:32:\"c1a7f63095b353a0a7c065851fe49036\";}', 'jurnal.plb.ac.id'),
('ca9bf9346352c9d96f1d4b51f4ce3cfa', NULL, '51.222.253.5', 'Mozilla/5.0 (compatible; AhrefsBot/7.0; +http://ahrefs.com/robot/)', 1688139066, 1688139066, 0, '', 'www.jurnal.plb.ac.id'),
('bc30d6c3002d361e98494f6886ad07be', NULL, '40.77.167.195', 'Mozilla/5.0 AppleWebKit/537.36 (KHTML, like Gecko; compatible; bingbot/2.0; +http://www.bing.com/bingbot.htm) Chrome/103.0.5060.134 Safari/537.36', 1688139069, 1688139069, 0, 'csrf|a:2:{s:9:\"timestamp\";i:1688139069;s:5:\"token\";s:32:\"f6547bedb805aedfb77340707974ce72\";}', 'jurnal.plb.ac.id'),
('ecf0cb956b1ab7227ade6f191e01d6f5', NULL, '51.222.253.10', 'Mozilla/5.0 (compatible; AhrefsBot/7.0; +http://ahrefs.com/robot/)', 1688139083, 1688139083, 0, '', 'www.jurnal.plb.ac.id'),
('08bcf8475edcea0fb61f2b3f5c50e654', NULL, '213.180.203.205', 'Mozilla/5.0 (compatible; YandexBot/3.0; +http://yandex.com/bots)', 1688139088, 1688139088, 0, '', 'jurnal.plb.ac.id'),
('b5917e68ccd3bbf567dfb30fcfff1a5b', NULL, '213.180.203.139', 'Mozilla/5.0 (compatible; YandexBot/3.0; +http://yandex.com/bots)', 1688139088, 1688139088, 0, '', 'jurnal.plb.ac.id'),
('1154377db7f2bf04e9e2a2f8bbec457b', NULL, '95.108.213.215', 'Mozilla/5.0 (compatible; YandexBot/3.0; +http://yandex.com/bots)', 1688139088, 1688139088, 0, '', 'jurnal.plb.ac.id'),
('1382eb96f3a2d9a0fe86b1dadb1e5d1b', NULL, '95.108.213.178', 'Mozilla/5.0 (compatible; YandexBot/3.0; +http://yandex.com/bots)', 1688139088, 1688139088, 0, '', 'jurnal.plb.ac.id'),
('1b405e622d02f1da1545ee11cb5dbd48', NULL, '213.180.203.148', 'Mozilla/5.0 (compatible; YandexBot/3.0; +http://yandex.com/bots)', 1688139090, 1688139090, 0, '', 'jurnal.plb.ac.id'),
('1db23daddb20d6a872ffc95ef19890b1', NULL, '213.180.203.79', 'Mozilla/5.0 (compatible; YandexBot/3.0; +http://yandex.com/bots)', 1688139090, 1688139090, 0, '', 'jurnal.plb.ac.id'),
('f4f916d258abdf8f33c295b37ff2290d', NULL, '213.180.203.142', 'Mozilla/5.0 (compatible; YandexBot/3.0; +http://yandex.com/bots)', 1688139091, 1688139091, 0, '', 'jurnal.plb.ac.id'),
('9bd1aee8bc57689f62b3cf9c866a1c58', NULL, '5.255.231.170', 'Mozilla/5.0 (compatible; YandexBot/3.0; +http://yandex.com/bots)', 1688139091, 1688139091, 0, '', 'jurnal.plb.ac.id'),
('d70c58d9e6d5527ee4de064a023cc494', NULL, '213.180.203.250', 'Mozilla/5.0 (compatible; YandexBot/3.0; +http://yandex.com/bots)', 1688139092, 1688139092, 0, '', 'jurnal.plb.ac.id'),
('252bf87b3f3a6fd61b80368ec27d6ac9', NULL, '51.222.253.13', 'Mozilla/5.0 (compatible; AhrefsBot/7.0; +http://ahrefs.com/robot/)', 1688139094, 1688139094, 0, '', 'www.jurnal.plb.ac.id'),
('d7aa95f726f4615f4ad77c0a31d76df3', NULL, '51.222.253.17', 'Mozilla/5.0 (compatible; AhrefsBot/7.0; +http://ahrefs.com/robot/)', 1688139106, 1688139106, 0, '', 'www.jurnal.plb.ac.id'),
('bb717de455ffa7bc2592a1d944423c82', NULL, '51.222.253.18', 'Mozilla/5.0 (compatible; AhrefsBot/7.0; +http://ahrefs.com/robot/)', 1688139118, 1688139118, 0, '', 'www.jurnal.plb.ac.id'),
('25a86a5718084a75a945f4267fed9cad', NULL, '51.222.253.11', 'Mozilla/5.0 (compatible; AhrefsBot/7.0; +http://ahrefs.com/robot/)', 1688139123, 1688139123, 0, '', 'www.jurnal.plb.ac.id'),
('ad83daedbc183499e674f1912548b1c6', NULL, '51.222.253.2', 'Mozilla/5.0 (compatible; AhrefsBot/7.0; +http://ahrefs.com/robot/)', 1688139130, 1688139130, 0, '', 'www.jurnal.plb.ac.id'),
('7e6f73a1b79af852ae950bef0d1a7467', NULL, '51.222.253.1', 'Mozilla/5.0 (compatible; AhrefsBot/7.0; +http://ahrefs.com/robot/)', 1688139134, 1688139134, 0, '', 'www.jurnal.plb.ac.id'),
('f164a110dcfdb12ba6660c6a96746a4e', NULL, '51.222.253.12', 'Mozilla/5.0 (compatible; AhrefsBot/7.0; +http://ahrefs.com/robot/)', 1688139140, 1688139140, 0, '', 'www.jurnal.plb.ac.id'),
('ee2ea3e9e7510098177a2e04f020dcac', NULL, '51.222.253.8', 'Mozilla/5.0 (compatible; AhrefsBot/7.0; +http://ahrefs.com/robot/)', 1688139146, 1688139146, 0, '', 'www.jurnal.plb.ac.id'),
('7c3202990581e501e7835f464aa7ad37', NULL, '51.222.253.12', 'Mozilla/5.0 (compatible; AhrefsBot/7.0; +http://ahrefs.com/robot/)', 1688139149, 1688139149, 0, '', 'www.jurnal.plb.ac.id'),
('6aaca38332b9db7c9e75bbb1ff487ed2', NULL, '51.222.253.20', 'Mozilla/5.0 (compatible; AhrefsBot/7.0; +http://ahrefs.com/robot/)', 1688139160, 1688139160, 0, '', 'www.jurnal.plb.ac.id'),
('165b9b11109db0c00ef05cbcb45a415e', NULL, '51.222.253.16', 'Mozilla/5.0 (compatible; AhrefsBot/7.0; +http://ahrefs.com/robot/)', 1688139170, 1688139170, 0, '', 'www.jurnal.plb.ac.id'),
('0f7a9333fd6adcd0e76950a2c415fb0c', NULL, '51.222.253.2', 'Mozilla/5.0 (compatible; AhrefsBot/7.0; +http://ahrefs.com/robot/)', 1688139179, 1688139179, 0, '', 'www.jurnal.plb.ac.id'),
('018524eb3b09724fd8ebc67e45a5e361', NULL, '51.222.253.1', 'Mozilla/5.0 (compatible; AhrefsBot/7.0; +http://ahrefs.com/robot/)', 1688139186, 1688139186, 0, '', 'www.jurnal.plb.ac.id'),
('0b1e0e6164d6e8497b74d81243db3473', NULL, '40.77.167.248', 'Mozilla/5.0 AppleWebKit/537.36 (KHTML, like Gecko; compatible; bingbot/2.0; +http://www.bing.com/bingbot.htm) Chrome/103.0.5060.134 Safari/537.36', 1688139186, 1688139186, 0, 'csrf|a:2:{s:9:\"timestamp\";i:1688139186;s:5:\"token\";s:32:\"35a6ce9d44911c44e07ffd8e78dd4379\";}', 'jurnal.plb.ac.id'),
('03e4acc2c6126023276c0c6b54b78fa1', NULL, '66.249.71.40', 'Mozilla/5.0 (compatible; Googlebot/2.1; +http://www.google.com/bot.html)', 1688139192, 1688139192, 0, 'csrf|a:2:{s:9:\"timestamp\";i:1688139192;s:5:\"token\";s:32:\"536d64c8d02821256bfc98b9cc7de20d\";}', 'jurnal.plb.ac.id'),
('c8922ece38ca79a0e3de34d9788675d5', NULL, '51.222.253.4', 'Mozilla/5.0 (compatible; AhrefsBot/7.0; +http://ahrefs.com/robot/)', 1688139193, 1688139193, 0, '', 'www.jurnal.plb.ac.id'),
('dd043c61f743ac0a3370bf3e87eb7ea5', NULL, '51.222.253.16', 'Mozilla/5.0 (compatible; AhrefsBot/7.0; +http://ahrefs.com/robot/)', 1688139198, 1688139198, 0, '', 'www.jurnal.plb.ac.id'),
('2db19cdc9b3e4583809276d89d51ccb5', NULL, '66.249.79.35', 'Googlebot/2.1 (+http://www.google.com/bot.html)', 1688139205, 1688139205, 0, 'csrf|a:2:{s:9:\"timestamp\";i:1688139205;s:5:\"token\";s:32:\"4936f21b55f3ad15cc8fa28acde9c2f3\";}', 'jurnal.plb.ac.id'),
('58a604b19188a9e83a131bfdccef688d', NULL, '51.222.253.18', 'Mozilla/5.0 (compatible; AhrefsBot/7.0; +http://ahrefs.com/robot/)', 1688139207, 1688139207, 0, '', 'www.jurnal.plb.ac.id'),
('1949c522904b157e0e8dfbe2f0cabdbb', NULL, '51.222.253.17', 'Mozilla/5.0 (compatible; AhrefsBot/7.0; +http://ahrefs.com/robot/)', 1688139216, 1688139216, 0, '', 'www.jurnal.plb.ac.id'),
('05d6fa8d61a5edbd3a6af7c335af9b06', NULL, '51.222.253.15', 'Mozilla/5.0 (compatible; AhrefsBot/7.0; +http://ahrefs.com/robot/)', 1688139222, 1688139222, 0, '', 'www.jurnal.plb.ac.id'),
('3ff607f3652f43e7bb3d42398634bfb4', NULL, '51.222.253.18', 'Mozilla/5.0 (compatible; AhrefsBot/7.0; +http://ahrefs.com/robot/)', 1688139226, 1688139226, 0, '', 'www.jurnal.plb.ac.id'),
('a7caac51c76e39529acc826209fc25ab', NULL, '51.222.253.10', 'Mozilla/5.0 (compatible; AhrefsBot/7.0; +http://ahrefs.com/robot/)', 1688139231, 1688139231, 0, '', 'www.jurnal.plb.ac.id'),
('3d108a3cf1a9a0a23eade13071d830ad', NULL, '51.222.253.16', 'Mozilla/5.0 (compatible; AhrefsBot/7.0; +http://ahrefs.com/robot/)', 1688139240, 1688139240, 0, '', 'www.jurnal.plb.ac.id'),
('fef2e8b4d4a72323cac533c678a8c272', NULL, '51.222.253.20', 'Mozilla/5.0 (compatible; AhrefsBot/7.0; +http://ahrefs.com/robot/)', 1688139245, 1688139245, 0, '', 'www.jurnal.plb.ac.id'),
('fed226ede882ef1399f38e85f9a9a456', NULL, '51.222.253.8', 'Mozilla/5.0 (compatible; AhrefsBot/7.0; +http://ahrefs.com/robot/)', 1688139251, 1688139251, 0, '', 'www.jurnal.plb.ac.id'),
('708a4320d85a55a19ec90992a6f99b24', NULL, '51.222.253.14', 'Mozilla/5.0 (compatible; AhrefsBot/7.0; +http://ahrefs.com/robot/)', 1688139258, 1688139258, 0, '', 'www.jurnal.plb.ac.id'),
('0e9325a08360907fdc1bec604b0f81ab', NULL, '51.222.253.9', 'Mozilla/5.0 (compatible; AhrefsBot/7.0; +http://ahrefs.com/robot/)', 1688139265, 1688139265, 0, '', 'www.jurnal.plb.ac.id'),
('8b0123d1312723d8d8e54c7d2a799d84', NULL, '51.222.253.5', 'Mozilla/5.0 (compatible; AhrefsBot/7.0; +http://ahrefs.com/robot/)', 1688139272, 1688139272, 0, '', 'www.jurnal.plb.ac.id'),
('08842c2423fb1a1da3905879c741d2b2', NULL, '213.180.203.149', 'Mozilla/5.0 (compatible; YandexBot/3.0; +http://yandex.com/bots)', 1688139276, 1688139276, 0, '', 'jurnal.plb.ac.id'),
('36229b2a30cb4f14ef8a40c87599220f', NULL, '95.108.213.141', 'Mozilla/5.0 (compatible; YandexBot/3.0; +http://yandex.com/bots)', 1688139276, 1688139276, 0, '', 'jurnal.plb.ac.id'),
('0bc9ba26db388b350ac1e5182e894987', NULL, '95.108.213.186', 'Mozilla/5.0 (compatible; YandexBot/3.0; +http://yandex.com/bots)', 1688139276, 1688139276, 0, '', 'jurnal.plb.ac.id'),
('4e8e8c4aa98698d21306165088eca930', NULL, '213.180.203.191', 'Mozilla/5.0 (compatible; YandexBot/3.0; +http://yandex.com/bots)', 1688139277, 1688139277, 0, '', 'jurnal.plb.ac.id'),
('d7d926375766eeb053b50019c770c7c2', NULL, '95.108.213.215', 'Mozilla/5.0 (compatible; YandexBot/3.0; +http://yandex.com/bots)', 1688139277, 1688139277, 0, '', 'jurnal.plb.ac.id'),
('928599d5b0e8132c6826c014856a7e1e', NULL, '5.255.231.158', 'Mozilla/5.0 (compatible; YandexBot/3.0; +http://yandex.com/bots)', 1688139277, 1688139277, 0, '', 'jurnal.plb.ac.id'),
('0f0a228ce54501abae1b4a61a3b6fa76', NULL, '95.108.213.178', 'Mozilla/5.0 (compatible; YandexBot/3.0; +http://yandex.com/bots)', 1688139277, 1688139277, 0, '', 'jurnal.plb.ac.id'),
('0719573bdf847e04d1b18a6496326b1c', NULL, '95.108.213.89', 'Mozilla/5.0 (compatible; YandexBot/3.0; +http://yandex.com/bots)', 1688139277, 1688139277, 0, '', 'jurnal.plb.ac.id'),
('e2c52ed62af3dfd30016779ab8c31e9d', NULL, '213.180.203.139', 'Mozilla/5.0 (compatible; YandexBot/3.0; +http://yandex.com/bots)', 1688139278, 1688139278, 0, '', 'jurnal.plb.ac.id'),
('77a5b0c8aa1643d4a6ac52b1b4f51297', NULL, '213.180.203.205', 'Mozilla/5.0 (compatible; YandexBot/3.0; +http://yandex.com/bots)', 1688139278, 1688139278, 0, '', 'jurnal.plb.ac.id'),
('938869bde634aaee390fa59234e437da', NULL, '213.180.203.148', 'Mozilla/5.0 (compatible; YandexBot/3.0; +http://yandex.com/bots)', 1688139279, 1688139279, 0, '', 'jurnal.plb.ac.id'),
('8ce895a9ef747f9a42740d1e8d60fd21', NULL, '213.180.203.79', 'Mozilla/5.0 (compatible; YandexBot/3.0; +http://yandex.com/bots)', 1688139280, 1688139280, 0, '', 'jurnal.plb.ac.id'),
('fb704db48ab44dae04e9318b3309982a', NULL, '213.180.203.142', 'Mozilla/5.0 (compatible; YandexBot/3.0; +http://yandex.com/bots)', 1688139280, 1688139280, 0, '', 'jurnal.plb.ac.id'),
('6846065de67ff6ec635f33b130d55135', NULL, '51.222.253.18', 'Mozilla/5.0 (compatible; AhrefsBot/7.0; +http://ahrefs.com/robot/)', 1688139281, 1688139281, 0, '', 'www.jurnal.plb.ac.id'),
('68d863dd0c00e485d9f11cb624b3ba5d', NULL, '51.222.253.12', 'Mozilla/5.0 (compatible; AhrefsBot/7.0; +http://ahrefs.com/robot/)', 1688139287, 1688139287, 0, '', 'www.jurnal.plb.ac.id'),
('f1f70320f05e2a8dbf5b03b3073c44cc', NULL, '51.222.253.1', 'Mozilla/5.0 (compatible; AhrefsBot/7.0; +http://ahrefs.com/robot/)', 1688139293, 1688139293, 0, '', 'www.jurnal.plb.ac.id'),
('bea2f829effb6ab60e37a8060a464fe1', NULL, '51.222.253.1', 'Mozilla/5.0 (compatible; AhrefsBot/7.0; +http://ahrefs.com/robot/)', 1688139301, 1688139301, 0, '', 'www.jurnal.plb.ac.id'),
('58b5505ab30f079652a4d1f920bbe8f4', NULL, '51.222.253.16', 'Mozilla/5.0 (compatible; AhrefsBot/7.0; +http://ahrefs.com/robot/)', 1688139308, 1688139308, 0, '', 'www.jurnal.plb.ac.id'),
('1faa2a7ae79013f7ba18796b8324f844', NULL, '51.222.253.2', 'Mozilla/5.0 (compatible; AhrefsBot/7.0; +http://ahrefs.com/robot/)', 1688139315, 1688139315, 0, '', 'www.jurnal.plb.ac.id'),
('a3e5ff762aefa95774c1c9f66a244036', NULL, '51.222.253.2', 'Mozilla/5.0 (compatible; AhrefsBot/7.0; +http://ahrefs.com/robot/)', 1688139321, 1688139321, 0, '', 'www.jurnal.plb.ac.id'),
('0c212a409f2449f5dbaf6bf476f98e58', NULL, '51.222.253.15', 'Mozilla/5.0 (compatible; AhrefsBot/7.0; +http://ahrefs.com/robot/)', 1688139327, 1688139327, 0, '', 'www.jurnal.plb.ac.id'),
('b9bc158811cee9db5cb0b372631e0435', NULL, '51.222.253.20', 'Mozilla/5.0 (compatible; AhrefsBot/7.0; +http://ahrefs.com/robot/)', 1688139333, 1688139333, 0, '', 'www.jurnal.plb.ac.id'),
('64de7d0556b7552f43a16d577e10acf8', NULL, '103.163.138.23', 'Go-http-client/1.1', 1688139338, 1688139338, 0, '', 'jurnal.plb.ac.id'),
('75bf1859036fe7bd479cedaa33a6a3ac', NULL, '51.222.253.1', 'Mozilla/5.0 (compatible; AhrefsBot/7.0; +http://ahrefs.com/robot/)', 1688139339, 1688139339, 0, '', 'www.jurnal.plb.ac.id'),
('cea6731b967d2b92531c4eb56ab0df22', NULL, '51.222.253.5', 'Mozilla/5.0 (compatible; AhrefsBot/7.0; +http://ahrefs.com/robot/)', 1688139347, 1688139347, 0, '', 'www.jurnal.plb.ac.id'),
('66335c493c2ccfa5d144fb50d050e78d', NULL, '103.135.226.201', 'Mozilla/5.0 (Windows NT 10.0; Win64; x64) AppleWebKit/537.36 (KHTML, like Gecko) Chrome/105.0.0.0 Safari/537.36', 1688139358, 1688139470, 0, 'csrf|a:2:{s:9:\"timestamp\";i:1688139470;s:5:\"token\";s:32:\"31915b725a4d6a6e8a7e36c459efbbfc\";}', 'jurnal.plb.ac.id'),
('762b4b0cc69c59463b8922471b8a351c', NULL, '51.222.253.5', 'Mozilla/5.0 (compatible; AhrefsBot/7.0; +http://ahrefs.com/robot/)', 1688139359, 1688139359, 0, '', 'www.jurnal.plb.ac.id'),
('a13f46e5c44df221612a70acfbeca299', NULL, '85.208.98.29', 'Mozilla/5.0 (compatible; SemrushBot-BA; +http://www.semrush.com/bot.html)', 1688139362, 1688139362, 0, 'csrf|a:2:{s:9:\"timestamp\";i:1688139362;s:5:\"token\";s:32:\"b9fb3c60f6dfc7382439bbbb5fb232a2\";}', 'jurnal.plb.ac.id'),
('cb3a874112d20ec9c9c112135b459d38', NULL, '51.222.253.11', 'Mozilla/5.0 (compatible; AhrefsBot/7.0; +http://ahrefs.com/robot/)', 1688139367, 1688139367, 0, '', 'www.jurnal.plb.ac.id'),
('2d761b540d7b1350b6daab6d9ada77c4', NULL, '180.244.139.253', 'Mozilla/5.0 (Windows NT 10.0; Win64; x64) AppleWebKit/537.36 (KHTML, like Gecko) Chrome/114.0.0.0 Safari/537.36', 1688139367, 1688139375, 0, '', 'jurnal.plb.ac.id'),
('4d7a08cd6f3ef76a7bbebea3a04018fe', 1, '36.79.193.195', 'Mozilla/5.0 (Windows NT 10.0; Win64; x64) AppleWebKit/537.36 (KHTML, like Gecko) Chrome/114.0.0.0 Safari/537.36 Edg/114.0.1823.58', 1688138466, 1688141101, 1, 'csrf|a:2:{s:9:\"timestamp\";i:1688141100;s:5:\"token\";s:32:\"fc77679a0a7eaeeacb5e272f5517fbf6\";}username|s:5:\"admin\";userId|s:1:\"1\";', 'jurnal.plb.ac.id'),
('50bfe2c6879c831129699b148e2b4f79', NULL, '66.249.71.165', 'Googlebot/2.1 (+http://www.google.com/bot.html)', 1688139374, 1688139374, 0, '', 'www.jurnal.plb.ac.id'),
('9d635366ba882a20313e5f004b3162ef', NULL, '51.222.253.4', 'Mozilla/5.0 (compatible; AhrefsBot/7.0; +http://ahrefs.com/robot/)', 1688139376, 1688139376, 0, '', 'www.jurnal.plb.ac.id'),
('bd20a074e5e74bd8d333fd49ef38846f', NULL, '51.222.253.18', 'Mozilla/5.0 (compatible; AhrefsBot/7.0; +http://ahrefs.com/robot/)', 1688139383, 1688139383, 0, '', 'www.jurnal.plb.ac.id'),
('189c09d70d20f9f50001635b7372d17e', NULL, '51.222.253.10', 'Mozilla/5.0 (compatible; AhrefsBot/7.0; +http://ahrefs.com/robot/)', 1688139390, 1688139390, 0, '', 'www.jurnal.plb.ac.id'),
('7c25b72922ebd2e6cac9aa5531399e5d', NULL, '66.249.71.165', 'Googlebot/2.1 (+http://www.google.com/bot.html)', 1688139394, 1688139394, 0, 'csrf|a:2:{s:9:\"timestamp\";i:1688139395;s:5:\"token\";s:32:\"4d04ecca3cfc217542d1a4ce9e0f92bc\";}', 'www.jurnal.plb.ac.id'),
('6e00ec54f2db0009f1f8fe23952c90b2', NULL, '51.222.253.4', 'Mozilla/5.0 (compatible; AhrefsBot/7.0; +http://ahrefs.com/robot/)', 1688139395, 1688139395, 0, '', 'www.jurnal.plb.ac.id'),
('8a618a7cdced6ec8376b0f032f965d07', NULL, '51.222.253.6', 'Mozilla/5.0 (compatible; AhrefsBot/7.0; +http://ahrefs.com/robot/)', 1688139402, 1688139402, 0, '', 'www.jurnal.plb.ac.id'),
('0a3b988ef33acbdd454db5d898fba710', NULL, '5.255.231.170', 'Mozilla/5.0 (compatible; YandexBot/3.0; +http://yandex.com/bots) AppleWebKit/537.36 (KHTML, like Gecko) Chrome/108.0.0.0', 1688139407, 1688139407, 0, 'csrf|a:2:{s:9:\"timestamp\";i:1688139408;s:5:\"token\";s:32:\"469086ecd056e5af0ea14513d5e637c0\";}', 'jurnal.plb.ac.id'),
('a13f1dd7d7ebfdbfd4eadd5523406fb6', NULL, '51.222.253.1', 'Mozilla/5.0 (compatible; AhrefsBot/7.0; +http://ahrefs.com/robot/)', 1688139410, 1688139410, 0, '', 'www.jurnal.plb.ac.id'),
('95f85a0eb36581d806848baec43c1da7', NULL, '51.222.253.17', 'Mozilla/5.0 (compatible; AhrefsBot/7.0; +http://ahrefs.com/robot/)', 1688139416, 1688139416, 0, '', 'www.jurnal.plb.ac.id'),
('fe024f7827bfc0e4559899d1febd6873', NULL, '95.108.213.215', 'Mozilla/5.0 (compatible; YandexBot/3.0; +http://yandex.com/bots)', 1688139419, 1688139419, 0, 'csrf|a:2:{s:9:\"timestamp\";i:1688139419;s:5:\"token\";s:32:\"b7eaa0cbc3bef2b867dfbc0d07a901a1\";}', 'jurnal.plb.ac.id'),
('d584d78e30310d2a777e735db0c461aa', NULL, '95.108.213.178', 'Mozilla/5.0 (compatible; YandexBot/3.0; +http://yandex.com/bots)', 1688139422, 1688139422, 0, 'csrf|a:2:{s:9:\"timestamp\";i:1688139422;s:5:\"token\";s:32:\"fcc96f2d8596545685eedc965459bd8c\";}', 'jurnal.plb.ac.id'),
('55ef4db60c58e829383667ccac1bf2a6', NULL, '51.222.253.17', 'Mozilla/5.0 (compatible; AhrefsBot/7.0; +http://ahrefs.com/robot/)', 1688139424, 1688139424, 0, '', 'www.jurnal.plb.ac.id'),
('068b59fce21fcafb9a76fea92b7e7c23', NULL, '51.222.253.3', 'Mozilla/5.0 (compatible; AhrefsBot/7.0; +http://ahrefs.com/robot/)', 1688139429, 1688139429, 0, '', 'www.jurnal.plb.ac.id'),
('47055d53b02a66b745f3ae56d4a8bdd7', NULL, '111.94.91.65', 'Mozilla/5.0 (Windows NT 10.0; Win64; x64; rv:109.0) Gecko/20100101 Firefox/112.0', 1688139430, 1688139430, 0, 'csrf|a:2:{s:9:\"timestamp\";i:1688139430;s:5:\"token\";s:32:\"ec46c48325f94e87459d109d0d2f1ec1\";}', 'jurnal.plb.ac.id'),
('05e5787e897d49f6b36b77789a70ca50', NULL, '66.249.79.7', 'Mozilla/5.0 (Linux; Android 6.0.1; Nexus 5X Build/MMB29P) AppleWebKit/537.36 (KHTML, like Gecko) Chrome/114.0.5735.179 Mobile Safari/537.36 (compatible; Googlebot/2.1; +http://www.google.com/bot.html)', 1688139432, 1688139432, 0, 'csrf|a:2:{s:9:\"timestamp\";i:1688139432;s:5:\"token\";s:32:\"4e276d353562a0e8645ac8f40d846751\";}', 'www.jurnal.plb.ac.id'),
('828a4bddf24b9e954ee7db00dced6e50', NULL, '213.180.203.139', 'Mozilla/5.0 (compatible; YandexBot/3.0; +http://yandex.com/bots)', 1688139433, 1688139433, 0, 'csrf|a:2:{s:9:\"timestamp\";i:1688139433;s:5:\"token\";s:32:\"aaaa2cf8c4071c48a3c244c690af0b70\";}', 'jurnal.plb.ac.id'),
('3172f32ab2a22e5ee28929a172cfcc0f', NULL, '51.222.253.2', 'Mozilla/5.0 (compatible; AhrefsBot/7.0; +http://ahrefs.com/robot/)', 1688139435, 1688139435, 0, '', 'www.jurnal.plb.ac.id'),
('4769a13adb9c6a2981fc9eb2c3da0473', NULL, '51.222.253.18', 'Mozilla/5.0 (compatible; AhrefsBot/7.0; +http://ahrefs.com/robot/)', 1688139442, 1688139442, 0, '', 'www.jurnal.plb.ac.id'),
('be116e486c4a8e9265a107820a326ed7', NULL, '213.180.203.205', 'Mozilla/5.0 (compatible; YandexBot/3.0; +http://yandex.com/bots)', 1688139443, 1688139443, 0, 'csrf|a:2:{s:9:\"timestamp\";i:1688139443;s:5:\"token\";s:32:\"05f628970557bbff3db8338c302f95a3\";}', 'jurnal.plb.ac.id'),
('771136aeebd7a9d430fd748b52559b10', NULL, '213.180.203.148', 'Mozilla/5.0 (compatible; YandexBot/3.0; +http://yandex.com/bots)', 1688139444, 1688139444, 0, '', 'jurnal.plb.ac.id'),
('fadbb1f1df406576e61a801087939157', NULL, '213.180.203.79', 'Mozilla/5.0 (compatible; YandexBot/3.0; +http://yandex.com/bots)', 1688139445, 1688139445, 0, 'csrf|a:2:{s:9:\"timestamp\";i:1688139445;s:5:\"token\";s:32:\"9426b82138565c9dcf3b6e6b1576fd78\";}', 'jurnal.plb.ac.id'),
('aeb19139755079e505d7e8f1d5f2bd16', NULL, '213.180.203.142', 'Mozilla/5.0 (compatible; YandexBot/3.0; +http://yandex.com/bots) AppleWebKit/537.36 (KHTML, like Gecko) Chrome/108.0.0.0', 1688139445, 1688139445, 0, 'csrf|a:2:{s:9:\"timestamp\";i:1688139445;s:5:\"token\";s:32:\"67c3d5ac2ecba3d3fcc8d7b5e2fa1616\";}', 'jurnal.plb.ac.id'),
('5f4ab815efc98960f6cc066c0ebc31cf', NULL, '5.255.231.170', 'Mozilla/5.0 (compatible; YandexBot/3.0; +http://yandex.com/bots)', 1688139446, 1688139446, 0, 'csrf|a:2:{s:9:\"timestamp\";i:1688139446;s:5:\"token\";s:32:\"76bedce9f1fbbde9bc60cc89ff72cd98\";}', 'jurnal.plb.ac.id'),
('cdf7cc2911805bafa864355551a71a41', NULL, '213.180.203.250', 'Mozilla/5.0 (compatible; YandexBot/3.0; +http://yandex.com/bots)', 1688139446, 1688139446, 0, '', 'jurnal.plb.ac.id'),
('ff31cce7c50c03e403bc87c70c25d1c7', NULL, '51.222.253.1', 'Mozilla/5.0 (compatible; AhrefsBot/7.0; +http://ahrefs.com/robot/)', 1688139451, 1688139451, 0, '', 'www.jurnal.plb.ac.id'),
('58a369b66e55110e5671beb3024adb8e', NULL, '51.222.253.11', 'Mozilla/5.0 (compatible; AhrefsBot/7.0; +http://ahrefs.com/robot/)', 1688139455, 1688139455, 0, '', 'www.jurnal.plb.ac.id'),
('1111db8afd41317557550be2a1ca6baf', NULL, '140.213.218.76', 'Mozilla/5.0 (Windows NT 10.0; Win64; x64) AppleWebKit/537.36 (KHTML, like Gecko) Chrome/114.0.0.0 Safari/537.36', 1688139456, 1688139930, 0, 'csrf|a:2:{s:9:\"timestamp\";i:1688139457;s:5:\"token\";s:32:\"87e2a505f23b8e6de31c249f4e5f1960\";}', 'www.jurnal.plb.ac.id'),
('9eb8a0c25f40436d0f8f6c4e1a3ecbfe', NULL, '51.222.253.4', 'Mozilla/5.0 (compatible; AhrefsBot/7.0; +http://ahrefs.com/robot/)', 1688139459, 1688139459, 0, '', 'www.jurnal.plb.ac.id'),
('d1381f29a3554721ad412db0461b08e2', NULL, '95.108.213.186', 'Mozilla/5.0 (compatible; YandexBot/3.0; +http://yandex.com/bots)', 1688139465, 1688139465, 0, '', 'jurnal.plb.ac.id'),
('7696e173943654d683858efec928996a', NULL, '51.222.253.10', 'Mozilla/5.0 (compatible; AhrefsBot/7.0; +http://ahrefs.com/robot/)', 1688139467, 1688139467, 0, '', 'www.jurnal.plb.ac.id'),
('89aed271acf2f5481062342ea0b6c049', NULL, '51.222.253.20', 'Mozilla/5.0 (compatible; AhrefsBot/7.0; +http://ahrefs.com/robot/)', 1688139474, 1688139474, 0, '', 'www.jurnal.plb.ac.id'),
('f466e594c03a201971d0639586c2ffa0', NULL, '51.222.253.3', 'Mozilla/5.0 (compatible; AhrefsBot/7.0; +http://ahrefs.com/robot/)', 1688139481, 1688139481, 0, '', 'www.jurnal.plb.ac.id'),
('afd614d68edb828e1486aed6f2c49e5b', NULL, '51.222.253.14', 'Mozilla/5.0 (compatible; AhrefsBot/7.0; +http://ahrefs.com/robot/)', 1688139487, 1688139487, 0, '', 'www.jurnal.plb.ac.id'),
('5deed0e06998c0e9f69306e75c1a219d', NULL, '51.222.253.16', 'Mozilla/5.0 (compatible; AhrefsBot/7.0; +http://ahrefs.com/robot/)', 1688139495, 1688139495, 0, '', 'www.jurnal.plb.ac.id'),
('1336bd45359706ed60127869aa28b555', NULL, '51.222.253.7', 'Mozilla/5.0 (compatible; AhrefsBot/7.0; +http://ahrefs.com/robot/)', 1688139502, 1688139502, 0, '', 'www.jurnal.plb.ac.id'),
('0670ab85ce83869b81d255f4761cc5ec', NULL, '51.222.253.16', 'Mozilla/5.0 (compatible; AhrefsBot/7.0; +http://ahrefs.com/robot/)', 1688139511, 1688139511, 0, '', 'www.jurnal.plb.ac.id'),
('82d7d577610ddb3ac822d08df170da1c', NULL, '51.222.253.9', 'Mozilla/5.0 (compatible; AhrefsBot/7.0; +http://ahrefs.com/robot/)', 1688139519, 1688139519, 0, '', 'www.jurnal.plb.ac.id'),
('c85cfcc211f93ee7c4f277af4472795b', NULL, '51.222.253.14', 'Mozilla/5.0 (compatible; AhrefsBot/7.0; +http://ahrefs.com/robot/)', 1688139526, 1688139526, 0, '', 'www.jurnal.plb.ac.id'),
('5e3adddd80ea104da60160a2f80412ec', NULL, '36.79.193.195', 'Mozilla/5.0 (Windows NT 10.0; Win64; x64) AppleWebKit/537.36 (KHTML, like Gecko) Chrome/114.0.0.0 Safari/537.36 Edg/114.0.1823.58', 1688139531, 1688139531, 0, '', 'jurnal.plb.ac.id');
INSERT INTO `sessions` (`session_id`, `user_id`, `ip_address`, `user_agent`, `created`, `last_used`, `remember`, `data`, `domain`) VALUES
('1c2042f72d6e653445cfa8552303b19e', NULL, '51.222.253.13', 'Mozilla/5.0 (compatible; AhrefsBot/7.0; +http://ahrefs.com/robot/)', 1688139531, 1688139531, 0, '', 'www.jurnal.plb.ac.id'),
('fa78cf4ad601f64bd51048a5c23342d0', NULL, '36.79.193.195', 'Mozilla/5.0 (Windows NT 10.0; Win64; x64) AppleWebKit/537.36 (KHTML, like Gecko) Chrome/114.0.0.0 Safari/537.36 Edg/114.0.1823.58', 1688139536, 1688139536, 0, 'csrf|a:2:{s:9:\"timestamp\";i:1688139538;s:5:\"token\";s:32:\"c6da96d6b1373772d0d1d5389e0222cf\";}', 'jurnal.plb.ac.id'),
('72520ba71439500fccb7e6fcda20253c', NULL, '36.79.193.195', 'Mozilla/5.0 (Windows NT 10.0; Win64; x64) AppleWebKit/537.36 (KHTML, like Gecko) Chrome/114.0.0.0 Safari/537.36 Edg/114.0.1823.58', 1688139538, 1688139538, 0, '', 'jurnal.plb.ac.id'),
('29731db072f80dea484238ab30753a29', NULL, '51.222.253.9', 'Mozilla/5.0 (compatible; AhrefsBot/7.0; +http://ahrefs.com/robot/)', 1688139540, 1688139540, 0, '', 'www.jurnal.plb.ac.id'),
('51406d5d89caa8cdc602e55b1e25c5fb', NULL, '36.79.193.195', 'Mozilla/5.0 (Windows NT 10.0; Win64; x64) AppleWebKit/537.36 (KHTML, like Gecko) Chrome/114.0.0.0 Safari/537.36 Edg/114.0.1823.58', 1688139542, 1688139542, 0, '', 'jurnal.plb.ac.id'),
('29837ac2ad77f62e10b11f1103fda13d', NULL, '36.79.193.195', 'Mozilla/5.0 (Windows NT 10.0; Win64; x64) AppleWebKit/537.36 (KHTML, like Gecko) Chrome/114.0.0.0 Safari/537.36 Edg/114.0.1823.58', 1688139543, 1688139543, 0, '', 'jurnal.plb.ac.id'),
('f434671bc75cbbafe627d7f0b435a325', NULL, '51.222.253.6', 'Mozilla/5.0 (compatible; AhrefsBot/7.0; +http://ahrefs.com/robot/)', 1688139545, 1688139545, 0, '', 'www.jurnal.plb.ac.id'),
('acd2c3a845c0b95b85df01b5e91ebf58', NULL, '51.222.253.9', 'Mozilla/5.0 (compatible; AhrefsBot/7.0; +http://ahrefs.com/robot/)', 1688139551, 1688139551, 0, '', 'www.jurnal.plb.ac.id'),
('a03186369c7770703416827b378214d5', NULL, '51.222.253.9', 'Mozilla/5.0 (compatible; AhrefsBot/7.0; +http://ahrefs.com/robot/)', 1688139556, 1688139556, 0, '', 'www.jurnal.plb.ac.id'),
('36aeb5e2f1f3daf5ca6339a3d3440b6f', NULL, '40.77.167.248', 'Mozilla/5.0 AppleWebKit/537.36 (KHTML, like Gecko; compatible; bingbot/2.0; +http://www.bing.com/bingbot.htm) Chrome/103.0.5060.134 Safari/537.36', 1688139561, 1688139561, 0, 'csrf|a:2:{s:9:\"timestamp\";i:1688139561;s:5:\"token\";s:32:\"d4003e2bcf629b9bdb2482ae392783fb\";}', 'jurnal.plb.ac.id'),
('1ffd27ec1aa52727b498adc122ead040', NULL, '51.222.253.2', 'Mozilla/5.0 (compatible; AhrefsBot/7.0; +http://ahrefs.com/robot/)', 1688139562, 1688139562, 0, '', 'www.jurnal.plb.ac.id'),
('652ffa3ebb8e2a12666b153975c5f325', NULL, '51.222.253.20', 'Mozilla/5.0 (compatible; AhrefsBot/7.0; +http://ahrefs.com/robot/)', 1688139569, 1688139569, 0, '', 'www.jurnal.plb.ac.id'),
('9f87a387a36e8796399e043a4073aa00', NULL, '51.222.253.8', 'Mozilla/5.0 (compatible; AhrefsBot/7.0; +http://ahrefs.com/robot/)', 1688139575, 1688139575, 0, '', 'www.jurnal.plb.ac.id'),
('1e100721339c8c484ddcf1699e4fc4a2', NULL, '51.222.253.20', 'Mozilla/5.0 (compatible; AhrefsBot/7.0; +http://ahrefs.com/robot/)', 1688139581, 1688139581, 0, '', 'www.jurnal.plb.ac.id'),
('f567a8bdbe5c6defa0ac97a6751b61c7', NULL, '51.222.253.18', 'Mozilla/5.0 (compatible; AhrefsBot/7.0; +http://ahrefs.com/robot/)', 1688139588, 1688139588, 0, '', 'www.jurnal.plb.ac.id'),
('ec0f2081f75faf4622190a6c921cd772', NULL, '51.222.253.7', 'Mozilla/5.0 (compatible; AhrefsBot/7.0; +http://ahrefs.com/robot/)', 1688139594, 1688139594, 0, '', 'www.jurnal.plb.ac.id'),
('e91d59c3503cc9fecf7b5045a65f7c8e', NULL, '51.222.253.8', 'Mozilla/5.0 (compatible; AhrefsBot/7.0; +http://ahrefs.com/robot/)', 1688139602, 1688139602, 0, '', 'www.jurnal.plb.ac.id'),
('585180994167f594e4df190ef51d4119', NULL, '51.222.253.11', 'Mozilla/5.0 (compatible; AhrefsBot/7.0; +http://ahrefs.com/robot/)', 1688139608, 1688139608, 0, '', 'www.jurnal.plb.ac.id'),
('0146d436f9222cf2e284bf8d9fabf0be', NULL, '51.222.253.3', 'Mozilla/5.0 (compatible; AhrefsBot/7.0; +http://ahrefs.com/robot/)', 1688139617, 1688139617, 0, '', 'www.jurnal.plb.ac.id'),
('ff422edca38c8c8633a894eec0237f00', NULL, '45.64.100.42', 'Mozilla/5.0 (Macintosh; Intel Mac OS X 10_15_7) AppleWebKit/605.1.15 (KHTML, like Gecko) Version/14.1.2 Safari/605.1.15', 1688139620, 1688141130, 0, 'csrf|a:2:{s:9:\"timestamp\";i:1688141130;s:5:\"token\";s:32:\"7a450be051a9d58f532dd4e58b208863\";}', 'www.jurnal.plb.ac.id'),
('e914634ed57314c71ffc892f5aed538d', NULL, '51.222.253.10', 'Mozilla/5.0 (compatible; AhrefsBot/7.0; +http://ahrefs.com/robot/)', 1688139624, 1688139624, 0, '', 'www.jurnal.plb.ac.id'),
('91910d2559ca7f1108fc3cc0e4401dca', NULL, '51.222.253.16', 'Mozilla/5.0 (compatible; AhrefsBot/7.0; +http://ahrefs.com/robot/)', 1688139628, 1688139628, 0, '', 'www.jurnal.plb.ac.id'),
('a5f7156466085783e01593f60d391483', NULL, '51.222.253.18', 'Mozilla/5.0 (compatible; AhrefsBot/7.0; +http://ahrefs.com/robot/)', 1688139633, 1688139633, 0, '', 'www.jurnal.plb.ac.id'),
('d62b4105e6d2462571cd7b88cf6d42bc', NULL, '51.222.253.15', 'Mozilla/5.0 (compatible; AhrefsBot/7.0; +http://ahrefs.com/robot/)', 1688139641, 1688139641, 0, '', 'www.jurnal.plb.ac.id'),
('aec8a8f7abd8baa757717b6dbf59b958', NULL, '52.167.144.146', 'Mozilla/5.0 AppleWebKit/537.36 (KHTML, like Gecko; compatible; bingbot/2.0; +http://www.bing.com/bingbot.htm) Chrome/103.0.5060.134 Safari/537.36', 1688139643, 1688139643, 0, 'csrf|a:2:{s:9:\"timestamp\";i:1688139643;s:5:\"token\";s:32:\"be28ea0638ab7be554bb78abdb119edb\";}', 'jurnal.plb.ac.id'),
('db508fb4b5a99d53b17886c2a86585b5', NULL, '180.252.50.57', 'Mozilla/5.0 (iPhone; CPU iPhone OS 16_5_1 like Mac OS X) AppleWebKit/605.1.15 (KHTML, like Gecko) Version/16.5.1 Mobile/15E148 Safari/604.1', 1688139645, 1688139645, 0, 'csrf|a:2:{s:9:\"timestamp\";i:1688139649;s:5:\"token\";s:32:\"5069e938964951a23e4a5932bfdaee63\";}', 'jurnal.plb.ac.id'),
('4ee26eeed1f1aaf6d4ceb58fb686967b', NULL, '51.222.253.4', 'Mozilla/5.0 (compatible; AhrefsBot/7.0; +http://ahrefs.com/robot/)', 1688139646, 1688139646, 0, '', 'www.jurnal.plb.ac.id'),
('0300c4169d26bc786b71fafd2c9fa87c', NULL, '103.3.220.101', 'Mozilla/5.0 (Windows NT 10.0; Win64; x64) AppleWebKit/537.36 (KHTML, like Gecko) Chrome/114.0.0.0 Safari/537.36', 1688139652, 1688141079, 0, 'csrf|a:2:{s:9:\"timestamp\";i:1688141079;s:5:\"token\";s:32:\"090bfcbc5b2424904478da177b6c308c\";}', 'jurnal.plb.ac.id'),
('844d3e8ce6eaacba134e09b77a9b3fa5', NULL, '51.222.253.5', 'Mozilla/5.0 (compatible; AhrefsBot/7.0; +http://ahrefs.com/robot/)', 1688139654, 1688139654, 0, '', 'www.jurnal.plb.ac.id'),
('14d1e2a79177648c5a4c1867bb61d6b0', NULL, '51.222.253.7', 'Mozilla/5.0 (compatible; AhrefsBot/7.0; +http://ahrefs.com/robot/)', 1688139658, 1688139658, 0, '', 'www.jurnal.plb.ac.id'),
('517378a04d4018e6d90309c66cb49399', NULL, '51.222.253.1', 'Mozilla/5.0 (compatible; AhrefsBot/7.0; +http://ahrefs.com/robot/)', 1688139664, 1688139664, 0, '', 'www.jurnal.plb.ac.id'),
('891c9196f7deb733bc821ff529bd3c7f', NULL, '51.222.253.19', 'Mozilla/5.0 (compatible; AhrefsBot/7.0; +http://ahrefs.com/robot/)', 1688139672, 1688139672, 0, '', 'www.jurnal.plb.ac.id'),
('fe10d6b6b269a78a0f136f376b13c082', NULL, '40.77.167.195', 'Mozilla/5.0 AppleWebKit/537.36 (KHTML, like Gecko; compatible; bingbot/2.0; +http://www.bing.com/bingbot.htm) Chrome/103.0.5060.134 Safari/537.36', 1688139674, 1688139674, 0, '', 'jurnal.plb.ac.id'),
('1f573e336085e2bc061cbe0b88c4cb49', NULL, '51.222.253.3', 'Mozilla/5.0 (compatible; AhrefsBot/7.0; +http://ahrefs.com/robot/)', 1688139677, 1688139677, 0, '', 'www.jurnal.plb.ac.id'),
('e19c2f61c915588bd2980982c53e34cd', NULL, '51.222.253.2', 'Mozilla/5.0 (compatible; AhrefsBot/7.0; +http://ahrefs.com/robot/)', 1688139683, 1688139683, 0, '', 'www.jurnal.plb.ac.id'),
('f0aea292f7f55d440c95d15e53afcb95', NULL, '51.222.253.19', 'Mozilla/5.0 (compatible; AhrefsBot/7.0; +http://ahrefs.com/robot/)', 1688139688, 1688139688, 0, '', 'www.jurnal.plb.ac.id'),
('00521f3fe2f742239a585ab4a4737336', NULL, '51.222.253.3', 'Mozilla/5.0 (compatible; AhrefsBot/7.0; +http://ahrefs.com/robot/)', 1688139693, 1688139693, 0, '', 'www.jurnal.plb.ac.id'),
('adfb6bc6e9a41f4309eca090a8d2a593', NULL, '51.222.253.4', 'Mozilla/5.0 (compatible; AhrefsBot/7.0; +http://ahrefs.com/robot/)', 1688139701, 1688139701, 0, '', 'www.jurnal.plb.ac.id'),
('cd1b82d989279770779e492f2715f03f', NULL, '51.222.253.20', 'Mozilla/5.0 (compatible; AhrefsBot/7.0; +http://ahrefs.com/robot/)', 1688139709, 1688139709, 0, '', 'www.jurnal.plb.ac.id'),
('65b4027924e57a65e4070d4134fb182d', NULL, '51.222.253.10', 'Mozilla/5.0 (compatible; AhrefsBot/7.0; +http://ahrefs.com/robot/)', 1688139717, 1688139717, 0, '', 'www.jurnal.plb.ac.id'),
('c4b08e17176affe5388c23aa3008e362', NULL, '51.222.253.14', 'Mozilla/5.0 (compatible; AhrefsBot/7.0; +http://ahrefs.com/robot/)', 1688139722, 1688139722, 0, '', 'www.jurnal.plb.ac.id'),
('90e785f2c8fe7b2c4aa7bb4dcfe32d8e', NULL, '51.222.253.3', 'Mozilla/5.0 (compatible; AhrefsBot/7.0; +http://ahrefs.com/robot/)', 1688139730, 1688139730, 0, '', 'www.jurnal.plb.ac.id'),
('3c1e2752d3e929bde316b0d98d36bfbf', NULL, '51.222.253.14', 'Mozilla/5.0 (compatible; AhrefsBot/7.0; +http://ahrefs.com/robot/)', 1688139737, 1688139737, 0, '', 'www.jurnal.plb.ac.id'),
('047f12e1171acfb74e0451efc2f919ba', NULL, '51.222.253.11', 'Mozilla/5.0 (compatible; AhrefsBot/7.0; +http://ahrefs.com/robot/)', 1688139743, 1688139743, 0, '', 'www.jurnal.plb.ac.id'),
('11355c4771a7e2350972ba27e8e3b299', NULL, '114.119.145.42', 'Mozilla/5.0 (Linux; Android 7.0;) AppleWebKit/537.36 (KHTML, like Gecko) Mobile Safari/537.36 (compatible; PetalBot;+https://webmaster.petalsearch.com/site/petalbot)', 1688139743, 1688139743, 0, '', 'www.jurnal.plb.ac.id'),
('81418e8264b29daf6164383a0eb85928', NULL, '51.222.253.9', 'Mozilla/5.0 (compatible; AhrefsBot/7.0; +http://ahrefs.com/robot/)', 1688139749, 1688139749, 0, '', 'www.jurnal.plb.ac.id'),
('e58f70766c904ea77a11afffde9cb5fd', NULL, '51.222.253.4', 'Mozilla/5.0 (compatible; AhrefsBot/7.0; +http://ahrefs.com/robot/)', 1688139755, 1688139755, 0, '', 'www.jurnal.plb.ac.id'),
('ccf6e9068254e5c0aa41b7e0e4481e4d', NULL, '51.222.253.16', 'Mozilla/5.0 (compatible; AhrefsBot/7.0; +http://ahrefs.com/robot/)', 1688139762, 1688139762, 0, '', 'www.jurnal.plb.ac.id'),
('1cf7be6f3f8827ae0eeddb17dfb0e86c', NULL, '40.77.167.195', 'Mozilla/5.0 AppleWebKit/537.36 (KHTML, like Gecko; compatible; bingbot/2.0; +http://www.bing.com/bingbot.htm) Chrome/103.0.5060.134 Safari/537.36', 1688139765, 1688139765, 0, 'csrf|a:2:{s:9:\"timestamp\";i:1688139765;s:5:\"token\";s:32:\"cfdf19c4880c57929a7656fa286604ea\";}', 'jurnal.plb.ac.id'),
('4ca09808937636cd786f1efe1c02a7cf', NULL, '51.222.253.6', 'Mozilla/5.0 (compatible; AhrefsBot/7.0; +http://ahrefs.com/robot/)', 1688139768, 1688139768, 0, '', 'www.jurnal.plb.ac.id'),
('a1d9e84d33ff5c63140147909d16bca7', NULL, '95.108.213.141', 'Mozilla/5.0 (compatible; YandexBot/3.0; +http://yandex.com/bots)', 1688139771, 1688139771, 0, '', 'jurnal.plb.ac.id'),
('9a4bd9467afb531ac9b2a91c8dec2d7a', NULL, '51.222.253.19', 'Mozilla/5.0 (compatible; AhrefsBot/7.0; +http://ahrefs.com/robot/)', 1688139774, 1688139774, 0, '', 'www.jurnal.plb.ac.id'),
('abb3eb5939f81403744df17660f3f57b', NULL, '51.222.253.4', 'Mozilla/5.0 (compatible; AhrefsBot/7.0; +http://ahrefs.com/robot/)', 1688139780, 1688139780, 0, '', 'www.jurnal.plb.ac.id'),
('68d52a865627be756e8c096b5005afde', NULL, '51.222.253.15', 'Mozilla/5.0 (compatible; AhrefsBot/7.0; +http://ahrefs.com/robot/)', 1688139784, 1688139784, 0, '', 'www.jurnal.plb.ac.id'),
('3977fd6dd0942fd828f3905997d8ac88', NULL, '51.222.253.10', 'Mozilla/5.0 (compatible; AhrefsBot/7.0; +http://ahrefs.com/robot/)', 1688139792, 1688139792, 0, '', 'www.jurnal.plb.ac.id'),
('ea365a3f7077606aa0fe5e68c3120aa2', NULL, '51.222.253.14', 'Mozilla/5.0 (compatible; AhrefsBot/7.0; +http://ahrefs.com/robot/)', 1688139798, 1688139798, 0, '', 'www.jurnal.plb.ac.id'),
('2fe8b6cf74cd5d10783c987a6a45c185', NULL, '51.222.253.3', 'Mozilla/5.0 (compatible; AhrefsBot/7.0; +http://ahrefs.com/robot/)', 1688139804, 1688139804, 0, '', 'www.jurnal.plb.ac.id'),
('e7c86bb0c9a14f3e507870609689c3ac', NULL, '51.222.253.14', 'Mozilla/5.0 (compatible; AhrefsBot/7.0; +http://ahrefs.com/robot/)', 1688139809, 1688139809, 0, '', 'www.jurnal.plb.ac.id'),
('e5c7ec685eafbbcad37be9a70c2be884', NULL, '51.222.253.17', 'Mozilla/5.0 (compatible; AhrefsBot/7.0; +http://ahrefs.com/robot/)', 1688139815, 1688139815, 0, '', 'www.jurnal.plb.ac.id'),
('a465d490b84b827dcf246cb977ac5ae2', NULL, '51.222.253.10', 'Mozilla/5.0 (compatible; AhrefsBot/7.0; +http://ahrefs.com/robot/)', 1688139822, 1688139822, 0, '', 'www.jurnal.plb.ac.id'),
('2d418d57584d2370029dc17ee85c6d4a', NULL, '51.222.253.15', 'Mozilla/5.0 (compatible; AhrefsBot/7.0; +http://ahrefs.com/robot/)', 1688139828, 1688139828, 0, '', 'www.jurnal.plb.ac.id'),
('7a8e3cd7b795329e9cdd82e08fa73feb', NULL, '66.249.71.41', 'Googlebot/2.1 (+http://www.google.com/bot.html)', 1688139829, 1688139829, 0, 'csrf|a:2:{s:9:\"timestamp\";i:1688139829;s:5:\"token\";s:32:\"355bdb724b4b047cae07aa0fd4b26e2b\";}', 'jurnal.plb.ac.id'),
('2003f44fbf27b47975401c219c243d01', NULL, '51.222.253.5', 'Mozilla/5.0 (compatible; AhrefsBot/7.0; +http://ahrefs.com/robot/)', 1688139832, 1688139832, 0, '', 'www.jurnal.plb.ac.id'),
('531fe764e59ccf12f0e4b6ac05341eff', NULL, '85.208.98.18', 'Mozilla/5.0 (compatible; SemrushBot; +http://www.semrush.com/bot.html)', 1688139833, 1688139833, 0, 'csrf|a:2:{s:9:\"timestamp\";i:1688139833;s:5:\"token\";s:32:\"bd9a15bb84c2539b8a7731d7d4263f0c\";}', 'jurnal.plb.ac.id'),
('5950988f0e9265cdf8c459179388c838', NULL, '51.222.253.9', 'Mozilla/5.0 (compatible; AhrefsBot/7.0; +http://ahrefs.com/robot/)', 1688139838, 1688139838, 0, '', 'www.jurnal.plb.ac.id'),
('d395fa23628b25d165ec326ad85c116d', NULL, '51.222.253.20', 'Mozilla/5.0 (compatible; AhrefsBot/7.0; +http://ahrefs.com/robot/)', 1688139845, 1688139845, 0, '', 'www.jurnal.plb.ac.id'),
('86b68d9d678c360c4d4fc738c06d7a4c', NULL, '51.222.253.14', 'Mozilla/5.0 (compatible; AhrefsBot/7.0; +http://ahrefs.com/robot/)', 1688139851, 1688139851, 0, '', 'www.jurnal.plb.ac.id'),
('e4ce9b4a543141c650253c27f6d41b45', NULL, '51.222.253.8', 'Mozilla/5.0 (compatible; AhrefsBot/7.0; +http://ahrefs.com/robot/)', 1688139858, 1688139858, 0, '', 'www.jurnal.plb.ac.id'),
('3c7386b2af1cbb058a3d0db3cd2f143f', NULL, '51.222.253.6', 'Mozilla/5.0 (compatible; AhrefsBot/7.0; +http://ahrefs.com/robot/)', 1688139864, 1688139864, 0, '', 'www.jurnal.plb.ac.id'),
('4b53afac8b8c8f9219bc4a045c11fb47', NULL, '66.249.79.34', 'Mozilla/5.0 (Linux; Android 6.0.1; Nexus 5X Build/MMB29P) AppleWebKit/537.36 (KHTML, like Gecko) Chrome/114.0.5735.179 Mobile Safari/537.36 (compatible; Googlebot/2.1; +http://www.google.com/bot.html)', 1688139869, 1688139869, 0, 'csrf|a:2:{s:9:\"timestamp\";i:1688139869;s:5:\"token\";s:32:\"9b42c3ceb6f3cb5f2d964ed750d2be2e\";}', 'jurnal.plb.ac.id'),
('c92e144176ab8fa397020810811bef35', NULL, '51.222.253.14', 'Mozilla/5.0 (compatible; AhrefsBot/7.0; +http://ahrefs.com/robot/)', 1688139871, 1688139871, 0, '', 'www.jurnal.plb.ac.id'),
('1e06aac599a1dcb1108989cca13489d9', NULL, '216.244.66.240', 'Mozilla/5.0 (compatible; DotBot/1.2; +https://opensiteexplorer.org/dotbot; help@moz.com)', 1688139871, 1688139871, 0, 'csrf|a:2:{s:9:\"timestamp\";i:1688139871;s:5:\"token\";s:32:\"6231ebfbfe2d8a1cef0542abc3d4585b\";}', 'www.jurnal.plb.ac.id'),
('4229f75d08ba3947c804dc93ed71ceb6', NULL, '51.222.253.15', 'Mozilla/5.0 (compatible; AhrefsBot/7.0; +http://ahrefs.com/robot/)', 1688139877, 1688139877, 0, '', 'www.jurnal.plb.ac.id'),
('7ab99479b7d58aaee7f1849bbfbfe1bb', NULL, '216.244.66.240', 'Mozilla/5.0 (compatible; DotBot/1.2; +https://opensiteexplorer.org/dotbot; help@moz.com)', 1688139882, 1688139882, 0, 'csrf|a:2:{s:9:\"timestamp\";i:1688139882;s:5:\"token\";s:32:\"9647f61cc8b2e22e44a4fb77624edc8a\";}', 'www.jurnal.plb.ac.id'),
('6f9470bc1ba8c1ee6bebcb28046aeaa5', NULL, '51.222.253.4', 'Mozilla/5.0 (compatible; AhrefsBot/7.0; +http://ahrefs.com/robot/)', 1688139883, 1688139883, 0, '', 'www.jurnal.plb.ac.id'),
('dab50574df169221f45344e804deb450', NULL, '51.222.253.8', 'Mozilla/5.0 (compatible; AhrefsBot/7.0; +http://ahrefs.com/robot/)', 1688139889, 1688139889, 0, '', 'www.jurnal.plb.ac.id'),
('0ecc44616c6e840306eaf08089cccd41', NULL, '66.249.79.12', 'Googlebot/2.1 (+http://www.google.com/bot.html)', 1688139889, 1688139889, 0, 'csrf|a:2:{s:9:\"timestamp\";i:1688139889;s:5:\"token\";s:32:\"e2ffb42308a78c26ba883f6cd4279ea8\";}', 'www.jurnal.plb.ac.id'),
('8d5520dad41f2428821bfc974cc3b02c', NULL, '51.222.253.17', 'Mozilla/5.0 (compatible; AhrefsBot/7.0; +http://ahrefs.com/robot/)', 1688139895, 1688139895, 0, '', 'www.jurnal.plb.ac.id'),
('b4680ecbdbd3bddd9b000f228eaf9784', NULL, '51.222.253.2', 'Mozilla/5.0 (compatible; AhrefsBot/7.0; +http://ahrefs.com/robot/)', 1688139900, 1688139900, 0, '', 'www.jurnal.plb.ac.id'),
('78196391e557ab101f5ac1d4b8afd800', NULL, '40.77.167.248', 'Mozilla/5.0 AppleWebKit/537.36 (KHTML, like Gecko; compatible; bingbot/2.0; +http://www.bing.com/bingbot.htm) Chrome/103.0.5060.134 Safari/537.36', 1688139901, 1688139901, 0, '', 'jurnal.plb.ac.id'),
('78a60bc226daf57a33f76ca2c5a9eb92', NULL, '40.77.167.195', 'Mozilla/5.0 AppleWebKit/537.36 (KHTML, like Gecko; compatible; bingbot/2.0; +http://www.bing.com/bingbot.htm) Chrome/103.0.5060.134 Safari/537.36', 1688139905, 1688139905, 0, 'csrf|a:2:{s:9:\"timestamp\";i:1688139905;s:5:\"token\";s:32:\"e69a1c5ebe03fd835360b682d6220381\";}', 'jurnal.plb.ac.id'),
('f803e3e0d1b72bf8f53a918ab26795ef', NULL, '51.222.253.4', 'Mozilla/5.0 (compatible; AhrefsBot/7.0; +http://ahrefs.com/robot/)', 1688139905, 1688139905, 0, '', 'www.jurnal.plb.ac.id'),
('d28a93bca58a57f8d89ae9f890ab984d', NULL, '51.222.253.3', 'Mozilla/5.0 (compatible; AhrefsBot/7.0; +http://ahrefs.com/robot/)', 1688139910, 1688139910, 0, '', 'www.jurnal.plb.ac.id'),
('340e6dbe5fd8690ae32f9466f79afb62', NULL, '51.222.253.16', 'Mozilla/5.0 (compatible; AhrefsBot/7.0; +http://ahrefs.com/robot/)', 1688139916, 1688139916, 0, '', 'www.jurnal.plb.ac.id'),
('2d6593dbe6cf681ab200e32f6de16322', NULL, '51.222.253.17', 'Mozilla/5.0 (compatible; AhrefsBot/7.0; +http://ahrefs.com/robot/)', 1688139924, 1688139924, 0, '', 'www.jurnal.plb.ac.id'),
('fb49029f778085a3594432970ab5ec4a', NULL, '51.222.253.6', 'Mozilla/5.0 (compatible; AhrefsBot/7.0; +http://ahrefs.com/robot/)', 1688139929, 1688139929, 0, '', 'www.jurnal.plb.ac.id'),
('01f2cb2b5ae849ba642dfe15aea44e7e', NULL, '51.222.253.19', 'Mozilla/5.0 (compatible; AhrefsBot/7.0; +http://ahrefs.com/robot/)', 1688139933, 1688139933, 0, '', 'www.jurnal.plb.ac.id'),
('d21cb34fd5b9114ab6cee516d7e81bb2', NULL, '51.222.253.10', 'Mozilla/5.0 (compatible; AhrefsBot/7.0; +http://ahrefs.com/robot/)', 1688139938, 1688139938, 0, '', 'www.jurnal.plb.ac.id'),
('0b4b67f310f078add3fb08e9cac1710e', NULL, '51.222.253.13', 'Mozilla/5.0 (compatible; AhrefsBot/7.0; +http://ahrefs.com/robot/)', 1688139944, 1688139944, 0, '', 'www.jurnal.plb.ac.id'),
('da54544174c97723f1a7b4fc545dc088', NULL, '51.222.253.8', 'Mozilla/5.0 (compatible; AhrefsBot/7.0; +http://ahrefs.com/robot/)', 1688139949, 1688139949, 0, '', 'www.jurnal.plb.ac.id'),
('dee8875d81159da240bb5046b40c194b', NULL, '51.222.253.14', 'Mozilla/5.0 (compatible; AhrefsBot/7.0; +http://ahrefs.com/robot/)', 1688139955, 1688139955, 0, '', 'www.jurnal.plb.ac.id'),
('9926c920e42522e687ce5705bf385aad', NULL, '51.222.253.11', 'Mozilla/5.0 (compatible; AhrefsBot/7.0; +http://ahrefs.com/robot/)', 1688139962, 1688139962, 0, '', 'www.jurnal.plb.ac.id'),
('f6800768cb9ac996d6e596d5b6d86ab8', NULL, '51.222.253.2', 'Mozilla/5.0 (compatible; AhrefsBot/7.0; +http://ahrefs.com/robot/)', 1688139969, 1688139969, 0, '', 'www.jurnal.plb.ac.id'),
('076a3c4e785c58be342e0edc3b10bd40', NULL, '51.222.253.7', 'Mozilla/5.0 (compatible; AhrefsBot/7.0; +http://ahrefs.com/robot/)', 1688139973, 1688139973, 0, '', 'www.jurnal.plb.ac.id'),
('b57ccbfe24597a889c4ed0c5a51ccf4a', NULL, '114.4.79.223', 'Mozilla/5.0 (Windows NT 10.0; Win64; x64) AppleWebKit/537.36 (KHTML, like Gecko) Chrome/114.0.0.0 Safari/537.36', 1688139977, 1688139977, 0, 'csrf|a:2:{s:9:\"timestamp\";i:1688139977;s:5:\"token\";s:32:\"cdf0bf59f5035e18c9dc6717ff2606ac\";}', 'jurnal.plb.ac.id'),
('2666ab31ab636997aff1cc1b71859142', NULL, '51.222.253.5', 'Mozilla/5.0 (compatible; AhrefsBot/7.0; +http://ahrefs.com/robot/)', 1688139978, 1688139978, 0, '', 'www.jurnal.plb.ac.id'),
('6d859fe318be84e96da7254d6cb23a0c', NULL, '51.222.253.6', 'Mozilla/5.0 (compatible; AhrefsBot/7.0; +http://ahrefs.com/robot/)', 1688139987, 1688139987, 0, '', 'www.jurnal.plb.ac.id'),
('4ed4f9f4fa6f14284e5e7b693d369197', NULL, '51.222.253.19', 'Mozilla/5.0 (compatible; AhrefsBot/7.0; +http://ahrefs.com/robot/)', 1688139993, 1688139993, 0, '', 'www.jurnal.plb.ac.id'),
('59ef3676ba8bfd5d486787533705140a', NULL, '114.4.79.223', 'Mozilla/5.0 (Windows NT 10.0; Win64; x64) AppleWebKit/537.36 (KHTML, like Gecko) Chrome/114.0.0.0 Safari/537.36', 1688139994, 1688140003, 0, 'csrf|a:2:{s:9:\"timestamp\";i:1688139994;s:5:\"token\";s:32:\"5867a26e26ab5b5af4f524dc2ca08534\";}', 'jurnal.plb.ac.id'),
('cb48dcb161e4331fd05ff8a9aa07a2b1', NULL, '51.222.253.4', 'Mozilla/5.0 (compatible; AhrefsBot/7.0; +http://ahrefs.com/robot/)', 1688139999, 1688139999, 0, '', 'www.jurnal.plb.ac.id'),
('704dc6941089006f13f7083d13e80d90', NULL, '51.222.253.5', 'Mozilla/5.0 (compatible; AhrefsBot/7.0; +http://ahrefs.com/robot/)', 1688140006, 1688140006, 0, '', 'www.jurnal.plb.ac.id'),
('fbadcbe188f9f219b81559ba400d79ba', NULL, '216.244.66.240', 'Mozilla/5.0 (compatible; DotBot/1.2; +https://opensiteexplorer.org/dotbot; help@moz.com)', 1688140006, 1688140006, 0, '', 'jurnal.plb.ac.id'),
('ac5d807b6fa829a437fef2fe0a42bc1e', NULL, '40.77.167.248', 'Mozilla/5.0 AppleWebKit/537.36 (KHTML, like Gecko; compatible; bingbot/2.0; +http://www.bing.com/bingbot.htm) Chrome/103.0.5060.134 Safari/537.36', 1688140009, 1688140009, 0, 'csrf|a:2:{s:9:\"timestamp\";i:1688140009;s:5:\"token\";s:32:\"b9021dda52f492b6db437430f05d2ec9\";}', 'jurnal.plb.ac.id'),
('e3389ad6ec06bad8e0880de0d25467fe', NULL, '51.222.253.12', 'Mozilla/5.0 (compatible; AhrefsBot/7.0; +http://ahrefs.com/robot/)', 1688140009, 1688140009, 0, '', 'www.jurnal.plb.ac.id'),
('94ed1b881f958f3454428eb3c5c17db4', NULL, '52.167.144.146', 'Mozilla/5.0 AppleWebKit/537.36 (KHTML, like Gecko; compatible; bingbot/2.0; +http://www.bing.com/bingbot.htm) Chrome/103.0.5060.134 Safari/537.36', 1688140014, 1688140014, 0, 'csrf|a:2:{s:9:\"timestamp\";i:1688140014;s:5:\"token\";s:32:\"2bc4addad011a151d6bf373d2333d773\";}', 'jurnal.plb.ac.id'),
('36496064d043638f92ab61ab513b7501', NULL, '51.222.253.17', 'Mozilla/5.0 (compatible; AhrefsBot/7.0; +http://ahrefs.com/robot/)', 1688140016, 1688140016, 0, '', 'www.jurnal.plb.ac.id'),
('ab01d9680c1abe031053cbcb060e89ce', NULL, '51.222.253.10', 'Mozilla/5.0 (compatible; AhrefsBot/7.0; +http://ahrefs.com/robot/)', 1688140023, 1688140023, 0, '', 'www.jurnal.plb.ac.id'),
('056c439a5c1447f88c8a1d39e5e6460d', NULL, '216.244.66.240', 'Mozilla/5.0 (compatible; DotBot/1.2; +https://opensiteexplorer.org/dotbot; help@moz.com)', 1688140025, 1688140025, 0, '', 'jurnal.plb.ac.id'),
('8280230dcb55fe4f0a3f1a17c302c2f1', NULL, '66.249.79.12', 'Googlebot/2.1 (+http://www.google.com/bot.html)', 1688140025, 1688140025, 0, '', 'www.jurnal.plb.ac.id'),
('edd6210dc5b5b87475d08cdb417e1974', NULL, '51.222.253.18', 'Mozilla/5.0 (compatible; AhrefsBot/7.0; +http://ahrefs.com/robot/)', 1688140030, 1688140030, 0, '', 'www.jurnal.plb.ac.id'),
('cd3bb1b094e14a508180aea88ff75b1c', NULL, '51.222.253.2', 'Mozilla/5.0 (compatible; AhrefsBot/7.0; +http://ahrefs.com/robot/)', 1688140036, 1688140036, 0, '', 'www.jurnal.plb.ac.id'),
('a1c9454977c5db043615c594e2fe2aaf', NULL, '66.249.71.170', 'Googlebot/2.1 (+http://www.google.com/bot.html)', 1688140038, 1688140038, 0, 'csrf|a:2:{s:9:\"timestamp\";i:1688140038;s:5:\"token\";s:32:\"015334596bb6f0db7edb2aeae21034c2\";}', 'www.jurnal.plb.ac.id'),
('9e3f0006b12f0165f96a2dacc0a72ee5', NULL, '51.222.253.12', 'Mozilla/5.0 (compatible; AhrefsBot/7.0; +http://ahrefs.com/robot/)', 1688140041, 1688140041, 0, '', 'www.jurnal.plb.ac.id'),
('014131552a28e2f285af21c086f81801', NULL, '216.244.66.240', 'Mozilla/5.0 (compatible; DotBot/1.2; +https://opensiteexplorer.org/dotbot; help@moz.com)', 1688140048, 1688140048, 0, '', 'jurnal.plb.ac.id'),
('f14d3a318560648b7975578c419af3b7', NULL, '51.222.253.8', 'Mozilla/5.0 (compatible; AhrefsBot/7.0; +http://ahrefs.com/robot/)', 1688140048, 1688140048, 0, '', 'www.jurnal.plb.ac.id'),
('dd6e05e5926e7d6992bdf0ac9ca33519', NULL, '51.222.253.18', 'Mozilla/5.0 (compatible; AhrefsBot/7.0; +http://ahrefs.com/robot/)', 1688140055, 1688140055, 0, '', 'www.jurnal.plb.ac.id'),
('46a9239f4205db6ffe44de96d7aa69f7', NULL, '51.222.253.14', 'Mozilla/5.0 (compatible; AhrefsBot/7.0; +http://ahrefs.com/robot/)', 1688140064, 1688140064, 0, '', 'www.jurnal.plb.ac.id'),
('1548bc1d4d3af1a76ee07da9580da508', NULL, '51.222.253.6', 'Mozilla/5.0 (compatible; AhrefsBot/7.0; +http://ahrefs.com/robot/)', 1688140070, 1688140070, 0, '', 'www.jurnal.plb.ac.id'),
('ec044946dcee4f179f2b51980f4f8e72', NULL, '51.222.253.4', 'Mozilla/5.0 (compatible; AhrefsBot/7.0; +http://ahrefs.com/robot/)', 1688140075, 1688140075, 0, '', 'www.jurnal.plb.ac.id'),
('76ba93ce1d974cdb8a282231d58a32c6', NULL, '51.222.253.17', 'Mozilla/5.0 (compatible; AhrefsBot/7.0; +http://ahrefs.com/robot/)', 1688140081, 1688140081, 0, '', 'www.jurnal.plb.ac.id'),
('89ce4953f3991281ebb4183bcbedbd6a', NULL, '51.222.253.16', 'Mozilla/5.0 (compatible; AhrefsBot/7.0; +http://ahrefs.com/robot/)', 1688140085, 1688140085, 0, '', 'www.jurnal.plb.ac.id'),
('84002a4282edc10dc46905314e82e814', NULL, '140.213.165.145', 'Mozilla/5.0 (Windows NT 10.0; Win64; x64) AppleWebKit/537.36 (KHTML, like Gecko) Chrome/114.0.0.0 Safari/537.36', 1688140088, 1688140120, 0, 'csrf|a:2:{s:9:\"timestamp\";i:1688140088;s:5:\"token\";s:32:\"3bf601c3c03f6c86dda90d84c95e87ad\";}', 'www.jurnal.plb.ac.id'),
('101df7037d23f40e54543f3b8af747f1', NULL, '51.222.253.8', 'Mozilla/5.0 (compatible; AhrefsBot/7.0; +http://ahrefs.com/robot/)', 1688140090, 1688140090, 0, '', 'www.jurnal.plb.ac.id'),
('9550f53940a628a8a83d2c20ea6dddfe', NULL, '103.214.103.22', 'Mozilla/5.0 (Windows NT 10.0; Win64; x64) AppleWebKit/537.36 (KHTML, like Gecko) Chrome/114.0.0.0 Safari/537.36', 1688140096, 1688140097, 0, 'csrf|a:2:{s:9:\"timestamp\";i:1688140096;s:5:\"token\";s:32:\"98658b2994ffa9468e668ef9f90892ba\";}', 'jurnal.plb.ac.id'),
('385803fbe75fd8c6e527fdb277ec76fb', NULL, '51.222.253.17', 'Mozilla/5.0 (compatible; AhrefsBot/7.0; +http://ahrefs.com/robot/)', 1688140097, 1688140097, 0, '', 'www.jurnal.plb.ac.id'),
('e719079fbfb2654b8c44f48c060492cd', NULL, '51.222.253.18', 'Mozilla/5.0 (compatible; AhrefsBot/7.0; +http://ahrefs.com/robot/)', 1688140103, 1688140103, 0, '', 'www.jurnal.plb.ac.id'),
('c8d28591c7887d215964ea53fd44c461', NULL, '51.222.253.16', 'Mozilla/5.0 (compatible; AhrefsBot/7.0; +http://ahrefs.com/robot/)', 1688140110, 1688140110, 0, '', 'www.jurnal.plb.ac.id'),
('b63becf93c3bd6174a3ba7d4a44561ca', NULL, '51.222.253.11', 'Mozilla/5.0 (compatible; AhrefsBot/7.0; +http://ahrefs.com/robot/)', 1688140117, 1688140117, 0, '', 'www.jurnal.plb.ac.id'),
('860a4ac0d0a89817fad7d8db15cbd963', NULL, '51.222.253.11', 'Mozilla/5.0 (compatible; AhrefsBot/7.0; +http://ahrefs.com/robot/)', 1688140125, 1688140125, 0, '', 'www.jurnal.plb.ac.id'),
('96b347236fe08092f88864633b4e8c7d', NULL, '51.222.253.16', 'Mozilla/5.0 (compatible; AhrefsBot/7.0; +http://ahrefs.com/robot/)', 1688140131, 1688140131, 0, '', 'www.jurnal.plb.ac.id'),
('178bea486220242d4fc3a6cc47454451', NULL, '51.222.253.10', 'Mozilla/5.0 (compatible; AhrefsBot/7.0; +http://ahrefs.com/robot/)', 1688140138, 1688140138, 0, '', 'www.jurnal.plb.ac.id'),
('2080ebc7498e5221d826be4db4ea9d77', NULL, '51.222.253.20', 'Mozilla/5.0 (compatible; AhrefsBot/7.0; +http://ahrefs.com/robot/)', 1688140145, 1688140145, 0, '', 'www.jurnal.plb.ac.id'),
('6b3b99ac454ebbcfb6364b83a0fdf614', NULL, '51.222.253.6', 'Mozilla/5.0 (compatible; AhrefsBot/7.0; +http://ahrefs.com/robot/)', 1688140151, 1688140151, 0, '', 'www.jurnal.plb.ac.id'),
('a06e85179a84313cc87a3498d8d92f1d', NULL, '51.222.253.13', 'Mozilla/5.0 (compatible; AhrefsBot/7.0; +http://ahrefs.com/robot/)', 1688140159, 1688140159, 0, '', 'www.jurnal.plb.ac.id'),
('2dedcfd50373cd4da1f5721680947f19', NULL, '51.222.253.5', 'Mozilla/5.0 (compatible; AhrefsBot/7.0; +http://ahrefs.com/robot/)', 1688140175, 1688140175, 0, '', 'www.jurnal.plb.ac.id'),
('081dbe6aaa23c65aed45997306fc178d', NULL, '51.222.253.11', 'Mozilla/5.0 (compatible; AhrefsBot/7.0; +http://ahrefs.com/robot/)', 1688140205, 1688140205, 0, '', 'www.jurnal.plb.ac.id'),
('f4008eefddd1159e9f27f5c0a4e9b121', NULL, '114.10.75.157', 'Mozilla/5.0 (Linux; Android 10; SM-A013G) AppleWebKit/537.36 (KHTML, like Gecko) Chrome/98.0.4758.101 Mobile Safari/537.36', 1688140213, 1688140218, 0, '', 'jurnal.plb.ac.id'),
('995b081ff01fb688682b45c803c4ea20', NULL, '51.222.253.17', 'Mozilla/5.0 (compatible; AhrefsBot/7.0; +http://ahrefs.com/robot/)', 1688140236, 1688140236, 0, '', 'www.jurnal.plb.ac.id'),
('5a6c6b575aff65e00fb4a875bb929b9f', NULL, '40.77.167.195', 'Mozilla/5.0 AppleWebKit/537.36 (KHTML, like Gecko; compatible; bingbot/2.0; +http://www.bing.com/bingbot.htm) Chrome/103.0.5060.134 Safari/537.36', 1688140271, 1688140271, 0, '', 'jurnal.plb.ac.id'),
('f79ae4e9a193dc026281c5a8a6ebd99f', NULL, '51.222.253.19', 'Mozilla/5.0 (compatible; AhrefsBot/7.0; +http://ahrefs.com/robot/)', 1688140288, 1688140288, 0, '', 'www.jurnal.plb.ac.id'),
('631cecccb753f976e653982086c65ef8', NULL, '114.125.103.22', 'Mozilla/5.0 (Linux; Android 10; K) AppleWebKit/537.36 (KHTML, like Gecko) Chrome/111.0.0.0 Mobile Safari/537.36', 1688140322, 1688140350, 0, 'csrf|a:2:{s:9:\"timestamp\";i:1688140350;s:5:\"token\";s:32:\"f3861748884ad5ecd3a3023d74159009\";}', 'www.jurnal.plb.ac.id'),
('880a239e8b1b6a4653c9ed9520224774', NULL, '114.125.103.22', 'Mozilla/5.0 (Linux; Android 10; K) AppleWebKit/537.36 (KHTML, like Gecko) Chrome/111.0.0.0 Mobile Safari/537.36', 1688140347, 1688140347, 0, 'csrf|a:2:{s:9:\"timestamp\";i:1688140347;s:5:\"token\";s:32:\"2ddb4485d7bf911145ca0fda9b29dde4\";}', 'jurnal.plb.ac.id'),
('53d8a3aad80fd315501bb8f959a6f90a', NULL, '213.180.203.149', 'Mozilla/5.0 (compatible; YandexBot/3.0; +http://yandex.com/bots)', 1688140373, 1688140373, 0, 'csrf|a:2:{s:9:\"timestamp\";i:1688140374;s:5:\"token\";s:32:\"fa7de65244930bafe8ae2afcad1a61fd\";}', 'jurnal.plb.ac.id'),
('cd9baad23ea1c86397f417fefe2b53e8', NULL, '199.47.82.16', 'Turnitin (https://bit.ly/2UvnfoQ)', 1688140391, 1688140391, 0, 'csrf|a:2:{s:9:\"timestamp\";i:1688140391;s:5:\"token\";s:32:\"61fff7fe1b8e77ed57e588b5e58c871d\";}', 'jurnal.plb.ac.id'),
('0c6fa2ee1a3c0b4c6aab94041f51fb2a', NULL, '216.244.66.240', 'Mozilla/5.0 (compatible; DotBot/1.2; +https://opensiteexplorer.org/dotbot; help@moz.com)', 1688140392, 1688140392, 0, '', 'jurnal.plb.ac.id'),
('ab62d4377025c99cdfe104f321936bf3', NULL, '51.222.253.20', 'Mozilla/5.0 (compatible; AhrefsBot/7.0; +http://ahrefs.com/robot/)', 1688140398, 1688140398, 0, '', 'www.jurnal.plb.ac.id'),
('77a5b0e75430706ad5abea3cf97e256f', NULL, '20.85.47.209', 'Mozilla/5.0 (Windows NT 10.0) AppleWebKit/537.36 (KHTML, like Gecko) Chrome/111.0.0.0 Safari/537.36', 1688140406, 1688140406, 0, 'csrf|a:2:{s:9:\"timestamp\";i:1688140406;s:5:\"token\";s:32:\"200c18cec00d10edd174148df45f5187\";}', 'jurnal.plb.ac.id'),
('49b8fb562e885ec7167d70e66689daef', NULL, '114.10.5.45', 'Mozilla/5.0 (Windows NT 10.0; Win64; x64) AppleWebKit/537.36 (KHTML, like Gecko) Chrome/114.0.0.0 Safari/537.36 Edg/114.0.1823.58', 1688140453, 1688140464, 0, '', 'jurnal.plb.ac.id'),
('e323c06edb875961d1038fe558febcf6', NULL, '36.65.204.61', 'Mozilla/5.0 (Windows NT 10.0; Win64; x64) AppleWebKit/537.36 (KHTML, like Gecko) Chrome/109.0.0.0 Safari/537.36', 1688140589, 1688140698, 0, 'csrf|a:2:{s:9:\"timestamp\";i:1688140591;s:5:\"token\";s:32:\"328160ce2391c447b3453b48edea3f6f\";}', 'www.jurnal.plb.ac.id'),
('d69ad6d23489914228137bc4aecc3d09', NULL, '40.77.167.248', 'Mozilla/5.0 AppleWebKit/537.36 (KHTML, like Gecko; compatible; bingbot/2.0; +http://www.bing.com/bingbot.htm) Chrome/103.0.5060.134 Safari/537.36', 1688140611, 1688140611, 0, 'csrf|a:2:{s:9:\"timestamp\";i:1688140611;s:5:\"token\";s:32:\"4dad419b9302304e578183db9744c10d\";}', 'jurnal.plb.ac.id'),
('1904411e25ab28c702a73a91fd16c0f2', NULL, '40.77.167.195', 'Mozilla/5.0 AppleWebKit/537.36 (KHTML, like Gecko; compatible; bingbot/2.0; +http://www.bing.com/bingbot.htm) Chrome/103.0.5060.134 Safari/537.36', 1688140615, 1688140615, 0, 'csrf|a:2:{s:9:\"timestamp\";i:1688140616;s:5:\"token\";s:32:\"43cd99a8e8843327ec2b3ae2f93884ec\";}', 'jurnal.plb.ac.id'),
('acf924bd9e70f03417f4e24879df006b', NULL, '51.222.253.1', 'Mozilla/5.0 (compatible; AhrefsBot/7.0; +http://ahrefs.com/robot/)', 1688140618, 1688140618, 0, '', 'www.jurnal.plb.ac.id'),
('6a3874ec66f2773c9252b716880b4151', NULL, '213.180.203.191', 'Mozilla/5.0 (compatible; YandexBot/3.0; +http://yandex.com/bots)', 1688140647, 1688140647, 0, '', 'jurnal.plb.ac.id'),
('724b3e70f95b49cb9d7c1ea87167c680', NULL, '52.167.144.146', 'Mozilla/5.0 AppleWebKit/537.36 (KHTML, like Gecko; compatible; bingbot/2.0; +http://www.bing.com/bingbot.htm) Chrome/103.0.5060.134 Safari/537.36', 1688140693, 1688140693, 0, 'csrf|a:2:{s:9:\"timestamp\";i:1688140693;s:5:\"token\";s:32:\"6f8f1b9c455ec1799df504f5fcaacb3e\";}', 'jurnal.plb.ac.id'),
('9b3a1037b4f6f4736f26b8a31e7652da', NULL, '216.244.66.240', 'Mozilla/5.0 (compatible; DotBot/1.2; +https://opensiteexplorer.org/dotbot; help@moz.com)', 1688140828, 1688140828, 0, '', 'jurnal.plb.ac.id'),
('839e721312b9be0ecfd9780f67075f59', NULL, '216.244.66.240', 'Mozilla/5.0 (compatible; DotBot/1.2; +https://opensiteexplorer.org/dotbot; help@moz.com)', 1688140839, 1688140839, 0, '', 'jurnal.plb.ac.id'),
('f937abfbe4df64ae693b9cdc8e4557a1', NULL, '40.77.167.195', 'Mozilla/5.0 AppleWebKit/537.36 (KHTML, like Gecko; compatible; bingbot/2.0; +http://www.bing.com/bingbot.htm) Chrome/103.0.5060.134 Safari/537.36', 1688140845, 1688140845, 0, '', 'jurnal.plb.ac.id'),
('3f2ac807461282c999bd5116e8bafa00', NULL, '216.244.66.240', 'Mozilla/5.0 (compatible; DotBot/1.2; +https://opensiteexplorer.org/dotbot; help@moz.com)', 1688140849, 1688140849, 0, '', 'jurnal.plb.ac.id'),
('4639f3dfd5c9189e5decbcbe245cbfe1', NULL, '216.244.66.240', 'Mozilla/5.0 (compatible; DotBot/1.2; +https://opensiteexplorer.org/dotbot; help@moz.com)', 1688140858, 1688140858, 0, '', 'jurnal.plb.ac.id'),
('09077f320ffa0516d2f082065622bae7', NULL, '216.244.66.240', 'Mozilla/5.0 (compatible; DotBot/1.2; +https://opensiteexplorer.org/dotbot; help@moz.com)', 1688140866, 1688140866, 0, '', 'jurnal.plb.ac.id'),
('e1dbbf71b02549f7cbbdb6a6fa225172', NULL, '216.244.66.240', 'Mozilla/5.0 (compatible; DotBot/1.2; +https://opensiteexplorer.org/dotbot; help@moz.com)', 1688140873, 1688140873, 0, '', 'jurnal.plb.ac.id'),
('468aa981487d7d915014023fb63fa433', NULL, '216.244.66.240', 'Mozilla/5.0 (compatible; DotBot/1.2; +https://opensiteexplorer.org/dotbot; help@moz.com)', 1688140879, 1688140879, 0, '', 'jurnal.plb.ac.id'),
('5fa1d61119f10b8e04de9f5facc60fd6', NULL, '216.244.66.240', 'Mozilla/5.0 (compatible; DotBot/1.2; +https://opensiteexplorer.org/dotbot; help@moz.com)', 1688140884, 1688140884, 0, '', 'jurnal.plb.ac.id'),
('6c09204c6ced34a75517a1d2b8d80533', NULL, '216.244.66.240', 'Mozilla/5.0 (compatible; DotBot/1.2; +https://opensiteexplorer.org/dotbot; help@moz.com)', 1688140888, 1688140888, 0, '', 'jurnal.plb.ac.id'),
('c026d08e1dbc02adc3ff18e28e56caa7', NULL, '216.244.66.240', 'Mozilla/5.0 (compatible; DotBot/1.2; +https://opensiteexplorer.org/dotbot; help@moz.com)', 1688140892, 1688140892, 0, '', 'jurnal.plb.ac.id'),
('0b580ae04484715aa62691de964dbfcb', NULL, '216.244.66.240', 'Mozilla/5.0 (compatible; DotBot/1.2; +https://opensiteexplorer.org/dotbot; help@moz.com)', 1688140895, 1688140895, 0, '', 'jurnal.plb.ac.id'),
('eddffb517f414c69acda73e174c85788', NULL, '216.244.66.240', 'Mozilla/5.0 (compatible; DotBot/1.2; +https://opensiteexplorer.org/dotbot; help@moz.com)', 1688140899, 1688140899, 0, '', 'jurnal.plb.ac.id'),
('b672e37b2c9502f89be0c1279ace8887', NULL, '216.244.66.240', 'Mozilla/5.0 (compatible; DotBot/1.2; +https://opensiteexplorer.org/dotbot; help@moz.com)', 1688140901, 1688140901, 0, '', 'jurnal.plb.ac.id'),
('89a412d99441add1c52ed3fb9038ca1e', NULL, '216.244.66.240', 'Mozilla/5.0 (compatible; DotBot/1.2; +https://opensiteexplorer.org/dotbot; help@moz.com)', 1688140904, 1688140904, 0, '', 'jurnal.plb.ac.id'),
('99a1ecd604622deb6b8418a68e60982c', NULL, '52.167.144.146', 'Mozilla/5.0 AppleWebKit/537.36 (KHTML, like Gecko; compatible; bingbot/2.0; +http://www.bing.com/bingbot.htm) Chrome/103.0.5060.134 Safari/537.36', 1688140924, 1688140924, 0, 'csrf|a:2:{s:9:\"timestamp\";i:1688140924;s:5:\"token\";s:32:\"e92db86bcc1c2d39b73d30013560f561\";}', 'jurnal.plb.ac.id'),
('1242444add21a40b373f2dcacb2f1753', NULL, '85.208.98.19', 'Mozilla/5.0 (compatible; SemrushBot-BA; +http://www.semrush.com/bot.html)', 1688140978, 1688140978, 0, 'csrf|a:2:{s:9:\"timestamp\";i:1688140978;s:5:\"token\";s:32:\"6f45c4c29f58832780ae2faddd88441e\";}', 'jurnal.plb.ac.id'),
('113410a9b19ce7512974203f5b32ff23', NULL, '114.122.106.237', 'Mozilla/5.0 (Windows NT 10.0; Win64; x64) AppleWebKit/537.36 (KHTML, like Gecko) Chrome/114.0.0.0 Safari/537.36 Edg/114.0.1823.58', 1688141015, 1688141025, 0, 'csrf|a:2:{s:9:\"timestamp\";i:1688141016;s:5:\"token\";s:32:\"72f4f42b7cb77c7f515296406bc87c48\";}', 'jurnal.plb.ac.id'),
('ba9c1b24dc26bba331348764e39faa7a', NULL, '51.222.253.6', 'Mozilla/5.0 (compatible; AhrefsBot/7.0; +http://ahrefs.com/robot/)', 1688141058, 1688141058, 0, '', 'www.jurnal.plb.ac.id'),
('3ef78edd59f20c54ca7cc9c17932dd84', NULL, '140.213.179.75', 'Mozilla/5.0 (iPhone; CPU iPhone OS 14_6 like Mac OS X) AppleWebKit/605.1.15 (KHTML, like Gecko) CriOS/103.0.5060.63 Mobile/15E148 Safari/604.1', 1688141059, 1688141060, 0, '', 'jurnal.plb.ac.id'),
('bb7d74f4bfe31fb425a72cc0f4dd1f23', NULL, '216.244.66.240', 'Mozilla/5.0 (compatible; DotBot/1.2; +https://opensiteexplorer.org/dotbot; help@moz.com)', 1688141059, 1688141059, 0, '', 'www.jurnal.plb.ac.id'),
('4620a4cb736ee14732d71c8482c7831b', NULL, '40.77.167.248', 'Mozilla/5.0 AppleWebKit/537.36 (KHTML, like Gecko; compatible; bingbot/2.0; +http://www.bing.com/bingbot.htm) Chrome/103.0.5060.134 Safari/537.36', 1688141060, 1688141060, 0, 'csrf|a:2:{s:9:\"timestamp\";i:1688141060;s:5:\"token\";s:32:\"e41698944e7022023b82d529c7b155e5\";}', 'jurnal.plb.ac.id'),
('cbabfc986a314f94b36801855d494df2', NULL, '216.244.66.240', 'Mozilla/5.0 (compatible; DotBot/1.2; +https://opensiteexplorer.org/dotbot; help@moz.com)', 1688141061, 1688141061, 0, '', 'www.jurnal.plb.ac.id'),
('29eae44e00cb633080b36fa26339da57', NULL, '216.244.66.240', 'Mozilla/5.0 (compatible; DotBot/1.2; +https://opensiteexplorer.org/dotbot; help@moz.com)', 1688141063, 1688141063, 0, '', 'www.jurnal.plb.ac.id'),
('c5d53cef0aeb60f539679d1532818ce8', NULL, '216.244.66.240', 'Mozilla/5.0 (compatible; DotBot/1.2; +https://opensiteexplorer.org/dotbot; help@moz.com)', 1688141065, 1688141065, 0, '', 'www.jurnal.plb.ac.id'),
('81494096d612dc99de7d7e6f785fd270', NULL, '103.144.175.218', 'Mozilla/5.0 (Windows NT 10.0; Win64; x64) AppleWebKit/537.36 (KHTML, like Gecko) Chrome/114.0.0.0 Safari/537.36', 1688141099, 1688141104, 0, 'csrf|a:2:{s:9:\"timestamp\";i:1688141099;s:5:\"token\";s:32:\"0c428182215e773ea8dd8bbaa1d0c0e0\";}', 'www.jurnal.plb.ac.id'),
('f9748b584253c95830f3500b08fd58b4', NULL, '40.77.167.248', 'Mozilla/5.0 AppleWebKit/537.36 (KHTML, like Gecko; compatible; bingbot/2.0; +http://www.bing.com/bingbot.htm) Chrome/103.0.5060.134 Safari/537.36', 1688141130, 1688141130, 0, 'csrf|a:2:{s:9:\"timestamp\";i:1688141130;s:5:\"token\";s:32:\"9013179f1766a1bbd7e15dad30c05f1a\";}', 'jurnal.plb.ac.id'),
('120e86a95ca018f5867a0458f045ab5c', NULL, '103.163.138.23', 'Go-http-client/1.1', 1688141163, 1688141163, 0, '', 'jurnal.plb.ac.id'),
('3e36433648637192ec34410310c4d98b', NULL, '66.249.79.35', 'Mozilla/5.0 (compatible; Googlebot/2.1; +http://www.google.com/bot.html)', 1688141175, 1688141175, 0, '', 'jurnal.plb.ac.id'),
('6744e357dadd58c215b9850fe1cfbf57', NULL, '52.167.144.146', 'Mozilla/5.0 AppleWebKit/537.36 (KHTML, like Gecko; compatible; bingbot/2.0; +http://www.bing.com/bingbot.htm) Chrome/103.0.5060.134 Safari/537.36', 1688141215, 1688141215, 0, 'csrf|a:2:{s:9:\"timestamp\";i:1688141215;s:5:\"token\";s:32:\"5fa032d2233982f6eb1dcc2f6bd2e4a8\";}', 'jurnal.plb.ac.id');

-- --------------------------------------------------------

--
-- Table structure for table `site`
--

CREATE TABLE `site` (
  `redirect` bigint(20) NOT NULL DEFAULT 0,
  `primary_locale` varchar(14) NOT NULL,
  `min_password_length` tinyint(4) NOT NULL DEFAULT 6,
  `installed_locales` varchar(255) NOT NULL DEFAULT 'en_US',
  `supported_locales` varchar(255) DEFAULT NULL,
  `original_style_file_name` varchar(255) DEFAULT NULL
) ENGINE=MyISAM DEFAULT CHARSET=utf8 COLLATE=utf8_general_ci;

--
-- Dumping data for table `site`
--

INSERT INTO `site` (`redirect`, `primary_locale`, `min_password_length`, `installed_locales`, `supported_locales`, `original_style_file_name`) VALUES
(0, 'en_US', 6, 'en_US:id_ID', 'en_US', 'hide_footer.css');

-- --------------------------------------------------------

--
-- Table structure for table `site_settings`
--

CREATE TABLE `site_settings` (
  `setting_name` varchar(255) NOT NULL,
  `locale` varchar(14) NOT NULL DEFAULT '',
  `setting_value` text DEFAULT NULL,
  `setting_type` varchar(6) NOT NULL
) ENGINE=MyISAM DEFAULT CHARSET=utf8 COLLATE=utf8_general_ci;

--
-- Dumping data for table `site_settings`
--

INSERT INTO `site_settings` (`setting_name`, `locale`, `setting_value`, `setting_type`) VALUES
('showThumbnail', '', '1', 'bool'),
('showTitle', '', '1', 'bool'),
('showDescription', '', '1', 'bool'),
('contactEmail', 'en_US', 'kanghadiansyah@plb.ac.id', 'string'),
('themePluginPath', '', 'default', 'string'),
('pageHeaderTitleImage', 'en_US', 'a:6:{s:16:\"originalFilename\";s:17:\"logojurnalplb.png\";s:10:\"uploadName\";s:30:\"pageHeaderTitleImage_en_US.png\";s:5:\"width\";i:515;s:6:\"height\";i:108;s:12:\"dateUploaded\";s:19:\"2019-03-24 19:13:08\";s:7:\"altText\";s:30:\"JURNAL POLITEKNIK LP3I BANDUNG\";}', 'object'),
('title', 'en_US', 'Jurnal Politeknik LP3I', 'string'),
('about', 'en_US', 'Jurnal Online Politeknik LP3I Bandung dikembangkan sebagai media karya ilmiah mahasiswa dan dosen, baik hasil penelitian maupun tulisan ilmiah berupa hasil studi kepustakaan khusus di bidang ilmu Administrasi Bisnis, Manajemen Informatika, Akuntansi, Hubungan Masyarakat dan Pengabdian.\r\n\r\nDiharapkan dengan adanya media jurnal online ini akan menambah khasanah pengetahuan dan tukar menukar informasi ilmiah terutama hasil-hasil penelitian yang akan banyak manfaatnya terutama bagi pembangunan di Indonesia.\r\n\r\nUntuk Registrasi sebagai AUTHOR silahkan pilih salah satu Jurnal yang sesuai bidang ilmu dibawah ini.', 'string'),
('contactName', 'en_US', 'Hadiansyah Ma\'sum, S.Pd., S.T., M.Kom.', 'string'),
('pageFooter', 'en_US', '<p>© 2019 copyright | Politeknik LP3I</p>\r\n<p>&nbsp;</p>', 'string'),
('privacyStatement', 'en_US', '<p>&nbsp;</p>\r\n<p>&nbsp;</p>', 'string');

-- --------------------------------------------------------

--
-- Table structure for table `stage_assignments`
--

CREATE TABLE `stage_assignments` (
  `stage_assignment_id` bigint(20) NOT NULL,
  `submission_id` bigint(20) NOT NULL,
  `user_group_id` bigint(20) NOT NULL,
  `user_id` bigint(20) NOT NULL,
  `date_assigned` datetime NOT NULL,
  `recommend_only` tinyint(4) NOT NULL DEFAULT 0
) ENGINE=MyISAM DEFAULT CHARSET=utf8 COLLATE=utf8_general_ci;

--
-- Dumping data for table `stage_assignments`
--

INSERT INTO `stage_assignments` (`stage_assignment_id`, `submission_id`, `user_group_id`, `user_id`, `date_assigned`, `recommend_only`) VALUES
(1, 1, 36, 1, '2019-06-04 01:10:46', 0),
(2, 2, 36, 1, '2019-06-04 01:10:49', 0),
(3, 3, 36, 1, '2019-06-04 01:10:50', 0),
(4, 4, 36, 1, '2019-06-04 01:11:02', 0),
(5, 5, 36, 1, '2019-06-04 01:15:02', 0),
(6, 6, 36, 1, '2019-06-04 01:15:05', 0),
(7, 7, 36, 1, '2019-06-04 01:15:06', 0),
(8, 8, 36, 1, '2019-06-04 01:15:07', 0),
(9, 9, 36, 1, '2019-06-04 01:15:08', 0),
(10, 10, 36, 1, '2019-06-04 01:15:09', 0),
(11, 11, 36, 1, '2019-06-04 01:16:15', 0),
(12, 12, 36, 1, '2019-06-04 01:16:17', 0),
(13, 13, 36, 1, '2019-06-04 01:16:18', 0),
(14, 14, 36, 1, '2019-06-04 01:16:18', 0),
(15, 15, 36, 1, '2019-06-04 01:16:21', 0),
(16, 16, 36, 1, '2019-06-04 01:16:22', 0),
(17, 17, 36, 1, '2019-06-04 01:17:27', 0),
(18, 18, 36, 1, '2019-06-04 01:17:28', 0),
(19, 19, 36, 1, '2019-06-04 01:17:46', 0),
(20, 20, 36, 1, '2019-06-04 01:17:47', 0),
(21, 21, 36, 1, '2019-06-04 01:18:29', 0),
(22, 22, 36, 1, '2019-06-04 01:22:44', 0),
(23, 23, 36, 1, '2019-06-04 01:22:47', 0),
(24, 24, 36, 1, '2019-06-04 01:39:39', 0),
(25, 25, 36, 1, '2019-06-04 15:26:51', 0),
(26, 26, 36, 1, '2019-06-04 15:28:39', 0),
(27, 27, 36, 1, '2019-06-04 15:44:22', 0),
(28, 28, 36, 1, '2019-06-04 16:05:06', 0),
(29, 29, 36, 1, '2019-06-04 16:05:58', 0),
(30, 30, 36, 1, '2019-06-04 16:08:40', 0),
(31, 31, 36, 1, '2019-06-04 16:12:01', 0),
(32, 32, 36, 1, '2019-06-04 16:17:08', 0),
(33, 33, 36, 1, '2019-06-04 16:18:54', 0),
(34, 34, 36, 1, '2019-06-04 16:20:35', 0),
(35, 35, 36, 1, '2019-06-04 16:22:18', 0),
(36, 36, 36, 1, '2019-06-04 16:24:16', 0),
(37, 37, 36, 1, '2019-06-04 16:26:20', 0),
(38, 38, 36, 1, '2019-06-04 19:45:45', 0),
(39, 39, 36, 1, '2019-06-04 20:07:25', 0),
(40, 40, 36, 1, '2019-06-04 20:40:32', 0),
(41, 41, 36, 1, '2019-06-04 20:43:28', 0),
(42, 42, 36, 1, '2019-06-04 20:48:35', 0),
(43, 43, 36, 1, '2019-06-04 21:25:17', 0),
(44, 44, 36, 1, '2019-06-04 21:28:43', 0),
(45, 45, 36, 1, '2019-06-04 21:30:34', 0),
(46, 46, 36, 1, '2019-06-04 21:33:55', 0),
(47, 47, 36, 1, '2019-06-04 21:34:24', 0),
(48, 48, 36, 1, '2019-06-04 21:36:31', 0),
(49, 49, 36, 1, '2019-06-04 21:38:36', 0),
(50, 50, 36, 1, '2019-06-05 00:25:54', 0),
(51, 51, 36, 1, '2019-06-05 00:27:22', 0),
(52, 52, 36, 1, '2019-06-05 00:28:12', 0),
(53, 53, 36, 1, '2019-06-05 00:28:17', 0),
(54, 54, 36, 1, '2019-06-05 00:29:08', 0),
(55, 55, 36, 1, '2019-06-05 00:30:27', 0),
(56, 56, 36, 1, '2019-06-05 00:32:20', 0),
(57, 57, 36, 1, '2019-06-05 23:25:49', 0),
(58, 58, 36, 1, '2019-06-05 23:26:01', 0),
(59, 59, 36, 1, '2019-06-06 01:06:38', 0),
(63, 61, 36, 1, '2019-06-06 21:42:11', 0),
(64, 62, 36, 1, '2019-06-06 21:45:56', 0),
(62, 60, 36, 1, '2019-06-06 14:29:55', 0),
(65, 63, 36, 1, '2019-06-06 21:47:29', 0),
(66, 64, 36, 1, '2019-06-06 21:50:37', 0),
(67, 65, 36, 1, '2019-06-06 21:52:20', 0),
(68, 66, 36, 1, '2019-06-06 21:53:45', 0),
(69, 67, 36, 1, '2019-06-06 21:55:57', 0),
(70, 68, 36, 1, '2019-06-06 21:57:55', 0),
(71, 69, 36, 1, '2019-06-06 21:59:57', 0),
(72, 70, 36, 1, '2019-06-06 22:04:27', 0),
(73, 71, 36, 1, '2019-06-06 22:05:53', 0),
(74, 72, 36, 1, '2019-06-06 22:07:08', 0),
(75, 73, 36, 1, '2019-06-06 23:33:47', 0),
(76, 74, 36, 1, '2019-06-06 23:35:57', 0),
(77, 75, 36, 1, '2019-06-06 23:37:32', 0),
(78, 76, 36, 1, '2019-06-06 23:39:42', 0),
(79, 77, 36, 1, '2019-06-06 23:48:04', 0),
(80, 78, 36, 1, '2019-06-06 23:49:20', 0),
(81, 79, 36, 1, '2019-06-06 23:51:19', 0),
(82, 80, 36, 1, '2019-06-07 00:03:21', 0),
(83, 81, 36, 1, '2019-06-07 00:33:12', 0),
(84, 82, 36, 1, '2019-06-07 00:40:06', 0),
(85, 83, 36, 1, '2019-06-07 00:42:52', 0),
(86, 84, 36, 1, '2019-06-07 00:44:39', 0),
(87, 85, 36, 1, '2019-06-07 00:47:07', 0),
(88, 86, 36, 1, '2019-06-07 00:49:19', 0),
(89, 87, 36, 1, '2019-06-07 00:56:32', 0),
(90, 88, 36, 1, '2019-06-07 00:56:40', 0),
(91, 89, 36, 1, '2019-06-07 00:58:30', 0),
(92, 90, 36, 1, '2019-06-07 01:01:02', 0),
(93, 91, 36, 1, '2019-06-07 16:06:24', 0),
(94, 92, 53, 1, '2019-06-07 16:09:12', 0),
(95, 93, 53, 1, '2019-06-07 16:12:11', 0),
(96, 94, 53, 1, '2019-06-07 16:14:26', 0),
(97, 95, 53, 1, '2019-06-07 16:16:23', 0),
(98, 96, 53, 1, '2019-06-07 16:18:32', 0),
(99, 97, 53, 1, '2019-06-07 16:21:15', 0),
(100, 98, 53, 1, '2019-06-07 16:23:25', 0),
(101, 99, 53, 1, '2019-06-07 16:25:10', 0),
(102, 100, 53, 1, '2019-06-07 16:28:16', 0),
(103, 101, 53, 1, '2019-06-07 16:30:27', 0),
(104, 102, 53, 1, '2019-06-07 16:32:16', 0),
(105, 103, 53, 1, '2019-06-07 16:37:15', 0),
(106, 104, 53, 1, '2019-06-07 16:39:47', 0),
(107, 105, 53, 1, '2019-06-07 16:42:44', 0),
(108, 106, 53, 1, '2019-06-07 16:44:50', 0),
(109, 107, 53, 1, '2019-06-07 16:47:09', 0),
(110, 108, 53, 1, '2019-06-07 16:50:07', 0),
(111, 109, 53, 1, '2019-06-07 16:53:27', 0),
(112, 110, 53, 1, '2019-06-07 17:12:44', 0),
(113, 111, 36, 1, '2019-06-07 17:29:24', 0),
(114, 112, 19, 1, '2019-06-07 19:57:15', 0),
(115, 113, 19, 1, '2019-06-07 20:31:37', 0),
(116, 114, 19, 1, '2019-06-07 20:33:49', 0),
(117, 115, 19, 1, '2019-06-07 20:36:20', 0),
(118, 116, 19, 1, '2019-06-07 20:39:17', 0),
(119, 117, 19, 1, '2019-06-07 20:41:26', 0),
(120, 118, 19, 1, '2019-06-07 20:45:20', 0),
(121, 119, 19, 1, '2019-06-07 20:47:23', 0),
(122, 120, 19, 1, '2019-06-07 20:50:12', 0),
(123, 121, 19, 1, '2019-06-07 20:52:52', 0),
(124, 122, 19, 1, '2019-06-07 20:56:44', 0),
(125, 123, 19, 1, '2019-06-07 20:59:49', 0),
(793, 642, 9, 11, '2021-08-15 06:33:23', 0),
(792, 642, 14, 125, '2021-08-15 06:29:17', 0),
(128, 126, 2, 1, '2019-06-07 22:23:36', 0),
(129, 127, 19, 1, '2019-06-07 22:24:33', 0),
(130, 128, 2, 1, '2019-06-07 22:26:35', 0),
(131, 129, 2, 1, '2019-06-07 22:30:02', 0),
(132, 130, 2, 1, '2019-06-07 22:32:11', 0),
(133, 131, 2, 1, '2019-06-07 22:34:22', 0),
(134, 132, 2, 1, '2019-06-07 22:35:59', 0),
(135, 133, 2, 1, '2019-06-07 22:37:54', 0),
(136, 134, 36, 6, '2019-07-31 14:31:58', 0),
(137, 135, 36, 1, '2019-07-31 14:45:42', 0),
(138, 136, 36, 1, '2019-07-31 14:45:51', 0),
(139, 137, 53, 10, '2019-07-31 15:21:08', 0),
(140, 138, 36, 6, '2019-07-31 15:21:10', 0),
(141, 139, 53, 10, '2019-07-31 15:23:58', 0),
(142, 140, 53, 10, '2019-07-31 15:28:19', 0),
(143, 141, 36, 6, '2019-07-31 15:41:18', 0),
(144, 142, 36, 6, '2019-07-31 17:23:37', 0),
(145, 143, 36, 6, '2019-07-31 20:06:55', 0),
(146, 144, 36, 6, '2019-07-31 20:10:14', 0),
(147, 145, 36, 6, '2019-07-31 20:26:10', 0),
(148, 146, 36, 6, '2019-07-31 20:35:12', 0),
(149, 147, 36, 6, '2019-07-31 20:44:00', 0),
(150, 148, 36, 6, '2019-07-31 20:46:39', 0),
(151, 149, 36, 6, '2019-07-31 20:50:40', 0),
(152, 150, 36, 6, '2019-07-31 20:55:01', 0),
(153, 151, 36, 6, '2019-07-31 20:56:26', 0),
(154, 152, 36, 6, '2019-08-03 09:35:27', 0),
(155, 153, 36, 6, '2019-08-03 09:40:16', 0),
(156, 154, 36, 6, '2019-08-03 10:19:35', 0),
(157, 155, 36, 6, '2019-08-03 10:35:51', 0),
(158, 156, 36, 6, '2019-08-03 10:39:06', 0),
(159, 157, 36, 6, '2019-08-03 10:45:11', 0),
(160, 158, 36, 6, '2019-08-03 10:52:39', 0),
(161, 159, 36, 6, '2019-08-03 11:04:22', 0),
(162, 160, 36, 6, '2019-08-03 11:09:14', 0),
(163, 161, 36, 6, '2019-08-03 11:15:02', 0),
(164, 162, 36, 6, '2019-08-03 12:43:07', 0),
(165, 163, 36, 6, '2019-08-03 12:44:29', 0),
(166, 164, 36, 6, '2019-08-03 12:55:50', 0),
(167, 165, 36, 6, '2019-08-03 13:05:53', 0),
(168, 166, 36, 6, '2019-08-03 13:09:59', 0),
(169, 167, 36, 6, '2019-08-03 13:13:13', 0),
(170, 168, 36, 6, '2019-08-03 13:15:32', 0),
(171, 169, 36, 6, '2019-08-03 13:43:46', 0),
(172, 170, 36, 6, '2019-08-03 13:48:14', 0),
(173, 171, 36, 6, '2019-08-03 13:55:58', 0),
(174, 172, 36, 6, '2019-08-03 13:58:26', 0),
(175, 173, 36, 6, '2019-08-03 14:02:18', 0),
(176, 174, 36, 6, '2019-08-03 14:11:32', 0),
(177, 175, 36, 6, '2019-08-03 14:17:23', 0),
(178, 176, 36, 6, '2019-08-03 14:27:25', 0),
(179, 177, 36, 6, '2019-08-03 14:32:25', 0),
(180, 178, 36, 6, '2019-08-03 14:35:08', 0),
(181, 179, 36, 6, '2019-08-03 14:43:32', 0),
(182, 180, 36, 6, '2019-08-03 14:47:57', 0),
(183, 181, 2, 11, '2019-08-07 17:14:06', 0),
(184, 182, 2, 11, '2019-08-07 17:38:40', 0),
(185, 183, 36, 6, '2019-08-08 12:49:23', 0),
(186, 184, 36, 6, '2019-08-15 18:06:19', 0),
(187, 185, 36, 6, '2019-08-15 19:25:44', 0),
(188, 186, 36, 6, '2019-08-15 19:32:25', 0),
(189, 187, 19, 9, '2019-08-20 16:18:03', 0),
(190, 188, 19, 9, '2019-08-20 17:40:00', 0),
(191, 189, 19, 9, '2019-08-22 09:00:25', 0),
(192, 190, 19, 9, '2019-08-22 15:53:34', 0),
(193, 191, 19, 9, '2019-08-22 16:01:18', 0),
(194, 192, 19, 9, '2019-08-22 19:24:33', 0),
(195, 193, 19, 9, '2019-08-22 19:49:08', 0),
(196, 194, 19, 9, '2019-08-22 19:59:22', 0),
(197, 195, 19, 9, '2019-08-22 20:07:15', 0),
(198, 196, 19, 9, '2019-08-22 20:23:26', 0),
(199, 197, 19, 9, '2019-08-22 20:29:00', 0),
(200, 198, 19, 9, '2019-08-22 20:31:14', 0),
(201, 199, 19, 9, '2019-08-22 20:37:00', 0),
(202, 200, 19, 9, '2019-08-22 20:44:16', 0),
(203, 201, 19, 9, '2019-08-23 10:45:41', 0),
(204, 202, 19, 9, '2019-08-23 10:51:48', 0),
(205, 203, 19, 9, '2019-08-23 15:02:01', 0),
(206, 204, 19, 9, '2019-08-23 15:09:59', 0),
(207, 205, 19, 9, '2019-08-23 15:10:28', 0),
(208, 206, 19, 9, '2019-08-24 09:26:16', 0),
(209, 207, 36, 6, '2019-08-27 17:04:22', 0),
(210, 208, 36, 6, '2019-08-27 17:23:14', 0),
(211, 209, 36, 6, '2019-08-27 17:31:09', 0),
(212, 210, 36, 6, '2019-08-27 18:07:46', 0),
(213, 211, 19, 9, '2019-08-28 18:59:07', 0),
(214, 212, 19, 9, '2019-08-28 18:59:22', 0),
(215, 213, 19, 1, '2019-08-28 20:02:11', 0),
(216, 214, 19, 1, '2019-08-28 20:41:58', 0),
(217, 215, 19, 1, '2019-08-28 21:30:03', 0),
(218, 216, 19, 1, '2019-08-28 21:52:21', 0),
(219, 217, 19, 1, '2019-08-28 22:02:02', 0),
(220, 218, 36, 6, '2019-08-29 14:11:02', 0),
(221, 219, 36, 6, '2019-09-16 18:25:52', 0),
(222, 220, 65, 16, '2019-09-19 10:02:25', 0),
(223, 220, 54, 10, '2019-09-19 10:08:06', 0),
(224, 220, 60, 10, '2019-09-19 10:08:06', 0),
(225, 221, 19, 9, '2019-09-27 17:07:09', 0),
(226, 222, 19, 9, '2019-09-27 17:12:36', 0),
(227, 223, 19, 9, '2019-10-08 13:42:17', 0),
(228, 224, 19, 9, '2019-10-08 13:44:53', 0),
(229, 225, 19, 9, '2019-10-08 13:48:55', 0),
(230, 226, 19, 9, '2019-10-08 14:12:41', 0),
(231, 227, 19, 9, '2019-10-08 14:13:01', 0),
(232, 228, 19, 9, '2019-10-08 14:14:13', 0),
(233, 229, 19, 9, '2019-10-08 14:19:28', 0),
(234, 230, 19, 9, '2019-10-08 14:33:22', 0),
(235, 231, 19, 9, '2019-10-08 16:10:40', 0),
(236, 232, 19, 9, '2019-10-08 16:24:40', 0),
(237, 233, 19, 9, '2019-10-08 16:32:10', 0),
(238, 234, 19, 9, '2019-10-08 16:58:21', 0),
(239, 235, 19, 9, '2019-10-08 17:07:02', 0),
(240, 236, 19, 9, '2019-10-08 17:11:28', 0),
(241, 237, 19, 9, '2020-01-18 08:36:10', 0),
(242, 238, 19, 9, '2020-01-18 08:59:22', 0),
(243, 239, 19, 9, '2020-01-18 09:04:33', 0),
(244, 240, 19, 9, '2020-01-18 11:09:47', 0),
(245, 241, 19, 9, '2020-01-18 11:12:43', 0),
(246, 242, 36, 6, '2020-01-20 19:17:53', 0),
(247, 243, 36, 6, '2020-01-20 19:32:24', 0),
(248, 244, 36, 6, '2020-01-20 19:34:47', 0),
(249, 245, 19, 9, '2020-01-21 09:23:31', 0),
(250, 246, 36, 6, '2020-01-21 13:22:48', 0),
(251, 247, 19, 9, '2020-01-22 08:19:54', 0),
(252, 248, 19, 9, '2020-01-22 09:12:30', 0),
(253, 249, 19, 9, '2020-01-22 09:13:01', 0),
(254, 250, 19, 9, '2020-01-22 09:47:29', 0),
(255, 251, 19, 9, '2020-01-22 10:01:22', 0),
(256, 252, 19, 9, '2020-01-24 10:33:31', 0),
(257, 253, 19, 9, '2020-01-24 11:03:28', 0),
(258, 254, 36, 6, '2020-01-27 10:54:48', 0),
(259, 255, 36, 6, '2020-01-27 12:51:55', 0),
(260, 256, 2, 11, '2020-01-27 13:24:46', 0),
(261, 257, 36, 6, '2020-01-27 14:14:36', 0),
(262, 258, 36, 6, '2020-01-27 14:29:35', 0),
(263, 259, 2, 1, '2020-01-27 18:29:13', 0),
(265, 261, 19, 9, '2020-01-31 10:53:18', 0),
(266, 262, 2, 1, '2020-02-03 22:34:36', 0),
(790, 640, 48, 173, '2021-08-12 05:19:31', 0),
(268, 264, 2, 1, '2020-02-03 22:46:16', 0),
(269, 265, 36, 6, '2020-02-05 10:14:25', 0),
(270, 266, 36, 6, '2020-02-05 10:22:05', 0),
(271, 267, 36, 6, '2020-02-05 11:21:42', 0),
(278, 274, 53, 10, '2020-02-07 13:15:51', 0),
(273, 269, 19, 9, '2020-02-06 13:22:37', 0),
(274, 270, 53, 10, '2020-02-06 17:40:42', 0),
(275, 271, 53, 10, '2020-02-07 10:46:08', 0),
(276, 272, 53, 10, '2020-02-07 11:08:47', 0),
(277, 273, 53, 10, '2020-02-07 13:01:09', 0),
(279, 275, 53, 10, '2020-02-07 13:24:37', 0),
(280, 276, 53, 10, '2020-02-07 13:39:57', 0),
(281, 277, 53, 10, '2020-02-07 13:42:11', 0),
(282, 278, 53, 10, '2020-02-07 13:44:46', 0),
(283, 279, 53, 10, '2020-02-07 13:52:21', 0),
(284, 280, 65, 10, '2020-02-07 14:04:41', 0),
(285, 281, 53, 10, '2020-02-07 15:00:58', 0),
(286, 282, 53, 10, '2020-02-07 15:05:33', 0),
(287, 283, 19, 9, '2020-02-13 16:14:04', 0),
(288, 284, 36, 6, '2020-04-07 11:34:01', 0),
(289, 285, 36, 6, '2020-04-07 11:35:07', 0),
(290, 286, 36, 6, '2020-04-07 11:58:26', 0),
(291, 287, 53, 1, '2020-04-15 18:18:44', 0),
(292, 288, 53, 1, '2020-04-15 19:00:07', 0),
(293, 289, 19, 9, '2020-04-21 09:25:51', 0),
(294, 290, 19, 9, '2020-04-21 09:41:30', 0),
(295, 291, 19, 9, '2020-04-21 09:51:12', 0),
(296, 292, 19, 9, '2020-04-21 10:03:44', 0),
(297, 293, 2, 11, '2020-04-21 14:22:18', 0),
(960, 726, 60, 10, '2022-01-05 04:13:59', 0),
(299, 295, 19, 9, '2020-04-21 21:58:12', 0),
(300, 296, 2, 11, '2020-04-22 09:47:36', 0),
(301, 297, 19, 9, '2020-04-22 19:01:24', 0),
(302, 298, 19, 9, '2020-04-22 19:07:06', 0),
(303, 299, 2, 11, '2020-04-23 12:18:54', 0),
(304, 300, 2, 11, '2020-04-23 12:22:51', 0),
(305, 301, 65, 22, '2020-04-23 16:53:41', 0),
(306, 302, 53, 10, '2020-04-25 20:14:05', 0),
(307, 303, 53, 10, '2020-04-25 20:16:21', 0),
(308, 304, 53, 10, '2020-04-25 20:16:44', 0),
(309, 305, 53, 10, '2020-04-26 12:49:25', 0),
(310, 306, 53, 10, '2020-04-26 13:35:34', 0),
(311, 307, 19, 9, '2020-04-26 14:29:24', 0),
(312, 308, 36, 1, '2020-04-26 20:42:17', 0),
(313, 309, 53, 1, '2020-04-26 20:45:55', 0),
(314, 310, 53, 10, '2020-04-26 21:25:14', 0),
(315, 311, 53, 1, '2020-04-26 21:38:28', 0),
(316, 312, 19, 9, '2020-04-27 13:43:07', 0),
(317, 313, 19, 9, '2020-04-27 13:53:17', 0),
(318, 314, 53, 10, '2020-04-27 16:54:35', 0),
(319, 315, 53, 10, '2020-04-28 10:53:43', 0),
(320, 316, 53, 10, '2020-04-28 11:08:07', 0),
(321, 317, 53, 10, '2020-04-28 11:13:48', 0),
(322, 318, 53, 10, '2020-04-28 11:19:38', 0),
(323, 319, 53, 10, '2020-04-28 11:25:05', 0),
(324, 320, 53, 10, '2020-04-28 12:48:51', 0),
(325, 321, 53, 10, '2020-04-28 13:32:55', 0),
(326, 322, 53, 10, '2020-04-28 13:37:21', 0),
(327, 323, 53, 10, '2020-04-28 13:45:54', 0),
(328, 324, 53, 10, '2020-04-28 13:49:10', 0),
(329, 325, 53, 10, '2020-04-28 13:52:51', 0),
(330, 326, 53, 10, '2020-04-28 13:56:08', 0),
(331, 327, 53, 10, '2020-04-28 14:01:22', 0),
(332, 328, 53, 10, '2020-04-28 14:09:21', 0),
(333, 329, 53, 10, '2020-04-28 17:40:27', 0),
(334, 330, 53, 10, '2020-04-28 17:45:41', 0),
(335, 331, 53, 10, '2020-04-28 18:10:52', 0),
(336, 332, 53, 10, '2020-04-28 18:19:33', 0),
(337, 333, 53, 10, '2020-04-28 18:22:34', 0),
(338, 334, 53, 10, '2020-04-28 18:26:09', 0),
(339, 335, 53, 10, '2020-04-28 18:32:11', 0),
(340, 336, 53, 10, '2020-04-28 18:37:58', 0),
(341, 337, 53, 10, '2020-04-28 19:15:30', 0),
(342, 338, 53, 10, '2020-04-28 20:14:32', 0),
(343, 339, 53, 10, '2020-04-28 20:24:27', 0),
(344, 340, 53, 10, '2020-04-28 20:27:38', 0),
(345, 341, 53, 10, '2020-04-28 20:27:38', 0),
(346, 342, 53, 10, '2020-04-28 20:42:40', 0),
(347, 343, 53, 10, '2020-04-28 20:46:18', 0),
(348, 344, 53, 10, '2020-04-28 20:49:13', 0),
(349, 345, 53, 10, '2020-04-28 20:53:25', 0),
(350, 346, 53, 10, '2020-04-28 20:56:30', 0),
(351, 347, 19, 9, '2020-04-29 14:33:34', 0),
(352, 348, 19, 9, '2020-04-29 14:37:53', 0),
(353, 349, 53, 10, '2020-04-30 11:05:39', 0),
(354, 350, 53, 10, '2020-04-30 11:11:46', 0),
(355, 351, 53, 10, '2020-04-30 11:14:44', 0),
(356, 352, 53, 10, '2020-04-30 11:19:27', 0),
(357, 353, 53, 10, '2020-04-30 11:23:35', 0),
(358, 354, 53, 10, '2020-04-30 11:26:37', 0),
(359, 355, 53, 10, '2020-04-30 11:29:34', 0),
(360, 356, 53, 10, '2020-04-30 11:33:49', 0),
(361, 357, 53, 10, '2020-04-30 11:53:16', 0),
(362, 358, 53, 10, '2020-04-30 12:11:56', 0),
(363, 359, 53, 10, '2020-05-01 17:04:13', 0),
(364, 360, 53, 10, '2020-05-01 17:04:13', 0),
(365, 361, 53, 10, '2020-05-01 17:08:06', 0),
(366, 362, 53, 10, '2020-05-01 17:11:35', 0),
(367, 363, 53, 10, '2020-05-01 17:16:23', 0),
(368, 364, 53, 10, '2020-05-01 17:19:49', 0),
(369, 365, 53, 10, '2020-05-01 17:23:38', 0),
(370, 366, 53, 10, '2020-05-01 17:28:56', 0),
(371, 367, 53, 10, '2020-05-01 17:31:58', 0),
(372, 368, 36, 6, '2020-06-03 23:42:18', 0),
(373, 369, 36, 6, '2020-06-03 23:48:21', 0),
(374, 370, 36, 6, '2020-06-03 23:51:22', 0),
(375, 371, 36, 6, '2020-06-03 23:55:32', 0),
(376, 372, 2, 11, '2020-06-27 08:07:59', 0),
(377, 373, 53, 10, '2020-06-29 10:20:04', 0),
(378, 374, 19, 9, '2020-06-29 15:57:21', 0),
(379, 375, 36, 6, '2020-07-04 13:35:05', 0),
(380, 376, 36, 6, '2020-07-28 11:16:18', 0),
(381, 377, 19, 9, '2020-07-30 11:01:54', 0),
(382, 378, 19, 9, '2020-07-30 11:17:28', 0),
(383, 379, 19, 9, '2020-07-30 11:21:11', 0),
(384, 380, 19, 9, '2020-07-30 11:26:10', 0),
(385, 381, 19, 9, '2020-07-30 11:32:53', 0),
(386, 382, 19, 9, '2020-07-30 11:36:31', 0),
(387, 383, 19, 9, '2020-08-05 15:42:00', 0),
(388, 384, 19, 9, '2020-08-05 15:52:58', 0),
(389, 385, 19, 9, '2020-08-05 16:17:04', 0),
(390, 386, 36, 6, '2020-08-11 11:39:07', 0),
(2174, 1311, 56, 10, '2023-05-16 03:56:18', 0),
(392, 388, 2, 11, '2020-08-19 14:17:36', 0),
(1000, 746, 48, 50, '2022-01-17 18:50:17', 0),
(959, 726, 65, 247, '2022-01-05 04:11:57', 0),
(395, 390, 2, 11, '2020-08-26 08:47:47', 0),
(396, 391, 53, 10, '2020-08-30 18:29:09', 0),
(397, 392, 53, 10, '2020-08-30 18:48:04', 0),
(398, 393, 53, 10, '2020-08-30 22:41:19', 0),
(399, 394, 53, 10, '2020-08-30 22:46:22', 0),
(400, 395, 53, 10, '2020-08-30 22:51:16', 0),
(401, 396, 53, 10, '2020-08-30 22:56:21', 0),
(402, 397, 53, 10, '2020-08-30 23:00:29', 0),
(403, 398, 53, 10, '2020-08-30 23:05:29', 0),
(404, 399, 19, 9, '2020-09-04 10:13:39', 0),
(405, 400, 19, 9, '2020-09-04 10:22:47', 0),
(406, 379, 20, 24, '2020-09-29 16:32:40', 0),
(407, 401, 2, 11, '2020-09-30 11:13:24', 0),
(408, 402, 19, 9, '2020-09-30 11:23:23', 0),
(409, 403, 2, 11, '2020-09-30 11:32:31', 0),
(410, 404, 19, 9, '2020-09-30 11:43:10', 0),
(411, 405, 36, 1, '2020-10-03 23:19:52', 0),
(414, 406, 19, 9, '2020-10-05 14:42:41', 0),
(413, 404, 20, 24, '2020-10-05 14:28:17', 0),
(415, 407, 19, 9, '2020-10-06 09:55:45', 0),
(416, 408, 19, 9, '2020-10-07 08:12:14', 0),
(417, 409, 19, 9, '2020-10-07 09:18:04', 0),
(418, 410, 19, 9, '2020-10-07 09:22:19', 0),
(419, 411, 19, 9, '2020-10-07 10:28:40', 0),
(420, 412, 53, 10, '2020-10-08 11:04:09', 0),
(421, 413, 53, 10, '2020-10-08 11:09:54', 0),
(422, 414, 53, 10, '2020-10-08 11:14:59', 0),
(423, 415, 53, 10, '2020-10-08 11:19:35', 0),
(424, 416, 53, 10, '2020-10-08 14:08:37', 0),
(425, 417, 53, 10, '2020-10-08 14:19:02', 0),
(426, 418, 53, 10, '2020-10-08 14:35:28', 0),
(427, 419, 53, 10, '2020-10-08 14:43:47', 0),
(428, 420, 19, 9, '2020-10-09 07:41:43', 0),
(429, 421, 19, 9, '2020-10-09 08:58:51', 0),
(430, 422, 19, 9, '2020-10-09 10:22:53', 0),
(431, 423, 19, 9, '2020-10-10 10:26:55', 0),
(432, 424, 53, 10, '2020-10-12 08:33:19', 0),
(433, 425, 53, 10, '2020-10-12 08:49:28', 0),
(434, 426, 53, 10, '2020-10-12 08:54:52', 0),
(435, 427, 53, 10, '2020-10-12 09:06:13', 0),
(436, 428, 53, 10, '2020-10-12 09:59:07', 0),
(437, 429, 53, 10, '2020-10-12 10:05:21', 0),
(438, 430, 53, 10, '2020-10-12 20:03:37', 0),
(439, 431, 53, 10, '2020-10-12 20:15:13', 0),
(440, 432, 53, 10, '2020-10-12 20:21:45', 0),
(441, 433, 53, 10, '2020-10-12 20:25:32', 0),
(442, 434, 53, 10, '2020-10-12 20:30:06', 0),
(443, 435, 53, 10, '2020-10-12 20:36:17', 0),
(444, 436, 19, 9, '2020-10-13 13:29:28', 0),
(445, 437, 53, 10, '2020-10-14 11:57:59', 0),
(446, 438, 53, 10, '2020-10-14 12:03:47', 0),
(447, 439, 53, 10, '2020-10-14 12:07:18', 0),
(448, 440, 53, 10, '2020-10-14 12:11:14', 0),
(449, 441, 53, 10, '2020-10-14 12:15:46', 0),
(450, 442, 53, 10, '2020-10-14 12:22:41', 0),
(451, 443, 53, 10, '2020-10-15 09:05:13', 0),
(452, 444, 53, 10, '2020-10-15 09:15:47', 0),
(453, 445, 19, 9, '2020-10-15 11:19:35', 0),
(454, 446, 19, 9, '2020-10-19 14:43:22', 0),
(455, 447, 19, 9, '2020-10-21 09:27:29', 0),
(456, 448, 19, 9, '2020-10-21 09:27:29', 0),
(457, 449, 19, 9, '2020-10-22 09:37:11', 0),
(458, 450, 19, 9, '2020-10-22 11:12:46', 0),
(459, 451, 19, 9, '2020-10-26 09:09:23', 0),
(460, 452, 19, 9, '2020-10-26 09:29:06', 0),
(461, 453, 19, 9, '2020-10-29 22:59:46', 0),
(462, 454, 19, 9, '2020-11-02 09:35:43', 0),
(463, 455, 19, 9, '2020-11-04 09:30:26', 0),
(464, 456, 19, 9, '2020-11-04 09:38:18', 0),
(465, 457, 19, 9, '2020-11-04 10:51:29', 0),
(466, 458, 48, 18, '2020-12-21 16:24:45', 0),
(2018, 1249, 65, 687, '2023-04-04 02:54:38', 0),
(468, 460, 48, 37, '2020-12-21 19:57:46', 0),
(469, 461, 48, 36, '2020-12-22 08:04:39', 0),
(470, 462, 36, 6, '2020-12-22 08:43:39', 0),
(471, 461, 37, 6, '2020-12-22 09:36:20', 0),
(472, 460, 37, 6, '2020-12-22 09:52:48', 0),
(473, 458, 37, 6, '2020-12-22 11:20:43', 0),
(2097, 1280, 57, 10, '2023-05-06 07:37:58', 0),
(2017, 1248, 57, 10, '2023-04-03 04:22:32', 0),
(2015, 1248, 60, 10, '2023-04-03 04:22:32', 0),
(2016, 1248, 56, 10, '2023-04-03 04:22:32', 0),
(2014, 1248, 65, 686, '2023-04-03 04:13:48', 0),
(480, 469, 48, 44, '2020-12-24 14:16:59', 0),
(2098, 1281, 65, 723, '2023-05-06 13:18:53', 0),
(502, 469, 37, 3, '2021-01-03 14:03:01', 0),
(490, 479, 48, 17, '2020-12-28 20:48:17', 0),
(616, 535, 48, 95, '2021-03-05 10:30:30', 0),
(492, 479, 37, 6, '2020-12-29 09:11:31', 0),
(496, 484, 48, 50, '2020-12-30 08:22:10', 0),
(497, 484, 37, 6, '2020-12-30 09:08:38', 0),
(498, 485, 48, 50, '2020-12-30 10:30:20', 0),
(499, 485, 37, 6, '2020-12-30 10:35:36', 0),
(500, 486, 48, 53, '2020-12-30 16:28:46', 0),
(504, 489, 31, 55, '2021-01-05 11:45:45', 0),
(505, 490, 14, 56, '2021-01-05 15:10:36', 0),
(506, 490, 3, 11, '2021-01-05 15:15:56', 0),
(507, 490, 9, 11, '2021-01-05 15:15:56', 0),
(508, 491, 14, 57, '2021-01-05 15:18:23', 0),
(509, 491, 3, 11, '2021-01-05 15:19:36', 0),
(510, 491, 9, 11, '2021-01-05 15:19:36', 0),
(511, 492, 14, 58, '2021-01-05 15:24:11', 0),
(512, 492, 3, 11, '2021-01-05 15:25:20', 0),
(513, 492, 9, 11, '2021-01-05 15:25:20', 0),
(514, 493, 14, 59, '2021-01-05 15:27:57', 0),
(515, 493, 3, 11, '2021-01-05 15:31:04', 0),
(516, 493, 9, 11, '2021-01-05 15:31:04', 0),
(517, 494, 14, 60, '2021-01-05 15:34:35', 0),
(518, 494, 3, 11, '2021-01-05 15:36:03', 0),
(519, 494, 9, 11, '2021-01-05 15:36:03', 0),
(994, 740, 53, 10, '2022-01-14 06:53:49', 0),
(2180, 1312, 60, 10, '2023-05-16 09:02:26', 0),
(995, 741, 53, 10, '2022-01-14 07:15:39', 0),
(523, 496, 14, 56, '2021-01-05 15:40:44', 0),
(524, 496, 3, 11, '2021-01-05 15:41:55', 0),
(525, 496, 9, 11, '2021-01-05 15:41:55', 0),
(526, 497, 14, 60, '2021-01-05 15:44:39', 0),
(527, 497, 3, 11, '2021-01-05 15:46:26', 0),
(528, 497, 9, 11, '2021-01-05 15:46:26', 0),
(529, 498, 14, 61, '2021-01-05 15:50:52', 0),
(530, 498, 3, 11, '2021-01-05 15:52:02', 0),
(531, 498, 9, 11, '2021-01-05 15:52:02', 0),
(532, 486, 37, 6, '2021-01-05 21:14:07', 0),
(533, 499, 31, 63, '2021-01-06 09:32:10', 0),
(534, 500, 31, 64, '2021-01-06 09:42:09', 0),
(535, 500, 20, 24, '2021-01-11 08:59:15', 1),
(536, 489, 20, 24, '2021-01-11 09:01:03', 1),
(537, 501, 31, 70, '2021-01-11 10:45:24', 0),
(538, 501, 20, 24, '2021-01-11 10:59:48', 0),
(539, 501, 20, 9, '2021-01-11 11:03:59', 0),
(540, 502, 14, 72, '2021-01-15 11:19:24', 0),
(541, 502, 3, 11, '2021-01-15 11:22:23', 0),
(542, 502, 9, 11, '2021-01-15 11:22:23', 0),
(543, 503, 14, 73, '2021-01-15 11:28:32', 0),
(544, 503, 3, 11, '2021-01-15 11:31:39', 0),
(545, 503, 9, 11, '2021-01-15 11:31:39', 0),
(546, 504, 14, 74, '2021-01-15 11:45:54', 0),
(547, 504, 3, 11, '2021-01-15 11:47:35', 0),
(548, 504, 9, 11, '2021-01-15 11:47:35', 0),
(549, 505, 14, 75, '2021-01-15 11:59:51', 0),
(550, 505, 3, 11, '2021-01-15 12:01:29', 0),
(551, 505, 9, 11, '2021-01-15 12:01:29', 0),
(999, 745, 19, 9, '2022-01-17 10:50:14', 0),
(998, 744, 19, 9, '2022-01-17 10:41:21', 0),
(2179, 1312, 65, 199, '2023-05-16 08:59:57', 0),
(555, 507, 14, 77, '2021-01-15 14:31:08', 0),
(556, 507, 3, 11, '2021-01-15 14:32:36', 0),
(557, 507, 9, 11, '2021-01-15 14:32:36', 0),
(558, 499, 20, 24, '2021-01-18 15:20:47', 0),
(560, 497, 5, 61, '2021-01-19 15:13:50', 0),
(561, 496, 5, 57, '2021-01-19 15:15:39', 1),
(562, 498, 5, 59, '2021-01-19 15:22:29', 1),
(563, 494, 3, 58, '2021-01-19 16:28:49', 1),
(564, 493, 5, 61, '2021-01-19 16:38:29', 1),
(565, 492, 5, 59, '2021-01-19 16:41:17', 1),
(566, 491, 3, 58, '2021-01-19 16:44:51', 1),
(567, 490, 5, 61, '2021-01-19 16:46:45', 1),
(568, 508, 19, 9, '2021-01-21 09:43:25', 0),
(569, 509, 19, 9, '2021-01-21 09:46:18', 0),
(570, 509, 20, 9, '2021-01-21 09:52:35', 0),
(574, 513, 31, 81, '2021-01-24 10:17:51', 0),
(617, 507, 5, 61, '2021-03-10 14:27:47', 1),
(573, 512, 31, 81, '2021-01-24 10:14:10', 0),
(575, 301, 60, 10, '2021-01-27 10:05:17', 0),
(762, 614, 54, 10, '2021-07-15 07:17:55', 0),
(577, 515, 65, 84, '2021-01-27 18:04:54', 0),
(578, 515, 60, 10, '2021-01-27 18:07:44', 0),
(579, 516, 65, 85, '2021-01-30 16:09:44', 0),
(580, 516, 60, 10, '2021-01-30 16:13:55', 0),
(581, 517, 65, 86, '2021-02-02 06:47:07', 0),
(582, 517, 60, 10, '2021-02-02 06:51:14', 0),
(583, 518, 65, 22, '2021-02-04 02:29:43', 0),
(584, 518, 60, 10, '2021-02-04 02:32:41', 0),
(585, 519, 65, 22, '2021-02-04 05:43:55', 0),
(586, 519, 60, 10, '2021-02-04 05:47:29', 0),
(587, 520, 31, 87, '2021-02-05 12:53:48', 0),
(588, 521, 65, 88, '2021-02-05 14:48:54', 0),
(589, 521, 60, 10, '2021-02-05 14:51:58', 0),
(590, 522, 48, 89, '2021-02-08 03:20:43', 0),
(591, 523, 65, 90, '2021-02-08 07:28:41', 0),
(592, 523, 60, 10, '2021-02-08 07:39:54', 0),
(593, 524, 65, 90, '2021-02-08 07:50:21', 0),
(594, 524, 60, 10, '2021-02-08 07:55:31', 0),
(595, 523, 54, 25, '2021-02-08 10:51:37', 0),
(602, 529, 20, 24, '2021-02-10 03:51:50', 0),
(601, 529, 31, 91, '2021-02-10 03:15:18', 0),
(598, 520, 20, 24, '2021-02-10 02:44:17', 0),
(603, 530, 19, 9, '2021-02-10 04:02:30', 0),
(604, 531, 19, 9, '2021-02-10 04:10:15', 0),
(605, 532, 19, 9, '2021-02-10 04:10:46', 0),
(606, 533, 19, 9, '2021-02-10 04:12:03', 0),
(607, 534, 48, 92, '2021-02-17 14:27:51', 0),
(608, 517, 54, 25, '2021-02-18 01:52:50', 1),
(609, 301, 54, 25, '2021-02-18 03:05:29', 0),
(610, 515, 54, 25, '2021-02-18 03:33:08', 0),
(611, 516, 54, 25, '2021-02-18 04:09:34', 0),
(614, 513, 20, 24, '2021-02-19 02:21:47', 0),
(613, 533, 20, 24, '2021-02-19 02:11:48', 0),
(615, 512, 20, 24, '2021-02-19 02:22:54', 0),
(618, 505, 5, 57, '2021-03-10 14:29:44', 1),
(619, 504, 5, 96, '2021-03-10 14:34:23', 1),
(620, 503, 5, 97, '2021-03-10 14:37:00', 1),
(2099, 1281, 60, 10, '2023-05-06 13:36:25', 0),
(1001, 746, 37, 6, '2022-01-18 08:11:19', 0),
(958, 725, 48, 230, '2022-01-05 03:05:03', 0),
(624, 502, 5, 98, '2021-03-17 11:50:27', 0),
(625, 539, 14, 79, '2021-03-17 15:15:18', 0),
(626, 539, 9, 11, '2021-03-17 15:17:41', 0),
(627, 539, 5, 96, '2021-03-17 23:32:29', 0),
(628, 540, 31, 37, '2021-03-22 05:44:26', 0),
(629, 522, 37, 3, '2021-03-23 09:25:25', 0),
(630, 534, 37, 3, '2021-03-23 09:27:41', 0),
(631, 535, 37, 2, '2021-03-23 09:28:49', 0),
(635, 544, 48, 104, '2021-03-27 07:11:49', 0),
(633, 542, 48, 107, '2021-03-26 08:03:23', 0),
(636, 545, 65, 106, '2021-03-29 06:34:10', 0),
(637, 545, 60, 10, '2021-03-29 06:39:52', 0),
(638, 545, 54, 10, '2021-03-30 08:03:33', 0),
(639, 542, 37, 2, '2021-04-06 02:09:24', 0),
(640, 544, 37, 3, '2021-04-06 02:23:28', 0),
(641, 546, 31, 109, '2021-04-09 06:04:03', 0),
(642, 547, 65, 110, '2021-04-09 06:22:05', 0),
(643, 547, 60, 10, '2021-04-09 06:29:54', 0),
(644, 548, 65, 112, '2021-04-15 06:12:39', 0),
(645, 548, 60, 10, '2021-04-15 06:20:19', 0),
(646, 549, 31, 94, '2021-04-16 01:01:12', 0),
(647, 548, 54, 10, '2021-04-19 02:55:11', 0),
(648, 548, 55, 10, '2021-04-19 03:02:14', 1),
(649, 388, 5, 96, '2021-04-27 12:06:01', 0),
(650, 390, 5, 98, '2021-04-28 03:30:01', 0),
(651, 550, 65, 114, '2021-04-29 07:47:38', 0),
(652, 551, 65, 116, '2021-05-06 03:30:26', 0),
(653, 552, 65, 113, '2021-05-06 03:30:47', 0),
(654, 553, 65, 117, '2021-05-06 03:56:19', 0),
(655, 551, 60, 10, '2021-05-06 05:00:08', 0),
(661, 557, 60, 10, '2021-05-19 18:18:47', 0),
(660, 557, 65, 119, '2021-05-19 18:15:13', 0),
(658, 556, 65, 118, '2021-05-18 07:15:02', 0),
(659, 556, 60, 10, '2021-05-18 07:15:54', 0),
(662, 558, 65, 84, '2021-05-25 02:09:10', 0),
(663, 558, 60, 10, '2021-05-25 02:14:37', 0),
(664, 559, 65, 84, '2021-05-25 12:23:21', 0),
(665, 559, 60, 10, '2021-05-25 12:26:23', 0),
(666, 560, 65, 84, '2021-05-25 12:27:25', 0),
(667, 560, 60, 10, '2021-05-25 12:30:42', 0),
(668, 549, 20, 24, '2021-05-27 06:59:25', 1),
(669, 546, 20, 24, '2021-05-27 07:00:23', 0),
(670, 540, 20, 24, '2021-05-27 07:03:05', 1),
(671, 561, 19, 9, '2021-05-27 07:20:23', 0),
(675, 565, 31, 95, '2021-05-31 01:35:36', 0),
(676, 566, 48, 93, '2021-06-01 15:06:36', 0),
(677, 566, 37, 3, '2021-06-02 01:59:36', 0),
(678, 567, 48, 17, '2021-06-02 10:43:21', 0),
(679, 568, 48, 123, '2021-06-02 12:41:43', 0),
(680, 568, 37, 2, '2021-06-03 02:09:36', 0),
(735, 603, 31, 149, '2021-07-01 11:20:59', 0),
(682, 567, 37, 2, '2021-06-03 04:32:08', 0),
(683, 570, 65, 125, '2021-06-07 05:37:40', 0),
(684, 571, 65, 124, '2021-06-07 10:03:32', 0),
(685, 571, 60, 10, '2021-06-07 10:15:23', 0),
(2100, 1281, 56, 10, '2023-05-06 13:36:25', 0),
(687, 573, 36, 1, '2021-06-10 07:36:17', 0),
(723, 595, 65, 144, '2021-06-29 04:51:40', 0),
(690, 576, 48, 127, '2021-06-10 15:17:48', 0),
(691, 577, 48, 129, '2021-06-10 16:30:58', 0),
(692, 578, 65, 128, '2021-06-11 02:01:37', 0),
(693, 578, 60, 10, '2021-06-11 02:06:58', 0),
(694, 576, 37, 2, '2021-06-11 04:43:11', 0),
(695, 577, 37, 6, '2021-06-11 05:47:19', 0),
(696, 570, 60, 10, '2021-06-11 07:24:47', 0),
(697, 579, 48, 130, '2021-06-11 18:19:26', 0),
(698, 579, 37, 2, '2021-06-14 03:20:21', 0),
(699, 569, 20, 24, '2021-06-17 01:08:23', 0),
(700, 565, 20, 24, '2021-06-17 01:11:37', 0),
(701, 580, 19, 9, '2021-06-17 08:05:04', 0),
(702, 581, 48, 131, '2021-06-17 08:19:25', 0),
(703, 581, 37, 2, '2021-06-18 06:36:52', 0),
(704, 582, 31, 132, '2021-06-18 07:50:44', 0),
(705, 583, 65, 99, '2021-06-18 09:16:39', 0),
(706, 583, 60, 10, '2021-06-18 12:07:07', 0),
(707, 584, 65, 136, '2021-06-18 14:01:44', 0),
(708, 584, 60, 10, '2021-06-18 14:08:39', 0),
(709, 585, 19, 9, '2021-06-19 02:55:16', 0),
(710, 586, 19, 9, '2021-06-19 07:18:14', 0),
(712, 588, 31, 93, '2021-06-20 14:36:24', 0),
(713, 582, 20, 24, '2021-06-22 02:40:06', 0),
(714, 588, 20, 24, '2021-06-22 02:40:43', 0),
(715, 589, 31, 133, '2021-06-22 10:00:30', 0),
(716, 590, 31, 133, '2021-06-22 10:02:14', 0),
(717, 591, 65, 140, '2021-06-23 09:59:26', 0),
(718, 591, 60, 10, '2021-06-23 10:10:18', 0),
(719, 592, 65, 142, '2021-06-24 07:48:28', 0),
(722, 594, 31, 143, '2021-06-28 15:50:30', 0),
(721, 592, 60, 10, '2021-06-24 07:56:59', 0),
(724, 595, 60, 10, '2021-06-29 04:55:52', 0),
(725, 596, 65, 145, '2021-06-29 14:13:33', 0),
(726, 596, 60, 10, '2021-06-29 14:18:51', 0),
(727, 597, 31, 146, '2021-06-29 15:14:05', 0),
(728, 594, 20, 24, '2021-06-30 08:00:12', 1),
(2101, 1281, 57, 10, '2023-05-06 13:36:25', 0),
(731, 600, 19, 9, '2021-06-30 11:04:13', 0),
(732, 601, 19, 9, '2021-06-30 12:28:37', 0),
(733, 602, 19, 9, '2021-06-30 13:53:42', 0),
(734, 602, 20, 24, '2021-06-30 14:02:27', 1),
(736, 604, 31, 150, '2021-07-02 06:59:40', 0),
(737, 605, 31, 137, '2021-07-05 04:10:09', 0),
(738, 606, 65, 151, '2021-07-05 14:25:48', 0),
(739, 606, 60, 10, '2021-07-05 14:28:11', 0),
(740, 607, 65, 152, '2021-07-06 02:23:34', 0),
(741, 607, 60, 10, '2021-07-06 02:35:47', 0),
(742, 608, 65, 153, '2021-07-06 07:37:18', 0),
(743, 608, 60, 10, '2021-07-06 08:01:21', 0),
(744, 609, 65, 154, '2021-07-06 09:37:32', 0),
(745, 609, 60, 10, '2021-07-06 09:40:19', 0),
(746, 610, 65, 155, '2021-07-07 07:33:41', 0),
(747, 610, 60, 10, '2021-07-07 07:35:49', 0),
(750, 613, 65, 158, '2021-07-08 13:26:38', 0),
(751, 613, 60, 10, '2021-07-08 13:33:44', 0),
(752, 614, 65, 116, '2021-07-08 17:57:51', 0),
(753, 614, 60, 10, '2021-07-08 18:03:34', 0),
(754, 615, 65, 159, '2021-07-09 00:17:02', 0),
(755, 615, 60, 10, '2021-07-09 00:29:48', 0),
(756, 616, 65, 159, '2021-07-10 07:13:55', 0),
(757, 616, 60, 10, '2021-07-10 07:16:06', 0),
(2102, 1282, 31, 725, '2023-05-07 17:00:59', 0),
(759, 618, 53, 10, '2021-07-13 06:55:11', 0),
(760, 619, 19, 9, '2021-07-14 03:34:18', 0),
(763, 621, 65, 22, '2021-07-15 08:46:18', 0),
(764, 621, 60, 10, '2021-07-15 09:08:08', 0),
(765, 622, 65, 159, '2021-07-15 14:53:37', 0),
(766, 622, 60, 10, '2021-07-15 14:59:33', 0),
(2103, 1278, 54, 113, '2023-05-08 02:30:28', 0),
(769, 625, 65, 93, '2021-07-15 16:06:44', 0),
(770, 625, 60, 10, '2021-07-15 16:11:01', 0),
(774, 629, 65, 164, '2021-07-16 14:16:39', 0),
(776, 631, 65, 159, '2021-07-16 14:29:33', 0),
(777, 631, 60, 10, '2021-07-16 14:40:58', 0),
(778, 629, 60, 10, '2021-07-16 17:08:49', 0),
(783, 636, 53, 10, '2021-07-23 15:58:57', 0),
(784, 637, 65, 168, '2021-07-23 23:31:43', 0),
(785, 637, 60, 10, '2021-07-24 00:02:09', 0),
(786, 637, 57, 10, '2021-07-24 00:02:09', 0),
(787, 637, 56, 10, '2021-07-24 00:02:09', 0),
(788, 638, 31, 169, '2021-07-27 09:30:18', 0),
(789, 639, 31, 170, '2021-08-02 08:23:39', 0),
(794, 642, 6, 11, '2021-08-15 06:33:23', 0),
(795, 642, 5, 11, '2021-08-15 06:33:23', 0),
(1023, 739, 5, 59, '2022-01-25 01:21:15', 0),
(797, 552, 60, 10, '2021-08-30 11:47:50', 0),
(798, 552, 57, 10, '2021-08-30 11:47:50', 0),
(799, 552, 56, 10, '2021-08-30 11:47:50', 0),
(801, 644, 31, 174, '2021-09-01 12:58:08', 0),
(802, 645, 65, 175, '2021-09-08 09:29:54', 0),
(803, 645, 60, 10, '2021-09-08 09:34:33', 0),
(804, 645, 57, 10, '2021-09-08 09:34:33', 0),
(805, 645, 56, 10, '2021-09-08 09:34:33', 0),
(806, 646, 65, 176, '2021-09-09 12:01:37', 0),
(807, 646, 60, 10, '2021-09-09 12:16:57', 0),
(808, 646, 56, 10, '2021-09-09 12:16:57', 0),
(809, 646, 57, 10, '2021-09-09 12:16:57', 0),
(810, 647, 65, 177, '2021-09-10 08:29:35', 0),
(811, 647, 60, 10, '2021-09-10 08:36:21', 0),
(812, 647, 57, 10, '2021-09-10 08:36:21', 0),
(813, 647, 56, 10, '2021-09-10 08:36:21', 0),
(814, 648, 19, 9, '2021-09-18 02:44:09', 0),
(815, 649, 14, 93, '2021-09-18 06:10:43', 0),
(816, 649, 9, 11, '2021-09-18 07:59:39', 0),
(817, 649, 6, 11, '2021-09-18 07:59:39', 0),
(818, 649, 5, 11, '2021-09-18 07:59:39', 0),
(819, 649, 5, 58, '2021-09-18 07:59:39', 0),
(820, 650, 65, 179, '2021-09-23 07:06:09', 0),
(821, 650, 60, 10, '2021-09-23 07:14:37', 0),
(822, 650, 57, 10, '2021-09-23 07:14:37', 0),
(823, 650, 56, 10, '2021-09-23 07:14:37', 0),
(824, 651, 31, 143, '2021-09-26 03:17:09', 0),
(825, 652, 65, 180, '2021-09-29 02:26:40', 0),
(826, 652, 60, 10, '2021-09-29 03:20:21', 0),
(827, 652, 56, 10, '2021-09-29 03:20:21', 0),
(828, 652, 57, 10, '2021-09-29 03:20:21', 0),
(829, 651, 20, 24, '2021-10-01 07:04:27', 1),
(830, 653, 48, 18, '2021-10-14 09:15:12', 0),
(831, 654, 31, 186, '2021-10-16 04:37:08', 0),
(832, 655, 65, 186, '2021-10-16 05:05:56', 0),
(833, 655, 60, 10, '2021-10-16 05:08:51', 0),
(834, 655, 56, 10, '2021-10-16 05:08:51', 0),
(835, 655, 57, 10, '2021-10-16 05:08:51', 0),
(839, 659, 31, 190, '2021-10-28 08:45:17', 0),
(840, 660, 31, 191, '2021-10-28 08:56:20', 0),
(2104, 1283, 48, 704, '2023-05-08 04:19:31', 0),
(842, 662, 65, 194, '2021-11-10 05:37:04', 0),
(843, 662, 60, 10, '2021-11-10 05:46:18', 0),
(844, 662, 56, 10, '2021-11-10 05:46:18', 0),
(845, 662, 57, 10, '2021-11-10 05:46:18', 0),
(846, 663, 65, 198, '2021-11-14 14:26:36', 0),
(847, 663, 60, 10, '2021-11-14 14:43:59', 0),
(848, 663, 56, 10, '2021-11-14 14:43:59', 0),
(849, 663, 57, 10, '2021-11-14 14:43:59', 0),
(850, 664, 65, 116, '2021-11-18 02:30:50', 0),
(851, 664, 60, 10, '2021-11-18 02:42:29', 0),
(852, 664, 56, 10, '2021-11-18 02:42:29', 0),
(853, 664, 57, 10, '2021-11-18 02:42:29', 0),
(854, 665, 31, 116, '2021-11-18 02:56:17', 0),
(857, 668, 31, 202, '2021-11-20 07:05:41', 0),
(2258, 1342, 65, 785, '2023-05-27 03:39:42', 0),
(859, 670, 31, 202, '2021-11-21 07:41:46', 0),
(860, 671, 65, 204, '2021-11-22 06:53:12', 0),
(861, 672, 65, 204, '2021-11-22 08:39:58', 0),
(862, 672, 60, 10, '2021-11-22 08:43:33', 0),
(863, 672, 56, 10, '2021-11-22 08:43:33', 0),
(864, 672, 57, 10, '2021-11-22 08:43:33', 0),
(867, 675, 65, 210, '2021-11-30 09:53:38', 0),
(868, 675, 60, 10, '2021-11-30 11:13:09', 0),
(869, 675, 56, 10, '2021-11-30 11:13:09', 0),
(870, 675, 57, 10, '2021-11-30 11:13:09', 0),
(871, 676, 31, 212, '2021-12-01 04:15:23', 0),
(2321, 1365, 56, 10, '2023-06-06 01:50:22', 0),
(873, 678, 65, 214, '2021-12-01 12:46:05', 0),
(874, 678, 60, 10, '2021-12-01 12:52:30', 0),
(875, 678, 56, 10, '2021-12-01 12:52:30', 0),
(876, 678, 57, 10, '2021-12-01 12:52:30', 0),
(877, 679, 48, 213, '2021-12-02 08:19:17', 0),
(878, 680, 48, 187, '2021-12-03 10:55:42', 0),
(879, 681, 48, 93, '2021-12-04 02:03:32', 0),
(2188, 1315, 57, 10, '2023-05-17 14:57:39', 0),
(881, 683, 48, 216, '2021-12-04 08:33:39', 0),
(882, 684, 31, 217, '2021-12-04 23:49:12', 0),
(883, 685, 48, 208, '2021-12-06 03:20:19', 0),
(884, 686, 36, 1, '2021-12-07 07:29:47', 0),
(885, 687, 36, 1, '2021-12-07 08:09:44', 0),
(886, 681, 37, 2, '2021-12-07 09:14:48', 0),
(887, 688, 36, 1, '2021-12-08 06:42:34', 0),
(888, 689, 36, 1, '2021-12-08 06:42:50', 0),
(889, 683, 37, 6, '2021-12-08 07:44:47', 0),
(890, 685, 37, 2, '2021-12-08 08:59:10', 0),
(2187, 1315, 56, 10, '2023-05-17 14:57:39', 0),
(2186, 1315, 65, 754, '2023-05-17 14:50:52', 0),
(893, 692, 65, 224, '2021-12-13 06:40:34', 0),
(894, 692, 60, 10, '2021-12-13 06:46:11', 0),
(895, 692, 56, 10, '2021-12-13 06:46:11', 0),
(896, 692, 57, 10, '2021-12-13 06:46:11', 0),
(897, 654, 20, 24, '2021-12-13 07:41:08', 0),
(898, 693, 65, 219, '2021-12-13 12:54:11', 0),
(899, 693, 60, 10, '2021-12-13 13:16:26', 0),
(900, 693, 56, 10, '2021-12-13 13:16:26', 0),
(901, 693, 57, 10, '2021-12-13 13:16:26', 0),
(2235, 1314, 40, 701, '2023-05-24 06:43:21', 0),
(903, 695, 48, 53, '2021-12-14 23:10:18', 0),
(904, 696, 48, 2, '2021-12-16 03:49:27', 0),
(905, 696, 37, 6, '2021-12-17 08:16:24', 0),
(906, 697, 65, 231, '2021-12-20 07:37:02', 0),
(907, 697, 60, 10, '2021-12-20 08:11:25', 0),
(908, 697, 56, 10, '2021-12-20 08:11:25', 0),
(909, 697, 57, 10, '2021-12-20 08:11:25', 0),
(910, 698, 31, 234, '2021-12-21 01:46:48', 0),
(911, 699, 48, 2, '2021-12-22 07:29:59', 0),
(912, 700, 31, 235, '2021-12-22 17:19:06', 0),
(2184, 1314, 48, 573, '2023-05-17 07:16:22', 0),
(916, 704, 48, 237, '2021-12-25 06:08:43', 0),
(917, 705, 36, 1, '2021-12-25 09:08:29', 0),
(918, 653, 37, 3, '2021-12-25 09:32:05', 0),
(919, 699, 37, 3, '2021-12-25 11:10:17', 0),
(920, 704, 37, 3, '2021-12-25 11:59:48', 0),
(921, 640, 37, 6, '2021-12-25 12:29:03', 0),
(922, 679, 37, 2, '2021-12-25 13:00:53', 0),
(2081, 1275, 6, 11, '2023-05-05 05:58:28', 0),
(924, 680, 37, 3, '2021-12-25 13:43:55', 0),
(2082, 1276, 48, 721, '2023-05-05 06:48:28', 0),
(926, 700, 20, 24, '2021-12-28 03:10:41', 0),
(927, 665, 20, 24, '2021-12-28 04:09:54', 0),
(2182, 1312, 57, 10, '2023-05-16 09:02:26', 0),
(930, 710, 31, 239, '2021-12-28 15:29:03', 0),
(991, 739, 14, 246, '2022-01-14 02:58:29', 0),
(933, 713, 65, 232, '2021-12-29 05:32:14', 0),
(934, 714, 65, 233, '2021-12-29 05:32:38', 0),
(935, 713, 60, 10, '2021-12-29 06:39:30', 0),
(936, 713, 56, 10, '2021-12-29 06:39:30', 0),
(937, 713, 57, 10, '2021-12-29 06:39:30', 0),
(938, 714, 60, 10, '2021-12-29 06:39:31', 0),
(939, 714, 56, 10, '2021-12-29 06:39:31', 0),
(940, 714, 57, 10, '2021-12-29 06:39:31', 0),
(942, 716, 31, 240, '2021-12-29 16:21:22', 0),
(943, 668, 20, 24, '2021-12-30 03:28:58', 0),
(944, 717, 31, 241, '2021-12-30 04:25:34', 0),
(945, 718, 31, 242, '2021-12-30 04:52:07', 0),
(946, 719, 19, 9, '2021-12-30 04:54:48', 0),
(947, 720, 19, 9, '2021-12-30 05:12:58', 0),
(948, 721, 31, 93, '2021-12-30 05:18:39', 0),
(949, 722, 19, 9, '2021-12-30 05:22:02', 0),
(950, 717, 20, 24, '2021-12-30 07:11:33', 0),
(951, 718, 20, 24, '2021-12-30 07:31:40', 0),
(952, 723, 14, 61, '2022-01-01 14:30:26', 0),
(953, 723, 5, 11, '2022-01-01 14:35:26', 0),
(954, 723, 6, 11, '2022-01-01 14:35:26', 0),
(961, 726, 56, 10, '2022-01-05 04:13:59', 0),
(962, 726, 57, 10, '2022-01-05 04:13:59', 0),
(963, 727, 65, 249, '2022-01-07 23:31:12', 0),
(964, 727, 60, 10, '2022-01-08 06:27:14', 0),
(965, 727, 56, 10, '2022-01-08 06:27:14', 0),
(966, 727, 57, 10, '2022-01-08 06:27:14', 0),
(967, 728, 65, 249, '2022-01-08 06:47:42', 0),
(968, 728, 60, 10, '2022-01-08 06:53:58', 0),
(969, 728, 56, 10, '2022-01-08 06:53:58', 0),
(970, 728, 57, 10, '2022-01-08 06:53:58', 0),
(971, 725, 37, 3, '2022-01-10 05:57:38', 0),
(972, 729, 53, 10, '2022-01-10 06:19:54', 0),
(973, 730, 53, 10, '2022-01-10 06:22:26', 0),
(975, 731, 53, 10, '2022-01-10 06:48:58', 0),
(976, 732, 53, 10, '2022-01-10 07:09:27', 0),
(977, 733, 53, 10, '2022-01-10 07:28:51', 0),
(978, 734, 48, 2, '2022-01-10 07:46:23', 0),
(979, 734, 37, 3, '2022-01-10 08:11:47', 0),
(981, 736, 65, 229, '2022-01-11 11:05:09', 0),
(982, 736, 60, 10, '2022-01-11 12:41:59', 0),
(983, 736, 56, 10, '2022-01-11 12:41:59', 0),
(984, 736, 57, 10, '2022-01-11 12:41:59', 0),
(985, 737, 65, 253, '2022-01-12 04:59:36', 0),
(986, 737, 60, 10, '2022-01-12 05:02:08', 0),
(987, 737, 56, 10, '2022-01-12 05:02:08', 0),
(988, 737, 57, 10, '2022-01-12 05:02:08', 0),
(989, 695, 37, 2, '2022-01-12 06:25:17', 0),
(2181, 1312, 56, 10, '2023-05-16 09:02:26', 0),
(992, 739, 5, 11, '2022-01-14 03:15:56', 0),
(993, 739, 6, 11, '2022-01-14 03:15:56', 0),
(1004, 749, 31, 251, '2022-01-20 02:12:51', 0),
(1005, 750, 19, 9, '2022-01-20 03:17:55', 0),
(2176, 1271, 41, 6, '2023-05-16 04:27:07', 0),
(1007, 752, 65, 273, '2022-01-21 14:24:18', 0),
(2175, 1311, 57, 10, '2023-05-16 03:56:18', 0),
(1009, 752, 60, 10, '2022-01-23 04:01:49', 0),
(1010, 752, 56, 10, '2022-01-23 04:01:49', 0),
(1011, 752, 57, 10, '2022-01-23 04:01:49', 0),
(1012, 754, 65, 273, '2022-01-23 04:01:59', 0),
(1013, 754, 60, 10, '2022-01-23 04:03:37', 0),
(1014, 754, 56, 10, '2022-01-23 04:03:37', 0),
(1015, 754, 57, 10, '2022-01-23 04:03:37', 0),
(1016, 755, 65, 275, '2022-01-23 05:06:11', 0),
(1017, 755, 60, 10, '2022-01-24 08:41:20', 0),
(1018, 755, 56, 10, '2022-01-24 08:41:20', 0),
(1019, 755, 57, 10, '2022-01-24 08:41:20', 0),
(2173, 1311, 60, 10, '2023-05-16 03:56:18', 0),
(1022, 642, 5, 98, '2022-01-25 00:55:03', 1),
(1024, 723, 5, 97, '2022-01-25 01:30:38', 0),
(1025, 758, 65, 273, '2022-01-25 03:28:01', 0),
(1026, 758, 60, 10, '2022-01-25 03:31:47', 0),
(1027, 758, 56, 10, '2022-01-25 03:31:47', 0),
(1028, 758, 57, 10, '2022-01-25 03:31:47', 0),
(2172, 1311, 65, 752, '2023-05-16 03:53:48', 0),
(1031, 761, 48, 277, '2022-01-25 05:00:38', 0),
(1032, 762, 31, 279, '2022-01-25 16:06:14', 0),
(1033, 761, 37, 3, '2022-01-26 07:56:33', 0),
(1034, 763, 31, 281, '2022-01-26 08:24:45', 0),
(1037, 766, 65, 283, '2022-01-27 02:04:15', 0),
(1038, 766, 60, 10, '2022-01-27 02:07:27', 0),
(1039, 766, 56, 10, '2022-01-27 02:07:27', 0),
(1040, 766, 57, 10, '2022-01-27 02:07:27', 0),
(1041, 767, 65, 284, '2022-01-27 02:39:20', 0),
(1042, 767, 60, 10, '2022-01-27 02:43:22', 0),
(1043, 767, 56, 10, '2022-01-27 02:43:22', 0),
(1044, 767, 57, 10, '2022-01-27 02:43:22', 0),
(2084, 1276, 40, 700, '2023-05-05 07:34:12', 0),
(1046, 769, 65, 284, '2022-01-27 09:02:15', 0),
(1047, 769, 60, 10, '2022-01-27 09:04:00', 0),
(1048, 769, 56, 10, '2022-01-27 09:04:00', 0),
(1049, 769, 57, 10, '2022-01-27 09:04:00', 0),
(2212, 1310, 37, 6, '2023-05-22 08:55:23', 0),
(1051, 771, 48, 18, '2022-01-28 08:59:28', 0),
(1052, 772, 31, 290, '2022-01-28 11:32:03', 0),
(2170, 1310, 48, 750, '2023-05-16 03:22:56', 0),
(1055, 775, 48, 89, '2022-01-29 07:51:45', 0),
(2086, 1278, 65, 717, '2023-05-05 08:30:55', 0),
(2209, 1309, 37, 6, '2023-05-22 08:51:53', 0),
(2168, 1309, 48, 751, '2023-05-15 16:51:20', 0),
(2183, 1313, 65, 143, '2023-05-16 12:36:06', 0),
(2087, 1278, 60, 10, '2023-05-05 08:36:19', 0),
(1061, 781, 31, 295, '2022-01-30 23:47:04', 0),
(1062, 775, 37, 3, '2022-01-31 06:56:25', 0),
(2165, 1307, 48, 742, '2023-05-15 14:10:03', 0),
(2164, 1306, 57, 10, '2023-05-15 10:20:57', 0),
(2088, 1278, 56, 10, '2023-05-05 08:36:19', 0),
(2163, 1306, 56, 10, '2023-05-15 10:20:57', 0),
(2089, 1278, 57, 10, '2023-05-05 08:36:19', 0),
(2162, 1306, 60, 10, '2023-05-15 10:20:57', 0),
(2161, 1305, 57, 10, '2023-05-15 09:58:12', 0),
(1879, 1197, 14, 647, '2023-01-11 14:41:25', 0),
(1072, 791, 31, 309, '2022-02-16 03:45:04', 0),
(1073, 792, 31, 303, '2022-02-16 12:15:55', 0),
(1074, 793, 31, 95, '2022-02-17 04:18:31', 0),
(1075, 794, 31, 307, '2022-02-17 05:03:47', 0),
(2160, 1305, 56, 10, '2023-05-15 09:58:12', 0),
(2159, 1305, 60, 10, '2023-05-15 09:58:12', 0),
(1080, 799, 65, 313, '2022-02-23 09:55:01', 0),
(1081, 799, 60, 10, '2022-02-23 10:05:54', 0),
(1082, 799, 56, 10, '2022-02-23 10:05:54', 0),
(1083, 799, 57, 10, '2022-02-23 10:05:54', 0),
(2158, 1305, 65, 747, '2023-05-15 09:34:41', 0),
(1085, 801, 31, 314, '2022-03-01 02:53:38', 0),
(2157, 1306, 65, 748, '2023-05-15 09:34:41', 0),
(1087, 803, 31, 325, '2022-03-08 02:46:15', 0),
(1088, 804, 31, 326, '2022-03-08 07:39:28', 0),
(2155, 1288, 38, 6, '2023-05-15 07:56:37', 0),
(2154, 1288, 41, 6, '2023-05-15 07:28:13', 0),
(2151, 1264, 38, 6, '2023-05-15 03:18:20', 0),
(1092, 808, 31, 326, '2022-03-09 07:11:51', 0),
(1093, 809, 48, 209, '2022-03-10 03:02:05', 0),
(2150, 1261, 38, 6, '2023-05-15 03:09:15', 0),
(1095, 811, 31, 333, '2022-03-10 10:20:23', 0),
(2208, 1304, 37, 6, '2023-05-22 08:42:39', 0),
(1097, 813, 65, 316, '2022-03-11 02:48:43', 0),
(1098, 813, 60, 10, '2022-03-11 02:58:24', 0),
(1099, 813, 56, 10, '2022-03-11 02:58:24', 0),
(1100, 813, 57, 10, '2022-03-11 02:58:24', 0),
(2090, 1279, 65, 722, '2023-05-06 05:22:56', 0),
(1103, 816, 48, 335, '2022-03-13 07:11:11', 0),
(1104, 817, 31, 318, '2022-03-13 13:06:08', 0),
(2148, 1304, 48, 729, '2023-05-15 02:36:12', 0),
(1106, 819, 48, 345, '2022-03-16 05:52:50', 0),
(1107, 820, 19, 9, '2022-03-16 07:48:15', 0),
(1108, 820, 20, 24, '2022-03-16 08:09:07', 1),
(2091, 1279, 60, 10, '2023-05-06 05:35:04', 0),
(2206, 1303, 37, 6, '2023-05-22 07:56:38', 0),
(2146, 1303, 48, 745, '2023-05-14 07:21:20', 0),
(2064, 1270, 57, 10, '2023-05-02 15:00:53', 0),
(2205, 1302, 37, 6, '2023-05-22 07:54:14', 0),
(2140, 1299, 6, 11, '2023-05-12 08:58:33', 0),
(2144, 1302, 48, 706, '2023-05-13 07:38:18', 0),
(2143, 1301, 31, 744, '2023-05-13 03:53:05', 0),
(2178, 1300, 37, 6, '2023-05-16 07:36:59', 0),
(2141, 1300, 48, 739, '2023-05-12 09:58:22', 0),
(1119, 831, 65, 354, '2022-03-21 14:55:28', 0),
(1120, 831, 60, 10, '2022-03-21 15:05:24', 0),
(1121, 831, 56, 10, '2022-03-21 15:05:24', 0),
(1122, 831, 57, 10, '2022-03-21 15:05:24', 0),
(2050, 1264, 37, 6, '2023-04-28 07:26:51', 0),
(2065, 1271, 48, 707, '2023-05-03 01:50:06', 0),
(1127, 809, 37, 2, '2022-03-28 08:25:48', 0),
(1128, 771, 37, 2, '2022-03-28 08:44:50', 0),
(1129, 836, 31, 343, '2022-03-29 04:06:03', 0),
(1130, 837, 31, 350, '2022-03-30 00:25:10', 0),
(1132, 839, 14, 335, '2022-04-02 05:04:47', 0),
(1133, 839, 5, 11, '2022-04-02 05:19:24', 0),
(1134, 839, 6, 11, '2022-04-02 05:19:24', 0),
(1137, 842, 65, 362, '2022-04-04 04:21:00', 0),
(1138, 842, 60, 10, '2022-04-04 04:37:30', 0),
(1139, 842, 56, 10, '2022-04-04 04:37:30', 0),
(1140, 842, 57, 10, '2022-04-04 04:37:30', 0),
(1148, 847, 31, 365, '2022-04-06 04:49:11', 0),
(1142, 844, 65, 363, '2022-04-04 09:07:38', 0),
(1143, 844, 60, 10, '2022-04-04 09:12:30', 0),
(1144, 844, 56, 10, '2022-04-04 09:12:30', 0),
(1145, 844, 57, 10, '2022-04-04 09:12:30', 0),
(1146, 845, 31, 350, '2022-04-05 04:16:40', 0),
(1147, 846, 31, 348, '2022-04-05 10:02:08', 0),
(1149, 848, 48, 367, '2022-04-07 03:11:35', 0),
(1150, 849, 31, 368, '2022-04-07 04:58:19', 0),
(1151, 850, 31, 369, '2022-04-08 02:59:33', 0),
(1152, 851, 14, 372, '2022-04-11 03:22:04', 0),
(1153, 851, 5, 11, '2022-04-11 03:45:46', 0),
(1154, 851, 6, 11, '2022-04-11 03:45:46', 0),
(1862, 1187, 31, 648, '2023-01-09 14:56:00', 0),
(1156, 853, 31, 371, '2022-04-12 01:41:20', 0),
(1157, 854, 31, 374, '2022-04-12 05:37:31', 0),
(1158, 855, 31, 375, '2022-04-12 06:16:03', 0),
(1159, 856, 31, 376, '2022-04-12 06:19:01', 0),
(1160, 857, 31, 377, '2022-04-12 06:25:59', 0),
(2139, 1299, 5, 11, '2023-05-12 08:58:33', 0),
(1162, 859, 48, 312, '2022-04-15 14:44:07', 0),
(1163, 860, 31, 361, '2022-04-17 09:55:53', 0),
(1164, 859, 37, 6, '2022-04-18 03:36:38', 0),
(2062, 1270, 60, 10, '2023-05-02 15:00:53', 0),
(2138, 1299, 14, 719, '2023-05-12 08:55:36', 0),
(1167, 863, 31, 387, '2022-04-20 07:59:32', 0),
(1168, 864, 48, 382, '2022-04-21 08:14:46', 0),
(1182, 872, 31, 391, '2022-04-22 08:41:09', 0),
(1170, 866, 48, 382, '2022-04-21 11:44:32', 0),
(2177, 1298, 37, 6, '2023-05-16 07:29:33', 0),
(1174, 870, 65, 390, '2022-04-22 01:46:20', 0),
(1175, 871, 65, 389, '2022-04-22 01:47:02', 0),
(1176, 870, 60, 10, '2022-04-22 01:56:27', 0),
(1177, 870, 56, 10, '2022-04-22 01:56:27', 0),
(1178, 870, 57, 10, '2022-04-22 01:56:27', 0),
(1179, 871, 60, 10, '2022-04-22 01:56:35', 0),
(1180, 871, 56, 10, '2022-04-22 01:56:35', 0),
(1181, 871, 57, 10, '2022-04-22 01:56:35', 0),
(1183, 873, 65, 392, '2022-04-22 14:05:39', 0),
(1184, 873, 60, 10, '2022-04-22 14:09:37', 0),
(1185, 873, 56, 10, '2022-04-22 14:09:37', 0),
(1186, 873, 57, 10, '2022-04-22 14:09:37', 0),
(1187, 874, 65, 393, '2022-04-23 07:15:53', 0),
(1188, 874, 60, 10, '2022-04-23 07:49:25', 0),
(1189, 874, 56, 10, '2022-04-23 07:49:25', 0),
(1190, 874, 57, 10, '2022-04-23 07:49:25', 0),
(2134, 1298, 48, 740, '2023-05-12 06:39:28', 0),
(1192, 876, 48, 394, '2022-04-25 08:50:14', 0),
(1193, 877, 65, 395, '2022-04-26 06:44:54', 0),
(1194, 877, 60, 10, '2022-04-26 06:55:30', 0),
(1195, 877, 56, 10, '2022-04-26 06:55:30', 0),
(1196, 877, 57, 10, '2022-04-26 06:55:30', 0),
(1199, 880, 65, 397, '2022-04-27 02:48:55', 0),
(1200, 880, 60, 10, '2022-04-27 02:53:22', 0),
(1201, 880, 56, 10, '2022-04-27 02:53:22', 0),
(1202, 880, 57, 10, '2022-04-27 02:53:22', 0),
(1203, 881, 65, 398, '2022-04-27 04:05:08', 0),
(2063, 1270, 56, 10, '2023-05-02 15:00:53', 0),
(1206, 881, 60, 10, '2022-04-27 04:24:20', 0),
(1207, 881, 56, 10, '2022-04-27 04:24:20', 0),
(1208, 881, 57, 10, '2022-04-27 04:24:20', 0),
(1209, 882, 48, 399, '2022-04-27 06:13:47', 0),
(1210, 883, 48, 401, '2022-04-29 21:35:02', 0),
(1213, 886, 65, 402, '2022-04-30 13:40:52', 0),
(1214, 886, 60, 10, '2022-04-30 13:47:57', 0),
(1215, 886, 56, 10, '2022-04-30 13:47:57', 0),
(1216, 886, 57, 10, '2022-04-30 13:47:57', 0),
(1218, 888, 65, 403, '2022-04-30 14:15:04', 0),
(1219, 888, 60, 10, '2022-04-30 14:23:49', 0),
(1220, 888, 56, 10, '2022-04-30 14:23:49', 0),
(1221, 888, 57, 10, '2022-04-30 14:23:49', 0),
(1222, 889, 48, 404, '2022-05-01 08:37:15', 0),
(1223, 890, 48, 400, '2022-05-02 16:34:13', 0),
(1224, 891, 65, 407, '2022-05-18 19:30:02', 0),
(1225, 891, 60, 10, '2022-05-18 21:11:48', 0),
(1226, 891, 56, 10, '2022-05-18 21:11:48', 0),
(1227, 891, 57, 10, '2022-05-18 21:11:48', 0),
(1228, 892, 65, 407, '2022-05-19 09:14:53', 0),
(1229, 892, 60, 10, '2022-05-19 09:20:03', 0),
(1230, 892, 56, 10, '2022-05-19 09:20:03', 0),
(1231, 892, 57, 10, '2022-05-19 09:20:03', 0),
(1232, 893, 48, 410, '2022-06-23 06:46:04', 0),
(1233, 894, 65, 385, '2022-06-24 02:20:55', 0),
(1234, 894, 60, 10, '2022-06-24 02:33:16', 0),
(1235, 894, 56, 10, '2022-06-24 02:33:16', 0),
(1236, 894, 57, 10, '2022-06-24 02:33:16', 0),
(1237, 895, 48, 364, '2022-06-27 03:47:04', 0),
(2319, 1344, 38, 6, '2023-06-05 04:23:46', 0),
(1239, 897, 36, 1, '2022-06-27 06:35:18', 0),
(1240, 897, 37, 6, '2022-06-27 06:44:56', 0),
(1241, 898, 36, 1, '2022-06-27 06:47:23', 0),
(1242, 898, 37, 6, '2022-06-27 07:08:28', 0),
(1243, 899, 36, 1, '2022-06-27 07:09:53', 0),
(1244, 900, 36, 1, '2022-06-27 07:18:56', 0),
(1245, 901, 36, 1, '2022-06-27 07:25:12', 0),
(1246, 902, 36, 1, '2022-06-27 07:34:50', 0),
(1247, 902, 37, 6, '2022-06-27 07:44:36', 0),
(1248, 903, 36, 1, '2022-06-27 07:45:35', 0),
(1249, 904, 36, 1, '2022-06-27 07:47:43', 0),
(1250, 905, 48, 415, '2022-06-27 07:58:57', 0),
(1251, 906, 36, 1, '2022-06-27 08:03:26', 0),
(1252, 906, 37, 6, '2022-06-27 08:20:44', 0);
INSERT INTO `stage_assignments` (`stage_assignment_id`, `submission_id`, `user_group_id`, `user_id`, `date_assigned`, `recommend_only`) VALUES
(1253, 907, 19, 9, '2022-06-28 03:19:54', 0),
(1254, 908, 19, 9, '2022-06-28 03:33:44', 0),
(1255, 909, 19, 9, '2022-06-28 03:52:24', 0),
(1256, 910, 36, 1, '2022-06-28 04:10:02', 0),
(1257, 911, 48, 417, '2022-06-28 04:38:39', 0),
(1258, 848, 37, 6, '2022-06-28 06:11:46', 0),
(1259, 864, 37, 6, '2022-06-28 06:14:14', 0),
(1260, 912, 19, 9, '2022-06-28 06:18:56', 0),
(1261, 889, 37, 6, '2022-06-28 06:19:27', 0),
(1262, 911, 37, 6, '2022-06-28 06:24:59', 0),
(1263, 905, 37, 6, '2022-06-28 06:26:18', 0),
(1264, 913, 19, 9, '2022-06-28 06:26:42', 0),
(2052, 1266, 48, 703, '2023-05-02 12:41:27', 0),
(1266, 914, 19, 9, '2022-06-28 06:40:40', 0),
(1267, 915, 36, 1, '2022-06-28 07:31:58', 0),
(1268, 915, 37, 6, '2022-06-28 07:41:12', 0),
(1269, 916, 48, 420, '2022-06-28 20:02:30', 0),
(2069, 1271, 37, 6, '2023-05-03 09:06:29', 0),
(1271, 918, 19, 9, '2022-06-29 01:45:30', 0),
(1272, 919, 19, 9, '2022-06-29 01:56:27', 0),
(1273, 920, 19, 9, '2022-06-29 02:15:43', 0),
(1274, 921, 19, 9, '2022-06-29 02:40:40', 0),
(1275, 922, 48, 422, '2022-06-29 02:43:55', 0),
(1277, 924, 48, 425, '2022-06-29 04:16:39', 0),
(1278, 925, 19, 9, '2022-06-29 07:25:23', 0),
(2079, 1275, 14, 719, '2023-05-05 05:50:51', 0),
(1280, 927, 48, 428, '2022-06-29 22:00:37', 0),
(2156, 1297, 37, 6, '2023-05-15 08:52:42', 0),
(1282, 895, 37, 6, '2022-06-30 02:02:40', 0),
(1283, 922, 37, 6, '2022-06-30 02:43:23', 0),
(1284, 929, 65, 426, '2022-06-30 03:57:54', 0),
(1285, 930, 48, 125, '2022-06-30 04:02:20', 0),
(1286, 929, 60, 10, '2022-06-30 04:33:02', 0),
(1287, 929, 56, 10, '2022-06-30 04:33:02', 0),
(1288, 929, 57, 10, '2022-06-30 04:33:02', 0),
(1289, 930, 37, 6, '2022-06-30 04:44:52', 0),
(1290, 931, 48, 430, '2022-06-30 04:59:38', 0),
(1291, 916, 37, 6, '2022-06-30 06:46:00', 0),
(1292, 931, 37, 6, '2022-06-30 07:46:14', 0),
(1293, 932, 19, 9, '2022-06-30 09:20:20', 0),
(1294, 933, 19, 9, '2022-06-30 12:44:08', 0),
(1295, 883, 37, 6, '2022-07-01 02:34:40', 0),
(1296, 890, 37, 6, '2022-07-01 02:35:23', 0),
(1297, 882, 37, 6, '2022-07-01 02:37:02', 0),
(1298, 876, 37, 6, '2022-07-01 02:37:53', 0),
(1299, 893, 37, 6, '2022-07-01 02:39:05', 0),
(1300, 927, 37, 6, '2022-07-01 02:41:13', 0),
(1301, 924, 37, 6, '2022-07-01 02:43:38', 0),
(1302, 934, 48, 433, '2022-07-01 09:13:05', 0),
(1308, 939, 60, 10, '2022-07-01 14:46:31', 0),
(1307, 939, 65, 431, '2022-07-01 14:36:12', 0),
(1309, 939, 56, 10, '2022-07-01 14:46:31', 0),
(1310, 939, 57, 10, '2022-07-01 14:46:31', 0),
(1311, 940, 48, 436, '2022-07-02 00:47:28', 0),
(2070, 1272, 48, 611, '2023-05-03 13:45:27', 0),
(1313, 942, 48, 437, '2022-07-02 03:20:28', 0),
(1314, 943, 48, 437, '2022-07-02 03:38:50', 0),
(1315, 944, 48, 438, '2022-07-02 09:58:26', 0),
(1316, 945, 48, 439, '2022-07-02 11:21:49', 0),
(1317, 946, 48, 439, '2022-07-02 11:53:22', 0),
(2451, 1408, 88, 840, '2023-06-23 07:45:49', 0),
(2317, 1363, 37, 6, '2023-06-05 01:54:30', 0),
(1320, 949, 65, 443, '2022-07-03 08:01:12', 0),
(1321, 949, 60, 10, '2022-07-03 08:13:35', 0),
(1322, 949, 56, 10, '2022-07-03 08:13:35', 0),
(1323, 949, 57, 10, '2022-07-03 08:13:35', 0),
(1324, 950, 65, 444, '2022-07-03 08:21:39', 0),
(1325, 950, 60, 10, '2022-07-03 08:29:21', 0),
(1326, 950, 56, 10, '2022-07-03 08:29:21', 0),
(1327, 950, 57, 10, '2022-07-03 08:29:21', 0),
(1328, 951, 65, 446, '2022-07-04 07:26:46', 0),
(1329, 951, 60, 10, '2022-07-04 07:43:53', 0),
(1330, 951, 56, 10, '2022-07-04 07:43:53', 0),
(1331, 951, 57, 10, '2022-07-04 07:43:53', 0),
(1332, 952, 65, 447, '2022-07-04 09:05:56', 0),
(1333, 952, 60, 10, '2022-07-04 09:24:51', 0),
(1334, 952, 56, 10, '2022-07-04 09:24:51', 0),
(1335, 952, 57, 10, '2022-07-04 09:24:51', 0),
(1336, 953, 65, 449, '2022-07-04 16:45:06', 0),
(1337, 953, 60, 10, '2022-07-04 16:51:40', 0),
(1338, 953, 56, 10, '2022-07-04 16:51:40', 0),
(1339, 953, 57, 10, '2022-07-04 16:51:40', 0),
(2077, 1272, 40, 93, '2023-05-05 03:00:52', 0),
(1341, 955, 48, 451, '2022-07-05 07:26:28', 0),
(1342, 956, 65, 452, '2022-07-05 11:49:10', 0),
(1343, 956, 60, 10, '2022-07-05 12:00:55', 0),
(1344, 956, 56, 10, '2022-07-05 12:00:55', 0),
(1345, 956, 57, 10, '2022-07-05 12:00:55', 0),
(1346, 957, 65, 453, '2022-07-05 14:10:13', 0),
(1347, 957, 60, 10, '2022-07-05 14:22:28', 0),
(1348, 957, 56, 10, '2022-07-05 14:22:28', 0),
(1349, 957, 57, 10, '2022-07-05 14:22:28', 0),
(1350, 958, 65, 454, '2022-07-06 05:35:53', 0),
(1351, 958, 60, 10, '2022-07-06 05:58:44', 0),
(1352, 958, 56, 10, '2022-07-06 05:58:44', 0),
(1353, 958, 57, 10, '2022-07-06 05:58:44', 0),
(1354, 959, 65, 457, '2022-07-06 17:42:14', 0),
(1355, 959, 60, 10, '2022-07-06 17:44:28', 0),
(1356, 959, 56, 10, '2022-07-06 17:44:28', 0),
(1357, 959, 57, 10, '2022-07-06 17:44:28', 0),
(2078, 1274, 40, 700, '2023-05-05 03:01:46', 0),
(1359, 961, 19, 9, '2022-07-08 07:41:47', 0),
(1360, 961, 20, 24, '2022-07-08 07:51:35', 0),
(1361, 962, 53, 10, '2022-07-08 09:32:29', 0),
(1362, 963, 48, 459, '2022-07-08 16:45:47', 0),
(1363, 964, 48, 250, '2022-07-09 04:45:52', 0),
(1364, 965, 65, 460, '2022-07-09 13:37:43', 0),
(1365, 965, 60, 10, '2022-07-09 13:44:22', 0),
(1366, 965, 56, 10, '2022-07-09 13:44:22', 0),
(1367, 965, 57, 10, '2022-07-09 13:44:22', 0),
(1368, 966, 14, 462, '2022-07-10 16:41:27', 0),
(1369, 967, 14, 463, '2022-07-10 17:04:52', 0),
(1370, 967, 5, 11, '2022-07-10 17:16:16', 0),
(1371, 967, 6, 11, '2022-07-10 17:16:16', 0),
(1372, 968, 14, 464, '2022-07-10 23:13:41', 0),
(1373, 968, 5, 11, '2022-07-10 23:18:05', 0),
(1374, 968, 6, 11, '2022-07-10 23:18:05', 0),
(1375, 969, 65, 466, '2022-07-12 04:17:35', 0),
(1376, 970, 14, 465, '2022-07-12 04:24:08', 0),
(1377, 970, 5, 11, '2022-07-12 04:25:56', 0),
(1378, 970, 6, 11, '2022-07-12 04:25:56', 0),
(1379, 971, 14, 467, '2022-07-12 05:07:01', 0),
(1380, 971, 5, 11, '2022-07-12 05:12:25', 0),
(1381, 971, 6, 11, '2022-07-12 05:12:25', 0),
(1382, 972, 48, 461, '2022-07-12 05:50:36', 0),
(1383, 969, 60, 10, '2022-07-12 08:01:08', 0),
(1384, 969, 56, 10, '2022-07-12 08:01:08', 0),
(1385, 969, 57, 10, '2022-07-12 08:01:08', 0),
(1386, 973, 14, 468, '2022-07-14 04:05:13', 0),
(1387, 964, 37, 6, '2022-07-17 03:18:24', 0),
(2054, 1267, 48, 704, '2023-05-02 13:52:36', 0),
(1389, 975, 65, 93, '2022-07-18 04:35:19', 0),
(1390, 975, 60, 10, '2022-07-18 04:47:02', 0),
(1391, 975, 56, 10, '2022-07-18 04:47:02', 0),
(1392, 975, 57, 10, '2022-07-18 04:47:02', 0),
(1393, 976, 19, 9, '2022-07-18 10:14:47', 0),
(1394, 977, 65, 470, '2022-07-18 17:36:54', 0),
(1395, 977, 60, 10, '2022-07-18 17:42:33', 0),
(1396, 977, 56, 10, '2022-07-18 17:42:33', 0),
(1397, 977, 57, 10, '2022-07-18 17:42:33', 0),
(1398, 978, 65, 471, '2022-07-18 17:45:17', 0),
(1399, 978, 60, 10, '2022-07-18 17:49:49', 0),
(1400, 978, 56, 10, '2022-07-18 17:49:49', 0),
(1401, 978, 57, 10, '2022-07-18 17:49:49', 0),
(1402, 979, 65, 472, '2022-07-18 17:52:33', 0),
(1403, 979, 60, 10, '2022-07-18 17:56:43', 0),
(1404, 979, 56, 10, '2022-07-18 17:56:43', 0),
(1405, 979, 57, 10, '2022-07-18 17:56:43', 0),
(1406, 980, 65, 473, '2022-07-18 18:00:57', 0),
(1407, 980, 60, 10, '2022-07-18 18:06:17', 0),
(1408, 980, 56, 10, '2022-07-18 18:06:17', 0),
(1409, 980, 57, 10, '2022-07-18 18:06:17', 0),
(1410, 981, 65, 474, '2022-07-18 18:08:56', 0),
(1411, 981, 60, 10, '2022-07-18 18:14:37', 0),
(1412, 981, 56, 10, '2022-07-18 18:14:37', 0),
(1413, 981, 57, 10, '2022-07-18 18:14:37', 0),
(1414, 982, 65, 475, '2022-07-18 18:16:52', 0),
(1415, 982, 60, 10, '2022-07-18 18:20:38', 0),
(1416, 982, 56, 10, '2022-07-18 18:20:38', 0),
(1417, 982, 57, 10, '2022-07-18 18:20:38', 0),
(1418, 983, 48, 476, '2022-07-19 07:49:22', 0),
(1419, 984, 48, 469, '2022-07-20 13:36:08', 0),
(1420, 985, 65, 143, '2022-07-22 15:48:24', 0),
(1421, 985, 60, 10, '2022-07-22 15:54:20', 0),
(1422, 985, 56, 10, '2022-07-22 15:54:20', 0),
(1423, 985, 57, 10, '2022-07-22 15:54:20', 0),
(1424, 986, 48, 441, '2022-07-24 23:54:09', 0),
(1425, 987, 65, 479, '2022-07-25 10:11:21', 0),
(1426, 987, 60, 10, '2022-07-25 10:13:03', 0),
(1427, 987, 56, 10, '2022-07-25 10:13:03', 0),
(1428, 987, 57, 10, '2022-07-25 10:13:03', 0),
(1837, 1172, 14, 211, '2023-01-03 04:28:44', 0),
(1430, 989, 65, 483, '2022-07-27 09:22:27', 0),
(1431, 989, 60, 10, '2022-07-27 09:25:31', 0),
(1432, 989, 56, 10, '2022-07-27 09:25:31', 0),
(1433, 989, 57, 10, '2022-07-27 09:25:31', 0),
(1435, 991, 65, 431, '2022-07-27 12:35:08', 0),
(1436, 991, 60, 10, '2022-07-27 13:00:51', 0),
(1437, 991, 56, 10, '2022-07-27 13:00:51', 0),
(1438, 991, 57, 10, '2022-07-27 13:00:51', 0),
(1439, 992, 48, 482, '2022-07-28 06:33:12', 0),
(1440, 993, 48, 488, '2022-07-30 15:36:07', 0),
(1441, 994, 48, 492, '2022-08-03 06:43:32', 0),
(1442, 995, 19, 9, '2022-08-04 09:28:05', 0),
(1443, 996, 48, 469, '2022-08-06 14:07:51', 0),
(1444, 997, 48, 495, '2022-08-08 08:20:36', 0),
(1456, 973, 5, 11, '2022-08-15 02:45:42', 0),
(1446, 999, 48, 496, '2022-08-10 14:22:20', 0),
(1447, 1000, 65, 499, '2022-08-11 15:10:32', 0),
(1448, 1000, 60, 10, '2022-08-11 15:40:35', 0),
(1449, 1000, 56, 10, '2022-08-11 15:40:35', 0),
(1450, 1000, 57, 10, '2022-08-11 15:40:35', 0),
(1451, 1001, 14, 500, '2022-08-13 00:03:20', 0),
(1452, 1001, 5, 11, '2022-08-13 03:17:19', 0),
(1453, 1001, 6, 11, '2022-08-13 03:17:19', 0),
(1455, 1003, 48, 496, '2022-08-13 09:20:09', 0),
(1457, 973, 6, 11, '2022-08-15 02:45:42', 0),
(1458, 1004, 31, 502, '2022-08-15 04:08:34', 0),
(1459, 1005, 48, 503, '2022-08-16 10:28:14', 0),
(2048, 1264, 48, 694, '2023-04-28 06:49:03', 0),
(1461, 1007, 31, 506, '2022-08-20 10:10:50', 0),
(1465, 1011, 48, 508, '2022-08-25 06:07:29', 0),
(1463, 1009, 48, 507, '2022-08-23 17:29:59', 0),
(1464, 1010, 48, 504, '2022-08-24 02:48:52', 0),
(1466, 1012, 2, 1, '2022-08-26 07:55:56', 0),
(1467, 1013, 53, 10, '2022-08-26 17:31:44', 0),
(1468, 1014, 53, 10, '2022-08-26 17:42:48', 0),
(1469, 1015, 53, 10, '2022-08-26 17:52:51', 0),
(1470, 1016, 53, 10, '2022-08-26 17:58:20', 0),
(1471, 1017, 53, 10, '2022-08-26 18:09:26', 0),
(1472, 1018, 53, 10, '2022-08-26 18:18:12', 0),
(1473, 1019, 53, 10, '2022-08-26 18:22:43', 0),
(1474, 1020, 48, 510, '2022-08-26 18:27:11', 0),
(1475, 1021, 53, 10, '2022-08-29 07:59:15', 0),
(1476, 1010, 37, 6, '2022-08-30 06:19:59', 0),
(2073, 1274, 48, 708, '2023-05-04 06:00:21', 0),
(1478, 866, 37, 6, '2022-09-05 05:07:32', 0),
(1479, 1020, 37, 6, '2022-09-05 05:10:00', 0),
(1480, 1011, 37, 6, '2022-09-05 05:54:10', 0),
(1481, 934, 37, 6, '2022-09-05 05:58:53', 0),
(1482, 1005, 37, 6, '2022-09-05 06:33:40', 0),
(1483, 1003, 37, 6, '2022-09-05 06:35:42', 0),
(1484, 999, 37, 6, '2022-09-05 06:47:52', 0),
(1485, 997, 37, 6, '2022-09-05 06:57:18', 0),
(1486, 996, 37, 6, '2022-09-05 07:26:22', 0),
(1487, 984, 37, 6, '2022-09-05 07:35:09', 0),
(2068, 1267, 37, 6, '2023-05-03 08:31:29', 0),
(1489, 940, 37, 6, '2022-09-05 08:03:20', 0),
(1490, 994, 37, 6, '2022-09-05 08:05:55', 0),
(1491, 993, 37, 6, '2022-09-05 08:35:47', 0),
(1492, 992, 37, 6, '2022-09-05 08:40:18', 0),
(1493, 1023, 31, 521, '2022-09-05 14:54:28', 0),
(1494, 839, 5, 96, '2022-09-06 04:16:20', 1),
(1495, 851, 5, 57, '2022-09-06 04:18:11', 1),
(1496, 967, 5, 59, '2022-09-06 04:20:27', 1),
(1497, 970, 5, 61, '2022-09-06 04:21:56', 1),
(1498, 973, 5, 57, '2022-09-08 13:45:12', 0),
(1499, 1001, 5, 98, '2022-09-08 13:46:16', 0),
(1500, 971, 5, 96, '2022-09-08 13:47:16', 0),
(1501, 1024, 48, 523, '2022-09-08 16:00:46', 0),
(1502, 1025, 31, 524, '2022-09-09 04:18:28', 0),
(1507, 955, 37, 6, '2022-09-12 01:55:59', 0),
(1504, 1027, 14, 515, '2022-09-10 04:43:55', 0),
(1505, 1027, 5, 11, '2022-09-10 04:54:45', 0),
(1506, 1027, 6, 11, '2022-09-10 04:54:45', 0),
(1508, 1024, 37, 6, '2022-09-12 02:10:45', 0),
(1509, 1009, 37, 6, '2022-09-12 02:55:25', 0),
(1510, 986, 37, 6, '2022-09-12 02:58:33', 0),
(1511, 983, 37, 6, '2022-09-12 03:12:31', 0),
(2067, 1266, 37, 6, '2023-05-03 07:32:41', 0),
(1513, 1028, 48, 513, '2022-09-12 06:18:55', 0),
(1514, 972, 37, 6, '2022-09-13 02:42:26', 0),
(1515, 1028, 37, 6, '2022-09-13 02:44:50', 0),
(1516, 1029, 48, 529, '2022-09-14 00:23:09', 0),
(2080, 1275, 5, 11, '2023-05-05 05:58:28', 0),
(2427, 716, 20, 9, '2023-06-23 02:26:23', 0),
(1519, 1029, 37, 6, '2022-09-14 03:40:24', 0),
(1521, 1031, 31, 524, '2022-09-14 05:06:58', 0),
(1522, 1032, 14, 531, '2022-09-14 09:50:34', 0),
(1523, 1032, 5, 11, '2022-09-14 09:55:36', 0),
(1524, 1032, 6, 11, '2022-09-14 09:55:36', 0),
(1525, 819, 37, 6, '2022-09-15 02:59:06', 0),
(1527, 963, 37, 6, '2022-09-15 05:27:11', 0),
(1528, 944, 37, 6, '2022-09-15 05:30:12', 0),
(1531, 945, 37, 6, '2022-09-15 05:34:40', 0),
(1530, 946, 37, 6, '2022-09-15 05:30:52', 0),
(1532, 943, 37, 6, '2022-09-15 05:36:13', 0),
(1533, 942, 37, 6, '2022-09-15 05:37:09', 0),
(2061, 1270, 65, 699, '2023-05-02 14:55:41', 0),
(1535, 1034, 48, 527, '2022-09-16 04:03:00', 0),
(1536, 1034, 37, 6, '2022-09-16 06:46:09', 0),
(1537, 1027, 5, 59, '2022-09-19 00:34:43', 0),
(1538, 1032, 5, 61, '2022-09-19 00:37:23', 0),
(1539, 1035, 14, 500, '2022-09-20 01:52:19', 0),
(1540, 1035, 5, 11, '2022-09-20 01:56:45', 0),
(1541, 1035, 6, 11, '2022-09-20 01:56:45', 0),
(1542, 1036, 31, 522, '2022-09-20 03:10:11', 0),
(1543, 1037, 48, 536, '2022-09-20 08:47:15', 0),
(1544, 1037, 37, 6, '2022-09-21 01:59:59', 0),
(1545, 1038, 14, 335, '2022-09-21 02:22:23', 0),
(1546, 1038, 5, 11, '2022-09-21 02:35:56', 0),
(1547, 1038, 6, 11, '2022-09-21 02:35:56', 0),
(1548, 1039, 65, 538, '2022-09-21 07:49:38', 0),
(1549, 1039, 60, 10, '2022-09-21 07:51:42', 0),
(1550, 1039, 56, 10, '2022-09-21 07:51:42', 0),
(1551, 1039, 57, 10, '2022-09-21 07:51:42', 0),
(1552, 1040, 65, 539, '2022-09-21 13:10:30', 0),
(1553, 1040, 60, 10, '2022-09-21 13:18:15', 0),
(1554, 1040, 56, 10, '2022-09-21 13:18:15', 0),
(1555, 1040, 57, 10, '2022-09-21 13:18:15', 0),
(1556, 1041, 14, 468, '2022-09-22 08:39:58', 0),
(1557, 1041, 5, 11, '2022-09-22 09:50:14', 0),
(1558, 1041, 6, 11, '2022-09-22 09:50:14', 0),
(1559, 1042, 48, 540, '2022-09-23 05:07:41', 0),
(1560, 1043, 31, 541, '2022-09-26 07:11:50', 0),
(1561, 1042, 37, 6, '2022-09-26 08:28:30', 0),
(1562, 1044, 65, 543, '2022-09-26 23:41:31', 0),
(1563, 1044, 60, 10, '2022-09-26 23:46:55', 0),
(1564, 1044, 56, 10, '2022-09-26 23:46:55', 0),
(1565, 1044, 57, 10, '2022-09-26 23:46:55', 0),
(1566, 1045, 82, 17, '2022-09-27 17:20:33', 0),
(1567, 1046, 65, 544, '2022-10-01 14:29:20', 0),
(1568, 1046, 60, 10, '2022-10-01 14:38:39', 0),
(1569, 1046, 56, 10, '2022-10-01 14:38:39', 0),
(1570, 1046, 57, 10, '2022-10-01 14:38:39', 0),
(1571, 1047, 48, 545, '2022-10-02 11:17:12', 0),
(1572, 1048, 48, 546, '2022-10-02 14:35:38', 0),
(1573, 1038, 5, 96, '2022-10-02 23:33:52', 0),
(1574, 1049, 82, 18, '2022-10-03 01:00:52', 0),
(1575, 1050, 82, 93, '2022-10-05 10:06:04', 0),
(1576, 1048, 37, 6, '2022-10-06 02:15:56', 0),
(1577, 1051, 31, 548, '2022-10-06 07:15:07', 0),
(1578, 1047, 37, 6, '2022-10-07 06:25:42', 0),
(1579, 1052, 48, 550, '2022-10-08 07:10:26', 0),
(1580, 1053, 48, 510, '2022-10-08 09:36:38', 0),
(1581, 1053, 37, 6, '2022-10-10 06:27:29', 0),
(1582, 1052, 37, 6, '2022-10-10 07:02:02', 0),
(1583, 1043, 20, 24, '2022-10-10 08:29:08', 0),
(1584, 1054, 48, 553, '2022-10-10 10:54:49', 0),
(1585, 1055, 48, 18, '2022-10-11 01:42:18', 0),
(1586, 1054, 37, 6, '2022-10-11 01:42:56', 0),
(1625, 1071, 48, 571, '2022-10-25 04:56:03', 0),
(1588, 1055, 37, 6, '2022-10-11 01:56:28', 0),
(1589, 1056, 48, 555, '2022-10-12 13:44:52', 0),
(1600, 1056, 37, 6, '2022-10-19 02:12:51', 0),
(1591, 1057, 65, 557, '2022-10-15 19:01:26', 0),
(1593, 1059, 48, 551, '2022-10-17 16:07:37', 0),
(1601, 1059, 37, 6, '2022-10-19 02:43:47', 0),
(1596, 1061, 48, 558, '2022-10-17 18:29:53', 0),
(1602, 1061, 37, 6, '2022-10-19 02:46:43', 0),
(1598, 1062, 48, 559, '2022-10-18 05:26:21', 0),
(1604, 1063, 48, 560, '2022-10-19 02:51:37', 0),
(1603, 1062, 37, 6, '2022-10-19 02:49:50', 0),
(1606, 1063, 37, 6, '2022-10-19 02:57:42', 0),
(1620, 1065, 37, 6, '2022-10-24 03:35:24', 0),
(1609, 1065, 48, 378, '2022-10-19 06:57:06', 0),
(2128, 1283, 40, 701, '2023-05-11 07:19:34', 0),
(2106, 1284, 31, 186, '2023-05-08 08:49:35', 0),
(1614, 1068, 48, 562, '2022-10-22 08:30:58', 0),
(1621, 1068, 37, 6, '2022-10-24 03:36:46', 0),
(1616, 1069, 48, 17, '2022-10-23 08:39:51', 0),
(1622, 1069, 37, 6, '2022-10-24 03:37:37', 0),
(1618, 1070, 48, 561, '2022-10-24 01:10:12', 0),
(1623, 1070, 37, 6, '2022-10-24 03:39:04', 0),
(1624, 816, 37, 6, '2022-10-25 02:25:09', 0),
(1634, 1071, 37, 6, '2022-10-27 08:58:40', 0),
(1627, 1072, 31, 26, '2022-10-26 03:03:12', 0),
(1628, 1073, 48, 572, '2022-10-26 13:43:41', 0),
(1632, 1073, 37, 6, '2022-10-27 03:55:39', 0),
(1630, 1074, 48, 93, '2022-10-26 14:00:39', 0),
(1635, 1074, 37, 6, '2022-10-27 08:59:17', 0),
(1633, 1075, 31, 574, '2022-10-27 08:18:58', 0),
(1636, 1076, 48, 523, '2022-10-27 10:10:39', 0),
(1639, 1076, 37, 6, '2022-10-27 11:57:59', 0),
(1638, 1077, 14, 554, '2022-10-27 11:55:48', 0),
(1640, 1077, 5, 11, '2022-10-27 12:00:19', 0),
(1641, 1077, 6, 11, '2022-10-27 12:00:19', 0),
(1642, 1078, 31, 241, '2022-10-28 23:21:07', 0),
(2074, 1270, 54, 643, '2023-05-04 06:32:30', 0),
(1644, 1080, 48, 577, '2022-10-29 04:56:46', 0),
(1646, 1080, 37, 6, '2022-10-29 05:24:17', 0),
(1648, 1082, 48, 573, '2022-10-30 13:36:46', 0),
(1652, 1082, 37, 6, '2022-10-31 04:34:22', 0),
(1650, 1083, 48, 579, '2022-10-30 18:53:37', 0),
(1653, 1083, 37, 6, '2022-10-31 05:20:21', 0),
(1654, 1084, 48, 582, '2022-10-31 07:51:01', 0),
(1656, 1084, 37, 6, '2022-10-31 10:09:43', 0),
(1663, 1089, 48, 585, '2022-11-01 09:20:07', 0),
(1658, 1086, 48, 584, '2022-11-01 01:03:54', 0),
(1659, 1087, 48, 576, '2022-11-01 01:24:12', 0),
(1667, 1087, 37, 6, '2022-11-02 05:17:51', 0),
(1665, 1086, 37, 6, '2022-11-02 05:16:58', 0),
(1666, 1089, 37, 6, '2022-11-02 05:17:28', 0),
(1668, 1090, 65, 587, '2022-11-03 07:50:36', 0),
(1669, 1091, 65, 588, '2022-11-03 08:37:17', 0),
(1670, 1091, 60, 10, '2022-11-03 08:40:51', 0),
(1671, 1091, 56, 10, '2022-11-03 08:40:51', 0),
(1672, 1091, 57, 10, '2022-11-03 08:40:51', 0),
(1673, 1092, 31, 202, '2022-11-07 17:35:45', 0),
(1674, 1093, 31, 109, '2022-11-09 08:26:42', 0),
(1675, 1090, 60, 10, '2022-11-10 02:35:00', 0),
(1676, 1090, 56, 10, '2022-11-10 02:35:00', 0),
(1677, 1090, 57, 10, '2022-11-10 02:35:00', 0),
(1678, 1094, 31, 506, '2022-11-10 04:36:36', 0),
(2137, 1291, 37, 6, '2023-05-12 08:34:34', 0),
(1680, 1096, 31, 594, '2022-11-15 04:18:42', 0),
(1681, 1092, 20, 24, '2022-11-16 03:33:47', 0),
(1682, 1097, 19, 9, '2022-11-16 03:34:06', 0),
(1683, 1098, 31, 522, '2022-11-16 09:14:29', 0),
(1684, 1099, 48, 599, '2022-11-21 08:18:54', 0),
(1690, 1099, 37, 6, '2022-11-22 02:52:17', 0),
(1686, 1100, 31, 599, '2022-11-21 08:42:17', 0),
(1687, 1101, 31, 599, '2022-11-21 09:37:20', 0),
(1688, 1102, 48, 600, '2022-11-21 15:31:38', 0),
(1691, 1102, 37, 6, '2022-11-22 02:56:50', 0),
(1693, 1104, 31, 186, '2022-11-23 16:07:02', 0),
(1694, 1105, 31, 601, '2022-11-23 16:28:48', 0),
(1699, 1110, 65, 603, '2022-11-26 16:36:25', 0),
(1700, 1110, 60, 10, '2022-11-26 17:02:41', 0),
(1701, 1110, 56, 10, '2022-11-26 17:02:41', 0),
(1702, 1110, 57, 10, '2022-11-26 17:02:41', 0),
(1703, 1111, 65, 605, '2022-11-30 03:01:12', 0),
(1704, 1111, 60, 10, '2022-11-30 03:27:27', 0),
(1705, 1111, 56, 10, '2022-11-30 03:27:27', 0),
(1706, 1111, 57, 10, '2022-11-30 03:27:27', 0),
(2124, 1293, 48, 567, '2023-05-10 11:30:27', 0),
(2435, 1401, 88, 840, '2023-06-23 05:02:05', 0),
(2131, 1297, 48, 738, '2023-05-11 14:50:19', 0),
(2450, 1408, 99, 850, '2023-06-23 07:40:41', 0),
(1717, 1120, 31, 608, '2022-12-03 03:17:21', 0),
(2320, 1365, 65, 770, '2023-06-06 01:38:57', 0),
(1720, 1050, 71, 610, '2022-12-05 06:36:51', 0),
(1721, 1045, 71, 610, '2022-12-05 06:49:18', 0),
(1722, 1049, 71, 610, '2022-12-05 07:50:44', 0),
(1723, 1123, 71, 610, '2022-12-05 08:09:09', 0),
(2123, 1292, 31, 735, '2023-05-10 09:29:05', 0),
(1728, 1126, 65, 612, '2022-12-07 08:06:02', 0),
(2121, 1291, 48, 17, '2023-05-10 09:10:37', 0),
(1727, 1125, 31, 109, '2022-12-06 05:41:55', 0),
(1729, 1126, 60, 10, '2022-12-07 08:56:11', 0),
(1730, 1126, 56, 10, '2022-12-07 08:56:11', 0),
(1731, 1126, 57, 10, '2022-12-07 08:56:11', 0),
(2133, 1289, 40, 93, '2023-05-12 06:33:08', 0),
(2152, 1293, 40, 93, '2023-05-15 03:30:00', 0),
(2113, 1287, 60, 10, '2023-05-10 06:31:04', 0),
(2114, 1287, 56, 10, '2023-05-10 06:31:04', 0),
(1736, 670, 20, 24, '2022-12-08 03:20:38', 0),
(1737, 1129, 31, 613, '2022-12-08 05:05:32', 0),
(1738, 1130, 31, 614, '2022-12-08 09:41:48', 0),
(1739, 1130, 20, 28, '2022-12-09 03:21:04', 0),
(2092, 1279, 56, 10, '2023-05-06 05:35:04', 0),
(2115, 1287, 57, 10, '2023-05-10 06:31:04', 0),
(2116, 1288, 48, 732, '2023-05-10 06:36:52', 0),
(1744, 1129, 20, 24, '2022-12-09 07:40:26', 0),
(2111, 1286, 57, 10, '2023-05-09 06:57:52', 0),
(2112, 1287, 65, 734, '2023-05-10 06:21:50', 0),
(2109, 1286, 60, 10, '2023-05-09 06:57:52', 0),
(2110, 1286, 56, 10, '2023-05-09 06:57:52', 0),
(1749, 1136, 65, 618, '2022-12-13 02:33:02', 0),
(1750, 1136, 60, 10, '2022-12-13 02:40:27', 0),
(1751, 1136, 56, 10, '2022-12-13 02:40:27', 0),
(1752, 1136, 57, 10, '2022-12-13 02:40:27', 0),
(1753, 1137, 14, 619, '2022-12-13 03:53:34', 0),
(1754, 1137, 5, 11, '2022-12-13 04:07:48', 0),
(1755, 1137, 6, 11, '2022-12-13 04:07:48', 0),
(1756, 1138, 48, 620, '2022-12-15 02:49:14', 0),
(1773, 1138, 37, 6, '2022-12-17 03:06:58', 0),
(1758, 1139, 65, 621, '2022-12-15 05:38:27', 0),
(1759, 1139, 60, 10, '2022-12-15 05:52:05', 0),
(1760, 1139, 56, 10, '2022-12-15 05:52:05', 0),
(1761, 1139, 57, 10, '2022-12-15 05:52:05', 0),
(1762, 1140, 31, 620, '2022-12-15 09:44:27', 0),
(1763, 1141, 65, 622, '2022-12-15 16:19:11', 0),
(1764, 1141, 60, 10, '2022-12-15 16:34:57', 0),
(1765, 1141, 56, 10, '2022-12-15 16:34:57', 0),
(1766, 1141, 57, 10, '2022-12-15 16:34:57', 0),
(1767, 1142, 31, 623, '2022-12-15 16:35:07', 0),
(1768, 1143, 65, 485, '2022-12-16 15:38:02', 0),
(1769, 1144, 65, 485, '2022-12-16 15:40:24', 0),
(1770, 1144, 60, 10, '2022-12-16 15:42:26', 0),
(1771, 1144, 56, 10, '2022-12-16 15:42:26', 0),
(1772, 1144, 57, 10, '2022-12-16 15:42:26', 0),
(1775, 1146, 14, 624, '2022-12-20 17:16:56', 0),
(1776, 1146, 5, 11, '2022-12-20 17:24:51', 0),
(1777, 1146, 6, 11, '2022-12-20 17:24:51', 0),
(1778, 1072, 20, 24, '2022-12-23 03:00:42', 0),
(2153, 1288, 37, 6, '2023-05-15 07:00:12', 0),
(2118, 1289, 48, 709, '2023-05-10 07:42:15', 0),
(2108, 1286, 65, 730, '2023-05-09 06:53:44', 0),
(2322, 1365, 57, 10, '2023-06-06 01:50:22', 0),
(1783, 1149, 48, 626, '2022-12-23 05:40:51', 0),
(2013, 1149, 37, 6, '2023-03-31 06:03:05', 0),
(1785, 1150, 82, 628, '2022-12-23 12:20:18', 0),
(1786, 1151, 48, 627, '2022-12-25 12:14:24', 0),
(2012, 1151, 37, 6, '2023-03-31 05:20:32', 0),
(1788, 1152, 48, 629, '2022-12-26 03:36:04', 0),
(2011, 1152, 37, 6, '2023-03-31 04:57:09', 0),
(1790, 1153, 65, 630, '2022-12-26 04:58:12', 0),
(1791, 1153, 60, 10, '2022-12-26 05:06:15', 0),
(1792, 1153, 56, 10, '2022-12-26 05:06:15', 0),
(1793, 1153, 57, 10, '2022-12-26 05:06:15', 0),
(1794, 1150, 71, 610, '2022-12-26 07:16:03', 0),
(1795, 1096, 20, 28, '2022-12-27 09:50:20', 0),
(1796, 1036, 20, 71, '2022-12-27 11:07:43', 0),
(1797, 1078, 20, 71, '2022-12-27 11:55:08', 0),
(1798, 1094, 20, 24, '2022-12-27 12:57:56', 0),
(1799, 1031, 20, 71, '2022-12-27 13:14:06', 0),
(1800, 1101, 20, 71, '2022-12-28 03:00:17', 0),
(1801, 1154, 82, 631, '2022-12-28 06:28:02', 0),
(1802, 1155, 31, 242, '2022-12-28 07:36:28', 0),
(1803, 1154, 71, 610, '2022-12-28 07:46:19', 0),
(1804, 1051, 20, 71, '2022-12-28 07:55:36', 0),
(1805, 1155, 20, 71, '2022-12-28 08:22:02', 0),
(1806, 1125, 20, 71, '2022-12-28 08:40:27', 0),
(1807, 1156, 48, 50, '2022-12-30 03:53:31', 0),
(1845, 1156, 37, 6, '2023-01-04 00:42:13', 0),
(1811, 1159, 48, 633, '2022-12-30 04:43:29', 0),
(2093, 1279, 57, 10, '2023-05-06 05:35:04', 0),
(2010, 1159, 37, 6, '2023-03-31 04:55:01', 0),
(1834, 1171, 14, 636, '2023-01-02 09:28:29', 0),
(1833, 1170, 71, 610, '2023-01-02 03:14:34', 0),
(1832, 1170, 82, 502, '2023-01-02 03:13:49', 0),
(1816, 1093, 20, 71, '2022-12-30 16:08:07', 0),
(1817, 801, 20, 71, '2022-12-30 16:37:37', 0),
(1818, 1163, 65, 634, '2022-12-31 06:26:07', 0),
(1819, 1163, 60, 10, '2022-12-31 06:34:58', 0),
(1820, 1163, 56, 10, '2022-12-31 06:34:58', 0),
(1821, 1163, 57, 10, '2022-12-31 06:34:58', 0),
(2448, 1407, 99, 847, '2023-06-23 07:29:35', 0),
(2434, 1401, 99, 844, '2023-06-23 04:56:20', 0),
(1825, 1166, 65, 502, '2023-01-02 00:44:25', 0),
(1826, 1166, 60, 10, '2023-01-02 00:50:54', 0),
(1827, 1166, 56, 10, '2023-01-02 00:50:54', 0),
(1828, 1166, 57, 10, '2023-01-02 00:50:54', 0),
(1835, 1171, 5, 11, '2023-01-02 09:32:03', 0),
(1836, 1171, 6, 11, '2023-01-02 09:32:03', 0),
(1838, 1172, 5, 11, '2023-01-03 04:31:57', 0),
(1839, 1172, 6, 11, '2023-01-03 04:31:57', 0),
(1840, 1173, 65, 637, '2023-01-03 06:59:35', 0),
(1841, 1173, 60, 10, '2023-01-03 07:10:33', 0),
(1842, 1173, 56, 10, '2023-01-03 07:10:33', 0),
(1843, 1173, 57, 10, '2023-01-03 07:10:33', 0),
(1844, 1174, 48, 638, '2023-01-03 09:45:30', 0),
(2397, 1383, 37, 6, '2023-06-21 01:44:22', 0),
(2447, 1406, 99, 847, '2023-06-23 07:25:06', 0),
(2000, 1174, 37, 6, '2023-03-29 04:18:31', 0),
(1866, 1189, 14, 636, '2023-01-10 02:29:17', 0),
(1867, 1189, 5, 11, '2023-01-10 02:38:19', 0),
(1851, 1177, 65, 643, '2023-01-05 10:22:43', 0),
(1852, 1178, 14, 642, '2023-01-05 15:58:27', 0),
(1854, 1180, 31, 642, '2023-01-05 17:12:42', 0),
(1855, 1181, 4, 533, '2023-01-06 07:01:03', 0),
(1858, 1183, 31, 646, '2023-01-08 18:44:02', 0),
(1859, 1184, 31, 646, '2023-01-08 19:04:39', 0),
(1860, 1185, 31, 646, '2023-01-08 19:12:48', 0),
(1861, 1186, 31, 646, '2023-01-08 19:16:15', 0),
(1910, 1209, 14, 60, '2023-01-25 02:33:23', 0),
(1912, 1209, 6, 11, '2023-01-25 02:36:36', 0),
(1911, 1209, 5, 11, '2023-01-25 02:36:36', 0),
(1868, 1189, 6, 11, '2023-01-10 02:38:19', 0),
(2301, 1360, 57, 10, '2023-05-31 09:56:48', 0),
(2300, 1360, 56, 10, '2023-05-31 09:56:48', 0),
(1871, 1192, 4, 533, '2023-01-10 03:14:17', 0),
(2299, 1360, 65, 799, '2023-05-31 09:48:04', 0),
(2298, 1356, 57, 10, '2023-05-31 09:27:28', 0),
(2372, 1362, 72, 631, '2023-06-15 09:08:47', 0),
(1875, 1196, 65, 645, '2023-01-11 01:47:45', 0),
(1876, 1196, 60, 10, '2023-01-11 01:49:33', 0),
(1877, 1196, 56, 10, '2023-01-11 01:49:33', 0),
(1878, 1196, 57, 10, '2023-01-11 01:49:33', 0),
(1880, 1197, 5, 11, '2023-01-11 14:47:46', 0),
(1881, 1197, 6, 11, '2023-01-11 14:47:46', 0),
(1882, 1198, 65, 650, '2023-01-12 21:20:43', 0),
(1883, 1198, 60, 10, '2023-01-12 21:25:27', 0),
(1884, 1198, 56, 10, '2023-01-12 21:25:27', 0),
(1885, 1198, 57, 10, '2023-01-12 21:25:27', 0),
(1886, 1199, 65, 651, '2023-01-13 09:00:51', 0),
(1887, 1199, 60, 10, '2023-01-13 09:04:45', 0),
(1888, 1199, 56, 10, '2023-01-13 09:04:45', 0),
(1889, 1199, 57, 10, '2023-01-13 09:04:45', 0),
(1890, 1200, 65, 652, '2023-01-13 09:39:21', 0),
(1891, 1200, 60, 10, '2023-01-13 09:42:46', 0),
(1892, 1200, 56, 10, '2023-01-13 09:42:46', 0),
(1893, 1200, 57, 10, '2023-01-13 09:42:46', 0),
(1894, 1201, 65, 653, '2023-01-14 18:53:21', 0),
(1895, 1201, 60, 10, '2023-01-14 18:55:29', 0),
(1896, 1201, 56, 10, '2023-01-14 18:55:29', 0),
(1897, 1201, 57, 10, '2023-01-14 18:55:29', 0),
(1898, 1202, 65, 654, '2023-01-15 16:11:41', 0),
(1899, 1202, 60, 10, '2023-01-15 16:19:04', 0),
(1900, 1202, 56, 10, '2023-01-15 16:19:04', 0),
(1901, 1202, 57, 10, '2023-01-15 16:19:04', 0),
(1902, 1203, 14, 657, '2023-01-17 16:58:20', 0),
(1903, 1204, 14, 657, '2023-01-17 17:12:11', 0),
(1904, 1204, 5, 11, '2023-01-17 17:17:00', 0),
(1905, 1204, 6, 11, '2023-01-17 17:17:00', 0),
(2294, 1358, 82, 814, '2023-05-31 08:26:06', 0),
(1907, 1206, 4, 533, '2023-01-18 03:11:14', 0),
(1908, 1207, 4, 533, '2023-01-18 08:20:36', 0),
(2297, 1356, 56, 10, '2023-05-31 09:27:28', 0),
(1913, 1210, 65, 385, '2023-01-25 09:46:02', 0),
(1914, 1210, 60, 10, '2023-01-25 09:53:25', 0),
(1915, 1210, 56, 10, '2023-01-25 09:53:25', 0),
(1916, 1210, 57, 10, '2023-01-25 09:53:25', 0),
(2094, 1280, 65, 711, '2023-05-06 07:34:15', 0),
(1918, 1212, 31, 556, '2023-01-31 04:06:05', 0),
(1919, 1213, 31, 556, '2023-01-31 11:15:17', 0),
(1920, 1214, 14, 655, '2023-01-31 15:45:51', 0),
(1921, 1214, 5, 11, '2023-01-31 15:51:38', 0),
(1922, 1214, 6, 11, '2023-01-31 15:51:38', 0),
(1923, 1215, 65, 660, '2023-02-03 09:25:17', 0),
(1924, 1215, 60, 10, '2023-02-03 09:30:07', 0),
(1925, 1215, 56, 10, '2023-02-03 09:30:07', 0),
(1926, 1215, 57, 10, '2023-02-03 09:30:07', 0),
(1927, 1216, 65, 660, '2023-02-03 09:33:20', 0),
(1928, 1216, 60, 10, '2023-02-03 09:38:28', 0),
(1929, 1216, 56, 10, '2023-02-03 09:38:28', 0),
(1930, 1216, 57, 10, '2023-02-03 09:38:28', 0),
(1931, 1217, 65, 660, '2023-02-03 09:44:44', 0),
(1932, 1217, 60, 10, '2023-02-03 09:47:24', 0),
(1933, 1217, 56, 10, '2023-02-03 09:47:24', 0),
(1934, 1217, 57, 10, '2023-02-03 09:47:24', 0),
(1935, 1218, 65, 660, '2023-02-03 11:02:12', 0),
(1936, 1218, 60, 10, '2023-02-03 11:04:46', 0),
(1937, 1218, 56, 10, '2023-02-03 11:04:46', 0),
(1938, 1218, 57, 10, '2023-02-03 11:04:46', 0),
(1939, 1219, 65, 661, '2023-02-03 11:15:29', 0),
(1940, 1219, 60, 10, '2023-02-03 11:22:11', 0),
(1941, 1219, 56, 10, '2023-02-03 11:22:11', 0),
(1942, 1219, 57, 10, '2023-02-03 11:22:11', 0),
(1943, 1220, 65, 661, '2023-02-04 01:25:23', 0),
(1944, 1220, 60, 10, '2023-02-04 01:29:13', 0),
(1945, 1220, 56, 10, '2023-02-04 01:29:13', 0),
(1946, 1220, 57, 10, '2023-02-04 01:29:13', 0),
(2095, 1280, 60, 10, '2023-05-06 07:37:58', 0),
(1950, 1224, 14, 663, '2023-02-16 18:13:36', 0),
(1951, 1224, 5, 11, '2023-02-16 18:14:45', 0),
(1952, 1224, 6, 11, '2023-02-16 18:14:45', 0),
(1953, 1225, 14, 664, '2023-02-17 02:29:30', 0),
(1954, 1225, 5, 11, '2023-02-17 02:37:01', 0),
(1955, 1225, 6, 11, '2023-02-17 02:37:01', 0),
(1956, 1226, 31, 666, '2023-02-19 13:20:37', 0),
(1957, 1227, 65, 667, '2023-02-21 04:03:54', 0),
(1958, 1227, 60, 10, '2023-02-21 04:22:02', 0),
(1959, 1227, 56, 10, '2023-02-21 04:22:02', 0),
(1960, 1227, 57, 10, '2023-02-21 04:22:02', 0),
(1961, 1227, 54, 113, '2023-02-21 06:07:40', 0),
(1962, 1228, 65, 668, '2023-02-21 13:22:23', 0),
(1963, 1228, 60, 10, '2023-02-21 13:25:38', 0),
(1964, 1228, 56, 10, '2023-02-21 13:25:38', 0),
(1965, 1228, 57, 10, '2023-02-21 13:25:38', 0),
(2442, 1398, 75, 631, '2023-06-23 07:06:36', 0),
(2409, 1392, 48, 849, '2023-06-21 13:19:45', 0),
(1969, 1231, 48, 378, '2023-02-28 09:11:16', 0),
(2008, 1231, 37, 6, '2023-03-31 02:36:10', 0),
(2096, 1280, 56, 10, '2023-05-06 07:37:58', 0),
(1972, 1233, 14, 671, '2023-03-01 04:25:41', 0),
(1973, 1233, 5, 11, '2023-03-01 04:40:47', 0),
(1974, 1233, 6, 11, '2023-03-01 04:40:47', 0),
(1976, 1235, 48, 504, '2023-03-08 05:01:45', 0),
(1989, 1235, 37, 6, '2023-03-24 07:16:10', 0),
(1978, 1236, 48, 209, '2023-03-10 06:15:02', 0),
(1988, 1236, 37, 6, '2023-03-24 06:41:02', 0),
(1980, 1237, 31, 677, '2023-03-16 18:47:04', 0),
(1981, 1238, 48, 678, '2023-03-19 06:57:36', 0),
(1987, 1238, 37, 6, '2023-03-24 06:35:56', 0),
(1983, 1239, 14, 211, '2023-03-20 05:03:05', 0),
(1984, 1239, 5, 11, '2023-03-20 07:26:39', 0),
(1985, 1239, 6, 11, '2023-03-20 07:26:39', 0),
(1990, 1240, 48, 680, '2023-03-24 15:59:15', 0),
(2007, 1240, 37, 6, '2023-03-31 02:12:35', 0),
(1992, 1241, 31, 681, '2023-03-25 18:16:39', 0),
(1993, 1242, 48, 680, '2023-03-26 06:12:38', 0),
(1999, 1242, 37, 6, '2023-03-29 04:12:13', 0),
(2019, 1249, 60, 10, '2023-04-04 03:16:27', 0),
(1996, 1244, 31, 682, '2023-03-28 04:23:56', 0),
(1997, 1245, 31, 682, '2023-03-28 04:30:48', 0),
(1998, 1246, 31, 681, '2023-03-28 18:56:54', 0),
(2003, 1247, 65, 684, '2023-03-30 21:55:52', 0),
(2004, 1247, 60, 10, '2023-03-30 22:17:11', 0),
(2005, 1247, 56, 10, '2023-03-30 22:17:11', 0),
(2006, 1247, 57, 10, '2023-03-30 22:17:11', 0),
(2020, 1249, 56, 10, '2023-04-04 03:16:27', 0),
(2021, 1249, 57, 10, '2023-04-04 03:16:27', 0),
(2023, 1251, 65, 688, '2023-04-06 09:53:38', 0),
(2024, 1251, 60, 10, '2023-04-06 10:02:19', 0),
(2025, 1251, 56, 10, '2023-04-06 10:02:19', 0),
(2026, 1251, 57, 10, '2023-04-06 10:02:19', 0),
(2027, 1252, 31, 689, '2023-04-06 16:16:19', 0),
(2028, 1251, 54, 113, '2023-04-10 04:10:37', 0),
(2029, 1253, 48, 690, '2023-04-11 03:57:20', 0),
(2047, 1253, 37, 6, '2023-04-28 03:03:48', 0),
(2031, 1142, 20, 24, '2023-04-11 04:44:59', 0),
(2352, 1260, 72, 631, '2023-06-13 07:04:30', 0),
(2304, 1361, 57, 10, '2023-06-01 01:53:38', 0),
(2303, 1361, 56, 10, '2023-06-01 01:53:38', 0),
(2035, 1257, 4, 533, '2023-04-13 06:35:56', 0),
(2302, 1361, 65, 815, '2023-06-01 01:41:39', 0),
(2351, 1260, 75, 631, '2023-06-13 07:03:47', 0),
(2038, 1260, 82, 587, '2023-04-14 03:13:18', 0),
(2039, 1260, 71, 610, '2023-04-14 03:16:14', 0),
(2040, 1261, 48, 695, '2023-04-16 01:56:50', 0),
(2045, 1261, 37, 6, '2023-04-28 03:00:08', 0),
(2042, 1262, 31, 696, '2023-04-24 01:32:23', 0),
(2043, 1263, 48, 697, '2023-04-27 13:02:29', 0),
(2046, 1263, 37, 6, '2023-04-28 03:02:20', 0),
(2190, 1317, 48, 760, '2023-05-21 03:04:28', 0),
(2221, 1317, 37, 6, '2023-05-23 01:58:50', 0),
(2192, 1318, 31, 95, '2023-05-21 06:10:07', 0),
(2193, 1319, 65, 762, '2023-05-21 09:04:12', 0),
(2194, 1319, 56, 10, '2023-05-21 09:18:28', 0),
(2195, 1319, 57, 10, '2023-05-21 09:18:28', 0),
(2196, 1320, 31, 763, '2023-05-21 11:23:27', 0),
(2197, 1321, 82, 764, '2023-05-22 02:15:39', 0),
(2198, 1322, 65, 758, '2023-05-22 02:43:12', 0),
(2199, 1322, 56, 10, '2023-05-22 02:47:14', 0),
(2200, 1322, 57, 10, '2023-05-22 02:47:14', 0),
(2201, 1323, 65, 765, '2023-05-22 03:00:04', 0),
(2202, 1323, 56, 10, '2023-05-22 03:18:05', 0),
(2203, 1323, 57, 10, '2023-05-22 03:18:05', 0),
(2204, 1291, 38, 6, '2023-05-22 06:31:04', 0),
(2207, 1324, 65, 748, '2023-05-22 08:38:27', 0),
(2210, 1324, 56, 10, '2023-05-22 08:54:26', 0),
(2211, 1324, 57, 10, '2023-05-22 08:54:26', 0),
(2213, 1325, 31, 199, '2023-05-22 09:00:24', 0),
(2214, 1326, 31, 199, '2023-05-22 09:12:19', 0),
(2215, 1327, 48, 767, '2023-05-22 11:10:52', 0),
(2216, 1321, 71, 610, '2023-05-22 11:15:51', 0),
(2220, 1327, 37, 6, '2023-05-23 01:57:33', 0),
(2218, 1328, 48, 768, '2023-05-23 01:08:29', 0),
(2233, 1328, 37, 6, '2023-05-24 03:36:09', 0),
(2223, 1307, 37, 6, '2023-05-23 05:11:29', 0),
(2224, 1329, 31, 769, '2023-05-23 05:52:50', 0),
(2225, 1330, 65, 771, '2023-05-23 10:38:42', 0),
(2226, 1331, 65, 771, '2023-05-23 10:53:23', 0),
(2227, 1331, 56, 10, '2023-05-23 11:20:46', 0),
(2228, 1331, 57, 10, '2023-05-23 11:20:46', 0),
(2229, 1332, 31, 772, '2023-05-23 12:59:37', 0),
(2230, 1333, 14, 619, '2023-05-24 03:27:25', 0),
(2231, 1333, 5, 11, '2023-05-24 03:31:34', 0),
(2232, 1333, 6, 11, '2023-05-24 03:31:34', 0),
(2236, 1335, 48, 773, '2023-05-24 07:00:31', 0),
(2248, 1335, 37, 6, '2023-05-25 07:35:18', 0),
(2238, 1263, 38, 6, '2023-05-24 08:23:42', 0),
(2239, 1336, 48, 89, '2023-05-24 16:09:16', 0),
(2254, 1336, 37, 6, '2023-05-26 06:52:52', 0),
(2241, 1298, 41, 6, '2023-05-25 04:57:17', 0),
(2242, 1298, 38, 6, '2023-05-25 04:59:01', 0),
(2243, 1289, 41, 93, '2023-05-25 05:28:18', 0),
(2244, 1289, 38, 6, '2023-05-25 05:30:30', 0),
(2245, 1276, 41, 700, '2023-05-25 06:52:45', 0),
(2246, 1276, 38, 6, '2023-05-25 06:59:30', 0),
(2247, 1337, 48, 781, '2023-05-25 07:31:10', 0),
(2253, 1337, 37, 6, '2023-05-26 06:52:31', 0),
(2250, 1338, 48, 780, '2023-05-25 15:08:42', 0),
(2252, 1338, 37, 6, '2023-05-26 06:52:05', 0),
(2260, 1342, 57, 10, '2023-05-27 03:41:57', 0),
(2259, 1342, 56, 10, '2023-05-27 03:41:57', 0),
(2261, 1343, 65, 786, '2023-05-27 08:13:19', 0),
(2262, 1343, 56, 10, '2023-05-27 08:22:24', 0),
(2263, 1343, 57, 10, '2023-05-27 08:22:24', 0),
(2264, 1344, 48, 787, '2023-05-28 00:30:33', 0),
(2266, 1344, 37, 6, '2023-05-29 02:30:40', 0),
(2267, 1293, 41, 93, '2023-05-29 02:59:46', 0),
(2268, 1345, 82, 17, '2023-05-29 04:14:10', 0),
(2269, 1345, 71, 610, '2023-05-29 04:35:27', 0),
(2270, 1346, 31, 775, '2023-05-29 07:45:51', 0),
(2271, 1293, 38, 6, '2023-05-29 08:01:57', 0),
(2272, 1314, 41, 701, '2023-05-29 08:22:27', 0),
(2273, 1347, 65, 113, '2023-05-29 09:36:21', 0),
(2274, 1348, 65, 799, '2023-05-29 10:08:31', 0),
(2275, 1348, 56, 10, '2023-05-29 10:44:02', 0),
(2276, 1348, 57, 10, '2023-05-29 10:44:02', 0),
(2281, 1351, 65, 784, '2023-05-30 03:02:17', 0),
(2278, 1350, 82, 93, '2023-05-29 12:31:30', 0),
(2279, 1350, 71, 610, '2023-05-29 12:45:32', 0),
(2280, 1314, 38, 6, '2023-05-30 02:09:12', 0),
(2282, 1351, 56, 10, '2023-05-30 03:21:30', 0),
(2283, 1351, 57, 10, '2023-05-30 03:21:30', 0),
(2284, 1352, 14, 619, '2023-05-30 03:50:58', 0),
(2285, 1352, 5, 11, '2023-05-30 04:00:08', 0),
(2286, 1352, 6, 11, '2023-05-30 04:00:08', 0),
(2287, 1353, 65, 810, '2023-05-30 06:22:07', 0),
(2288, 1354, 31, 774, '2023-05-30 06:48:34', 0),
(2289, 1355, 65, 813, '2023-05-30 13:50:20', 0),
(2290, 1355, 56, 10, '2023-05-30 14:13:49', 0),
(2291, 1355, 57, 10, '2023-05-30 14:13:49', 0),
(2292, 1356, 65, 748, '2023-05-31 05:17:36', 0),
(2305, 1297, 41, 6, '2023-06-01 04:07:13', 0),
(2306, 1297, 38, 6, '2023-06-01 04:12:33', 0),
(2307, 1328, 38, 6, '2023-06-01 04:35:03', 0),
(2308, 1317, 41, 6, '2023-06-01 07:34:52', 0),
(2309, 1317, 38, 6, '2023-06-01 07:36:49', 0),
(2310, 1362, 82, 817, '2023-06-01 12:15:54', 0),
(2369, 1362, 71, 631, '2023-06-15 06:30:16', 0),
(2312, 1363, 48, 816, '2023-06-02 00:20:10', 0),
(2318, 1344, 41, 6, '2023-06-05 04:21:29', 0),
(2314, 1364, 65, 153, '2023-06-04 14:55:56', 0),
(2315, 1364, 56, 10, '2023-06-04 14:58:56', 0),
(2316, 1364, 57, 10, '2023-06-04 14:58:56', 0),
(2324, 1367, 82, 820, '2023-06-06 02:33:35', 0),
(2370, 1367, 71, 631, '2023-06-15 06:35:53', 0),
(2326, 1303, 41, 6, '2023-06-06 06:51:11', 0),
(2327, 1303, 38, 6, '2023-06-06 06:51:43', 0),
(2328, 1368, 82, 619, '2023-06-07 04:27:59', 0),
(2371, 1368, 71, 631, '2023-06-15 06:36:38', 0),
(2330, 1338, 41, 6, '2023-06-08 03:55:41', 0),
(2331, 1338, 38, 6, '2023-06-08 04:02:28', 0),
(2332, 1260, 71, 631, '2023-06-09 07:47:06', 0),
(2333, 1369, 48, 827, '2023-06-10 19:50:39', 0),
(2424, 1398, 82, 851, '2023-06-22 08:58:37', 0),
(2335, 1370, 82, 829, '2023-06-11 12:56:15', 0),
(2350, 1370, 71, 631, '2023-06-13 06:49:52', 0),
(2337, 1335, 38, 6, '2023-06-12 04:12:02', 0),
(2338, 1371, 65, 830, '2023-06-12 05:30:18', 0),
(2339, 1371, 56, 10, '2023-06-12 05:38:35', 0),
(2340, 1371, 57, 10, '2023-06-12 05:38:35', 0),
(2374, 1380, 65, 836, '2023-06-16 09:34:47', 0),
(2398, 1369, 37, 6, '2023-06-21 02:08:39', 0),
(2446, 1405, 88, 840, '2023-06-23 07:20:31', 0),
(2344, 1374, 65, 831, '2023-06-12 14:53:30', 0),
(2345, 1374, 56, 10, '2023-06-12 15:03:53', 0),
(2346, 1374, 57, 10, '2023-06-12 15:03:53', 0),
(2348, 1238, 41, 6, '2023-06-13 06:36:13', 0),
(2349, 1238, 38, 6, '2023-06-13 06:37:58', 0),
(2353, 1321, 75, 631, '2023-06-13 07:31:13', 0),
(2354, 1375, 65, 832, '2023-06-13 09:20:47', 0),
(2355, 1375, 56, 10, '2023-06-13 09:40:47', 0),
(2356, 1375, 57, 10, '2023-06-13 09:40:47', 0),
(2357, 1300, 41, 6, '2023-06-14 09:03:25', 0),
(2358, 1300, 38, 6, '2023-06-14 09:06:53', 0),
(2359, 1376, 65, 834, '2023-06-14 09:32:27', 0),
(2360, 1376, 56, 10, '2023-06-14 09:48:44', 0),
(2361, 1376, 57, 10, '2023-06-14 09:48:44', 0),
(2362, 1377, 65, 833, '2023-06-14 10:06:37', 0),
(2363, 1377, 56, 10, '2023-06-14 10:11:27', 0),
(2364, 1377, 57, 10, '2023-06-14 10:11:27', 0),
(2365, 1378, 65, 830, '2023-06-15 02:12:53', 0),
(2366, 1378, 56, 10, '2023-06-15 02:18:11', 0),
(2367, 1378, 57, 10, '2023-06-15 02:18:11', 0),
(2368, 1358, 71, 631, '2023-06-15 06:29:40', 0),
(2375, 1381, 65, 838, '2023-06-16 15:02:59', 0),
(2376, 1381, 56, 10, '2023-06-16 15:20:16', 0),
(2377, 1381, 57, 10, '2023-06-16 15:20:16', 0),
(2378, 1382, 65, 837, '2023-06-17 04:21:55', 0),
(2379, 1382, 56, 10, '2023-06-17 04:27:02', 0),
(2380, 1382, 57, 10, '2023-06-17 04:27:02', 0),
(2381, 1383, 48, 839, '2023-06-17 13:56:15', 0),
(2382, 1383, 43, 6, '2023-06-17 14:02:20', 0),
(2383, 1380, 56, 10, '2023-06-19 01:56:40', 0),
(2384, 1380, 57, 10, '2023-06-19 01:56:40', 0),
(2385, 1336, 38, 6, '2023-06-19 02:02:29', 0),
(2386, 1336, 38, 1, '2023-06-19 02:04:11', 0),
(2387, 1368, 75, 631, '2023-06-19 07:33:11', 0),
(2388, 1368, 72, 631, '2023-06-19 07:34:23', 0),
(2389, 1370, 72, 631, '2023-06-19 08:14:50', 0),
(2390, 1384, 65, 841, '2023-06-19 11:46:04', 0),
(2391, 1384, 56, 10, '2023-06-19 12:00:50', 0),
(2392, 1384, 57, 10, '2023-06-19 12:00:50', 0),
(2393, 1385, 65, 842, '2023-06-19 21:17:23', 0),
(2394, 1385, 56, 10, '2023-06-19 21:26:15', 0),
(2395, 1385, 57, 10, '2023-06-19 21:26:15', 0),
(2396, 1386, 31, 728, '2023-06-20 02:55:38', 0),
(2410, 1392, 43, 6, '2023-06-21 13:23:28', 0),
(2414, 1395, 65, 22, '2023-06-22 03:52:58', 0),
(2453, 1409, 88, 840, '2023-06-23 07:55:48', 0),
(2452, 1409, 99, 848, '2023-06-23 07:51:24', 0),
(2415, 1395, 56, 10, '2023-06-22 03:58:55', 0),
(2416, 1395, 57, 10, '2023-06-22 03:58:55', 0),
(2417, 1396, 82, 645, '2023-06-22 05:16:17', 0),
(2420, 1396, 75, 631, '2023-06-22 07:15:44', 0),
(2419, 1396, 71, 631, '2023-06-22 07:14:26', 0),
(2421, 1396, 72, 631, '2023-06-22 07:19:23', 0),
(2432, 1400, 99, 846, '2023-06-23 04:41:49', 0),
(2433, 1400, 88, 840, '2023-06-23 04:48:23', 0),
(2426, 1398, 71, 631, '2023-06-22 09:04:22', 0),
(2428, 1399, 31, 855, '2023-06-23 03:27:01', 0),
(2429, 1399, 20, 9, '2023-06-23 03:31:37', 1),
(2430, 1318, 20, 9, '2023-06-23 04:22:29', 0),
(2431, 1318, 21, 9, '2023-06-23 04:25:00', 0),
(2438, 1403, 65, 22, '2023-06-23 06:30:20', 0),
(2439, 1403, 56, 10, '2023-06-23 06:34:35', 0),
(2440, 1403, 57, 10, '2023-06-23 06:34:35', 0),
(2445, 1405, 99, 845, '2023-06-23 07:14:10', 0),
(2444, 1398, 72, 631, '2023-06-23 07:11:59', 0),
(2449, 1407, 88, 840, '2023-06-23 07:35:08', 0),
(2454, 1358, 75, 631, '2023-06-23 08:39:00', 0),
(2455, 1358, 72, 631, '2023-06-23 08:40:13', 0),
(2456, 1410, 48, 856, '2023-06-23 10:44:24', 0),
(2457, 1411, 65, 857, '2023-06-23 13:27:51', 0),
(2458, 1411, 56, 10, '2023-06-23 13:45:34', 0),
(2459, 1411, 57, 10, '2023-06-23 13:45:34', 0),
(2460, 1412, 14, 858, '2023-06-23 16:29:29', 0),
(2461, 1413, 14, 858, '2023-06-23 16:32:29', 0),
(2462, 1413, 5, 11, '2023-06-23 16:33:48', 0),
(2463, 1413, 6, 11, '2023-06-23 16:33:48', 0),
(2464, 1414, 14, 859, '2023-06-24 15:18:21', 0),
(2466, 1416, 14, 860, '2023-06-25 08:41:58', 0),
(2467, 1416, 5, 11, '2023-06-25 08:50:51', 0),
(2468, 1416, 6, 11, '2023-06-25 08:50:51', 0),
(2469, 1414, 5, 11, '2023-06-26 10:55:35', 0),
(2470, 1414, 6, 11, '2023-06-26 10:55:35', 0),
(2471, 1417, 48, 862, '2023-06-26 12:24:12', 0),
(2472, 1418, 82, 251, '2023-06-26 12:39:19', 0),
(2473, 1418, 77, 631, '2023-06-26 12:45:59', 0),
(2474, 1419, 31, 863, '2023-06-26 15:06:38', 0),
(2475, 1420, 48, 761, '2023-06-27 03:47:19', 0),
(2476, 1421, 65, 864, '2023-06-27 03:49:50', 0),
(2477, 1420, 43, 6, '2023-06-27 04:21:52', 0),
(2479, 1423, 48, 865, '2023-06-27 06:35:04', 0),
(2480, 1423, 43, 6, '2023-06-27 06:38:23', 0),
(2481, 1424, 31, 202, '2023-06-28 06:01:23', 0),
(2482, 1421, 56, 10, '2023-06-28 08:37:07', 0),
(2483, 1421, 57, 10, '2023-06-28 08:37:07', 0),
(2484, 1418, 71, 631, '2023-06-29 09:31:18', 0),
(2485, 1418, 75, 631, '2023-06-29 09:31:51', 0),
(2486, 1418, 72, 631, '2023-06-29 09:32:55', 0),
(2487, 1425, 65, 866, '2023-06-29 13:15:45', 0),
(2488, 1425, 56, 10, '2023-06-29 13:18:25', 0),
(2489, 1425, 57, 10, '2023-06-29 13:18:25', 0),
(2490, 1426, 48, 867, '2023-06-30 05:21:51', 0);

-- --------------------------------------------------------

--
